{"id":9925,"date":"2023-03-28T10:50:23","date_gmt":"2023-03-28T10:50:23","guid":{"rendered":"https:\/\/mbp.szczecin.pl\/?post_type=wydarzenia_01&#038;p=9925"},"modified":"2023-03-28T10:50:24","modified_gmt":"2023-03-28T10:50:24","slug":"sladami-sydonii-von-borcke-spacer-miejski","status":"publish","type":"wydarzenia_01","link":"https:\/\/mbp.szczecin.pl\/wydarzenia_01\/sladami-sydonii-von-borcke-spacer-miejski\/","title":{"rendered":"\u015aladami Sydonii von Borcke &#8211; spacer miejski"},"content":{"rendered":"\n<blockquote class=\"wp-block-quote\"><p>W filii nr 7 (pl. Matki Teresy z Kalkuty 8) <strong>21 kwietnia (pi\u0105tek)<\/strong> o godz. 17:00 spotkaj\u0105 si\u0119 mi\u0142o\u015bnicy historii Szczecina, aby wzi\u0105\u0107 udzia\u0142 w pierwszym w tym roku spacerze miejskim. <\/p><\/blockquote>\n\n\n\n<p>\u015aladami Sydonii von Borcke i ksi\u0105\u017c\u0119cej rodziny Gryfit\u00f3w poprowadzi grup\u0119 przewodniczka i pilotka wycieczek, Ma\u0142gorzata Duda. <br>Spacer w ramach projektu \u201cZobacz i us\u0142ysz kultur\u0119\u201d b\u0119dzie t\u0142umaczony na j\u0119zyk migowy.<\/p>\n\n\n\n<p>Ponad cztery wieki temu, za Bram\u0105 M\u0142y\u0144sk\u0105 i murami miasta, na stosie sp\u0142on\u0119\u0142o cia\u0142o Sydonii von Borcke \u2013 pomorskiej szlachcianki oskar\u017conej o rzucenie kl\u0105twy na pomorski r\u00f3d Gryfit\u00f3w.<br>Kim by\u0142a Sydonia? Czym narazili si\u0119 jej pomorscy ksi\u0105\u017c\u0119ta? Odpowiedzi na te pytania znajdziecie w trakcie spaceru \u015bladami ksi\u0105\u017c\u0119cej rodziny Gryfit\u00f3w i Sydonii von Borcke.<\/p>\n\n\n\n<p>W trakcie w\u0119dr\u00f3wki nie zabraknie odwo\u0142a\u0144 do dokument\u00f3w i kronik, a tak\u017ce do wydanej niedawno powie\u015bci El\u017cbiety Cherezi\u0144skiej \u201eSydonia \u2013 s\u0142owo si\u0119 rzek\u0142o\u201d.<\/p>\n\n\n\n<p>Udzia\u0142 w spacerze jest bezp\u0142atny, bez konieczno\u015bci zapis\u00f3w.<\/p>\n\n\n\n<p><\/p>\n\n\n\n<figure class=\"wp-block-image\"><img src=\"https:\/\/mbp.szczecin.pl\/wp-content\/uploads\/2023\/03\/ZiUK_planszaHD-1024x576.jpg\" alt=\"\"\/><\/figure>\n","protected":false},"excerpt":{"rendered":"<div class=\"entry-summary\">\nW filii nr 7 (pl. Matki Teresy z Kalkuty 8) 21 kwietnia (pi\u0105tek) o godz. 17:00 spotkaj\u0105 si\u0119 mi\u0142o\u015bnicy historii Szczecina, aby wzi\u0105\u0107 udzia\u0142 w pierwszym w tym roku spacerze miejskim. \u015aladami Sydonii von Borcke i ksi\u0105\u017c\u0119cej rodziny Gryfit\u00f3w poprowadzi&hellip;\n<\/div>\n","protected":false},"featured_media":9926,"template":"","kategoria":[],"nr-filii-001":[176],"_links":{"self":[{"href":"https:\/\/mbp.szczecin.pl\/wp-json\/wp\/v2\/wydarzenia_01\/9925"}],"collection":[{"href":"https:\/\/mbp.szczecin.pl\/wp-json\/wp\/v2\/wydarzenia_01"}],"about":[{"href":"https:\/\/mbp.szczecin.pl\/wp-json\/wp\/v2\/types\/wydarzenia_01"}],"version-history":[{"count":2,"href":"https:\/\/mbp.szczecin.pl\/wp-json\/wp\/v2\/wydarzenia_01\/9925\/revisions"}],"predecessor-version":[{"id":9928,"href":"https:\/\/mbp.szczecin.pl\/wp-json\/wp\/v2\/wydarzenia_01\/9925\/revisions\/9928"}],"wp:featuredmedia":[{"embeddable":true,"href":"https:\/\/mbp.szczecin.pl\/wp-json\/wp\/v2\/media\/9926"}],"wp:attachment":[{"href":"https:\/\/mbp.szczecin.pl\/wp-json\/wp\/v2\/media?parent=9925"}],"wp:term":[{"taxonomy":"kategoria","embeddable":true,"href":"https:\/\/mbp.szczecin.pl\/wp-json\/wp\/v2\/kategoria?post=9925"},{"taxonomy":"nr-filii-001","embeddable":true,"href":"https:\/\/mbp.szczecin.pl\/wp-json\/wp\/v2\/nr-filii-001?post=9925"}],"curies":[{"name":"wp","href":"https:\/\/api.w.org\/{rel}","templated":true}]}}

Śladami Sydonii von Borcke &#8211; spacer miejski

<blockquote class="wp-block-quote"><p>W filii nr 7 (pl. Matki Teresy z Kalkuty 8) <strong>21 kwietnia (piątek)</strong> o godz. 17:00 spotkają się miłośnicy historii Szczecina, aby wziąć udział w pierwszym w tym roku spacerze miejskim. </p></blockquote>



<p>Śladami Sydonii von Borcke i książęcej rodziny Gryfitów poprowadzi grupę przewodniczka i pilotka wycieczek, Małgorzata Duda. <br>Spacer w ramach projektu “Zobacz i usłysz kulturę” będzie tłumaczony na język migowy.</p>



<p>Ponad cztery wieki temu, za Bramą Młyńską i murami miasta, na stosie spłonęło ciało Sydonii von Borcke – pomorskiej szlachcianki oskarżonej o rzucenie klątwy na pomorski ród Gryfitów.<br>Kim była Sydonia? Czym narazili się jej pomorscy książęta? Odpowiedzi na te pytania znajdziecie w trakcie spaceru śladami książęcej rodziny Gryfitów i Sydonii von Borcke.</p>



<p>W trakcie wędrówki nie zabraknie odwołań do dokumentów i kronik, a także do wydanej niedawno powieści Elżbiety Cherezińskiej „Sydonia – słowo się rzekło”.</p>



<p>Udział w spacerze jest bezpłatny, bez konieczności zapisów.</p>



<p></p>



<figure class="wp-block-image"><img src="https://mbp.szczecin.pl/wp-content/uploads/2023/03/ZiUK_planszaHD-1024x576.jpg" alt=""/></figure>

<div class="entry-summary">
W filii nr 7 (pl. Matki Teresy z Kalkuty 8) 21 kwietnia (piątek) o godz. 17:00 spotkają się miłośnicy historii Szczecina, aby wziąć udział w pierwszym w tym roku spacerze miejskim. Śladami Sydonii von Borcke i książęcej rodziny Gryfitów poprowadzi&hellip;
</div>
