{"id":9920,"date":"2023-03-28T10:44:28","date_gmt":"2023-03-28T10:44:28","guid":{"rendered":"https:\/\/mbp.szczecin.pl\/?post_type=wydarzenia_01&#038;p=9920"},"modified":"2023-03-28T10:44:28","modified_gmt":"2023-03-28T10:44:28","slug":"kuchnia-azji-w-moim-miescie-kolo-gospodyn-miejskich","status":"publish","type":"wydarzenia_01","link":"https:\/\/mbp.szczecin.pl\/wydarzenia_01\/kuchnia-azji-w-moim-miescie-kolo-gospodyn-miejskich\/","title":{"rendered":"Kuchnia Azji w moim mie\u015bcie [Ko\u0142o Gospody\u0144 Miejskich]"},"content":{"rendered":"\n<blockquote class=\"wp-block-quote\"><p><strong>6 kwietnia (czwartek)<\/strong> o godz. 17:00 w filii nr 2 (ul. Sikorskiego 10) zapraszamy na orientaln\u0105 ods\u0142on\u0119 [Ko\u0142a Gospody\u0144 Miejskich].<\/p><\/blockquote>\n\n\n\n<p>Kuchnia azjatycka na sta\u0142e w\u0142\u0105czy\u0142a si\u0119 do szczeci\u0144skiego menu oferowanego przez restauracje i bary, a w ramach Ko\u0142a Gospody\u0144 Miejskich zapoznamy si\u0119 z przepisami w pozycji pt. &#8222;Kuchnie azjatyckie&#8221; Zofii Borzymi\u0144skiej. <\/p>\n\n\n\n<p>B\u0119dziemy dyskutowa\u0107 na tematy takie jak: Czy kimchi mo\u017ce zast\u0105pi\u0107 polski bigos? Czy curry z kurczakiem jest lepsze od ziemniak\u00f3w z mas\u0142em i koperkiem? Czy sushi mo\u017ce zast\u0105pi\u0107 tradycyjne kanapki?<br>Jak \u0142\u0105czy\u0107 tradycyjn\u0105 kuchni\u0119 polsk\u0105 z innowacyjnymi przepisami ze wschodu?<br>Serdecznie zapraszam do udzia\u0142u i dyskusji. Oczywi\u015bcie mo\u017cna przynie\u015b\u0107 te\u017c przygotowane dania do wsp\u00f3lnej degustacji.<\/p>\n\n\n\n<p>Moderatork\u0105 spotka\u0144 jest pani Justyna z filii nr 2.<\/p>\n","protected":false},"excerpt":{"rendered":"<div class=\"entry-summary\">\n6 kwietnia (czwartek) o godz. 17:00 w filii nr 2 (ul. Sikorskiego 10) zapraszamy na orientaln\u0105 ods\u0142on\u0119 . Kuchnia azjatycka na sta\u0142e w\u0142\u0105czy\u0142a si\u0119 do szczeci\u0144skiego menu oferowanego przez restauracje i bary, a w ramach Ko\u0142a Gospody\u0144 Miejskich&hellip;\n<\/div>\n","protected":false},"featured_media":9922,"template":"","kategoria":[],"nr-filii-001":[255],"_links":{"self":[{"href":"https:\/\/mbp.szczecin.pl\/wp-json\/wp\/v2\/wydarzenia_01\/9920"}],"collection":[{"href":"https:\/\/mbp.szczecin.pl\/wp-json\/wp\/v2\/wydarzenia_01"}],"about":[{"href":"https:\/\/mbp.szczecin.pl\/wp-json\/wp\/v2\/types\/wydarzenia_01"}],"version-history":[{"count":2,"href":"https:\/\/mbp.szczecin.pl\/wp-json\/wp\/v2\/wydarzenia_01\/9920\/revisions"}],"predecessor-version":[{"id":9924,"href":"https:\/\/mbp.szczecin.pl\/wp-json\/wp\/v2\/wydarzenia_01\/9920\/revisions\/9924"}],"wp:featuredmedia":[{"embeddable":true,"href":"https:\/\/mbp.szczecin.pl\/wp-json\/wp\/v2\/media\/9922"}],"wp:attachment":[{"href":"https:\/\/mbp.szczecin.pl\/wp-json\/wp\/v2\/media?parent=9920"}],"wp:term":[{"taxonomy":"kategoria","embeddable":true,"href":"https:\/\/mbp.szczecin.pl\/wp-json\/wp\/v2\/kategoria?post=9920"},{"taxonomy":"nr-filii-001","embeddable":true,"href":"https:\/\/mbp.szczecin.pl\/wp-json\/wp\/v2\/nr-filii-001?post=9920"}],"curies":[{"name":"wp","href":"https:\/\/api.w.org\/{rel}","templated":true}]}}

Kuchnia Azji w moim mieście [Koło Gospodyń Miejskich]

<blockquote class="wp-block-quote"><p><strong>6 kwietnia (czwartek)</strong> o godz. 17:00 w filii nr 2 (ul. Sikorskiego 10) zapraszamy na orientalną odsłonę [Koła Gospodyń Miejskich].</p></blockquote>



<p>Kuchnia azjatycka na stałe włączyła się do szczecińskiego menu oferowanego przez restauracje i bary, a w ramach Koła Gospodyń Miejskich zapoznamy się z przepisami w pozycji pt. &#8222;Kuchnie azjatyckie&#8221; Zofii Borzymińskiej. </p>



<p>Będziemy dyskutować na tematy takie jak: Czy kimchi może zastąpić polski bigos? Czy curry z kurczakiem jest lepsze od ziemniaków z masłem i koperkiem? Czy sushi może zastąpić tradycyjne kanapki?<br>Jak łączyć tradycyjną kuchnię polską z innowacyjnymi przepisami ze wschodu?<br>Serdecznie zapraszam do udziału i dyskusji. Oczywiście można przynieść też przygotowane dania do wspólnej degustacji.</p>



<p>Moderatorką spotkań jest pani Justyna z filii nr 2.</p>

<div class="entry-summary">
6 kwietnia (czwartek) o godz. 17:00 w filii nr 2 (ul. Sikorskiego 10) zapraszamy na orientalną odsłonę . Kuchnia azjatycka na stałe włączyła się do szczecińskiego menu oferowanego przez restauracje i bary, a w ramach Koła Gospodyń Miejskich&hellip;
</div>
