{"id":9917,"date":"2023-03-28T10:37:09","date_gmt":"2023-03-28T10:37:09","guid":{"rendered":"https:\/\/mbp.szczecin.pl\/?post_type=wydarzenia_01&#038;p=9917"},"modified":"2023-03-28T10:37:10","modified_gmt":"2023-03-28T10:37:10","slug":"komiksy-euroazjatyckie-lat-80-taktownie-o-popkulturze-i-komiksie","status":"publish","type":"wydarzenia_01","link":"https:\/\/mbp.szczecin.pl\/wydarzenia_01\/komiksy-euroazjatyckie-lat-80-taktownie-o-popkulturze-i-komiksie\/","title":{"rendered":"Komiksy euroazjatyckie lat 80. [Taktownie o Popkulturze i Komiksie]"},"content":{"rendered":"\n<blockquote class=\"wp-block-quote\"><p>Id\u0105c dalej przez dekady w komiksie, <strong>24 kwietnia (poniedzia\u0142ek)<\/strong> o godz. 18:00 w ProMediach (al. Wojska Polskiego 2) zatrzymamy si\u0119 na om\u00f3wieniu tytu\u0142\u00f3w z lat 80.<\/p><\/blockquote>\n\n\n\n<p>Tym razem przeniesiemy si\u0119 na dwa kontynenty, zestawiaj\u0105c ze sob\u0105 najbardziej znane, ale te\u017c i niszowe pozycje europejskie oraz kultowe i rozpoznawalne mangi.<\/p>\n\n\n\n<p>Przekonamy si\u0119, kt\u00f3ry rynek komiksowy w latach 80. rozwija\u0142 si\u0119 szybciej, kt\u00f3re tytu\u0142y z tamtego okresu s\u0105 pami\u0119tane i czytane do dzi\u015b oraz czy w\u0142a\u015bnie wtedy komiksy japo\u0144skie zacz\u0119\u0142y by\u0107 popularne w Europie.<\/p>\n\n\n\n<p>Zapraszamy na spotkanie pe\u0142ne nostalgii i ciekawostek. Udzia\u0142 w wydarzeniu jest bezp\u0142atny. Spotkanie tym razem odb\u0119dzie si\u0119 w dolnej sali ProMedi\u00f3w.<\/p>\n\n\n\n<p>Organizatorem cyklu [Taktownie o Popkulturze i Komiksie] jest Stowarzyszenie POP-ART.<\/p>\n","protected":false},"excerpt":{"rendered":"<div class=\"entry-summary\">\nId\u0105c dalej przez dekady w komiksie, 24 kwietnia (poniedzia\u0142ek) o godz. 18:00 w ProMediach (al. Wojska Polskiego 2) zatrzymamy si\u0119 na om\u00f3wieniu tytu\u0142\u00f3w z lat 80. Tym razem przeniesiemy si\u0119 na dwa kontynenty, zestawiaj\u0105c ze sob\u0105 najbardziej znane, ale te\u017c&hellip;\n<\/div>\n","protected":false},"featured_media":9918,"template":"","kategoria":[],"nr-filii-001":[178],"_links":{"self":[{"href":"https:\/\/mbp.szczecin.pl\/wp-json\/wp\/v2\/wydarzenia_01\/9917"}],"collection":[{"href":"https:\/\/mbp.szczecin.pl\/wp-json\/wp\/v2\/wydarzenia_01"}],"about":[{"href":"https:\/\/mbp.szczecin.pl\/wp-json\/wp\/v2\/types\/wydarzenia_01"}],"version-history":[{"count":1,"href":"https:\/\/mbp.szczecin.pl\/wp-json\/wp\/v2\/wydarzenia_01\/9917\/revisions"}],"predecessor-version":[{"id":9919,"href":"https:\/\/mbp.szczecin.pl\/wp-json\/wp\/v2\/wydarzenia_01\/9917\/revisions\/9919"}],"wp:featuredmedia":[{"embeddable":true,"href":"https:\/\/mbp.szczecin.pl\/wp-json\/wp\/v2\/media\/9918"}],"wp:attachment":[{"href":"https:\/\/mbp.szczecin.pl\/wp-json\/wp\/v2\/media?parent=9917"}],"wp:term":[{"taxonomy":"kategoria","embeddable":true,"href":"https:\/\/mbp.szczecin.pl\/wp-json\/wp\/v2\/kategoria?post=9917"},{"taxonomy":"nr-filii-001","embeddable":true,"href":"https:\/\/mbp.szczecin.pl\/wp-json\/wp\/v2\/nr-filii-001?post=9917"}],"curies":[{"name":"wp","href":"https:\/\/api.w.org\/{rel}","templated":true}]}}

<blockquote class="wp-block-quote"><p>Idąc dalej przez dekady w komiksie, <strong>24 kwietnia (poniedziałek)</strong> o godz. 18:00 w ProMediach (al. Wojska Polskiego 2) zatrzymamy się na omówieniu tytułów z lat 80.</p></blockquote>



<p>Tym razem przeniesiemy się na dwa kontynenty, zestawiając ze sobą najbardziej znane, ale też i niszowe pozycje europejskie oraz kultowe i rozpoznawalne mangi.</p>



<p>Przekonamy się, który rynek komiksowy w latach 80. rozwijał się szybciej, które tytuły z tamtego okresu są pamiętane i czytane do dziś oraz czy właśnie wtedy komiksy japońskie zaczęły być popularne w Europie.</p>



<p>Zapraszamy na spotkanie pełne nostalgii i ciekawostek. Udział w wydarzeniu jest bezpłatny. Spotkanie tym razem odbędzie się w dolnej sali ProMediów.</p>



<p>Organizatorem cyklu [Taktownie o Popkulturze i Komiksie] jest Stowarzyszenie POP-ART.</p>

<div class="entry-summary">
Idąc dalej przez dekady w komiksie, 24 kwietnia (poniedziałek) o godz. 18:00 w ProMediach (al. Wojska Polskiego 2) zatrzymamy się na omówieniu tytułów z lat 80. Tym razem przeniesiemy się na dwa kontynenty, zestawiając ze sobą najbardziej znane, ale też&hellip;
</div>
