{"id":9905,"date":"2023-03-28T10:18:37","date_gmt":"2023-03-28T10:18:37","guid":{"rendered":"https:\/\/mbp.szczecin.pl\/?post_type=wydarzenia_01&#038;p=9905"},"modified":"2023-03-28T11:27:49","modified_gmt":"2023-03-28T11:27:49","slug":"czy-za-to-nalezy-karac-generator-mysli-filozoficznej-dla-mlodziezy","status":"publish","type":"wydarzenia_01","link":"https:\/\/mbp.szczecin.pl\/wydarzenia_01\/czy-za-to-nalezy-karac-generator-mysli-filozoficznej-dla-mlodziezy\/","title":{"rendered":"Czy za &#8222;to&#8221; nale\u017cy kara\u0107? [Generator My\u015bli Filozoficznej dla m\u0142odzie\u017cy]"},"content":{"rendered":"\n<blockquote class=\"wp-block-quote\"><p><strong>26 kwietnia (\u015broda)<\/strong> w ProMediach (al. Wojska Polskiego 2) o godz. 17:00 zapraszamy na dyskusyjne spotkanie dla m\u0142odych odbiorc\u00f3w kultury.<\/p><\/blockquote>\n\n\n\n<p>Uczestnicy [Generatora My\u015bli Filozoficznej] zastanowi\u0105 si\u0119 czy za \u201eto\u201d nale\u017cy kara\u0107?<br>W\u0142a\u015bnie owo \u201eto\u201d stanowi\u0107 b\u0119dzie punkt wyj\u015bcia do dyskusji, poniewa\u017c owe \u201eto\u201d mo\u017ce bywa\u0107 problematyczne. Zastanowimy si\u0119, dlaczego karzemy za co\u015b konkretnego, a czasami za co\u015b, co jest ca\u0142kowicie niedorzeczne.<\/p>\n\n\n\n<p>Organizatorem cyklu jest stowarzyszenie Generator My\u015bli Humanistycznej. Moderatorami spotka\u0144 s\u0105 Hubert Mo\u017cd\u017ce\u0144 oraz Pawe\u0142 Ko\u0142odzi\u0144ski.<\/p>\n","protected":false},"excerpt":{"rendered":"<div class=\"entry-summary\">\n26 kwietnia (\u015broda) w ProMediach (al. Wojska Polskiego 2) o godz. 17:00 zapraszamy na dyskusyjne spotkanie dla m\u0142odych odbiorc\u00f3w kultury. Uczestnicy  zastanowi\u0105 si\u0119 czy za \u201eto\u201d nale\u017cy kara\u0107?W\u0142a\u015bnie owo \u201eto\u201d stanowi\u0107 b\u0119dzie punkt wyj\u015bcia do dyskusji, poniewa\u017c&hellip;\n<\/div>\n","protected":false},"featured_media":9953,"template":"","kategoria":[],"nr-filii-001":[178],"_links":{"self":[{"href":"https:\/\/mbp.szczecin.pl\/wp-json\/wp\/v2\/wydarzenia_01\/9905"}],"collection":[{"href":"https:\/\/mbp.szczecin.pl\/wp-json\/wp\/v2\/wydarzenia_01"}],"about":[{"href":"https:\/\/mbp.szczecin.pl\/wp-json\/wp\/v2\/types\/wydarzenia_01"}],"version-history":[{"count":1,"href":"https:\/\/mbp.szczecin.pl\/wp-json\/wp\/v2\/wydarzenia_01\/9905\/revisions"}],"predecessor-version":[{"id":9907,"href":"https:\/\/mbp.szczecin.pl\/wp-json\/wp\/v2\/wydarzenia_01\/9905\/revisions\/9907"}],"wp:featuredmedia":[{"embeddable":true,"href":"https:\/\/mbp.szczecin.pl\/wp-json\/wp\/v2\/media\/9953"}],"wp:attachment":[{"href":"https:\/\/mbp.szczecin.pl\/wp-json\/wp\/v2\/media?parent=9905"}],"wp:term":[{"taxonomy":"kategoria","embeddable":true,"href":"https:\/\/mbp.szczecin.pl\/wp-json\/wp\/v2\/kategoria?post=9905"},{"taxonomy":"nr-filii-001","embeddable":true,"href":"https:\/\/mbp.szczecin.pl\/wp-json\/wp\/v2\/nr-filii-001?post=9905"}],"curies":[{"name":"wp","href":"https:\/\/api.w.org\/{rel}","templated":true}]}}

Czy za &#8222;to&#8221; należy karać? [Generator Myśli Filozoficznej dla młodzieży]

<blockquote class="wp-block-quote"><p><strong>26 kwietnia (środa)</strong> w ProMediach (al. Wojska Polskiego 2) o godz. 17:00 zapraszamy na dyskusyjne spotkanie dla młodych odbiorców kultury.</p></blockquote>



<p>Uczestnicy [Generatora Myśli Filozoficznej] zastanowią się czy za „to” należy karać?<br>Właśnie owo „to” stanowić będzie punkt wyjścia do dyskusji, ponieważ owe „to” może bywać problematyczne. Zastanowimy się, dlaczego karzemy za coś konkretnego, a czasami za coś, co jest całkowicie niedorzeczne.</p>



<p>Organizatorem cyklu jest stowarzyszenie Generator Myśli Humanistycznej. Moderatorami spotkań są Hubert Możdżeń oraz Paweł Kołodziński.</p>

<div class="entry-summary">
26 kwietnia (środa) w ProMediach (al. Wojska Polskiego 2) o godz. 17:00 zapraszamy na dyskusyjne spotkanie dla młodych odbiorców kultury. Uczestnicy  zastanowią się czy za „to” należy karać?Właśnie owo „to” stanowić będzie punkt wyjścia do dyskusji, ponieważ&hellip;
</div>
