{"id":9727,"date":"2023-03-01T08:19:13","date_gmt":"2023-03-01T08:19:13","guid":{"rendered":"https:\/\/mbp.szczecin.pl\/?post_type=wydarzenia_01&#038;p=9727"},"modified":"2023-03-09T12:00:30","modified_gmt":"2023-03-09T12:00:30","slug":"sen-na-jawie-wernisaz-prac-flory-marteniak","status":"publish","type":"wydarzenia_01","link":"https:\/\/mbp.szczecin.pl\/wydarzenia_01\/sen-na-jawie-wernisaz-prac-flory-marteniak\/","title":{"rendered":"Sen na jawie. Wernisa\u017c prac Flory Marteniak"},"content":{"rendered":"\n<blockquote class=\"wp-block-quote\"><p><strong>13 marca (poniedzia\u0142ek)<\/strong> o godz. 18:00 zapraszamy do obcowania ze sztuk\u0105 Flory Marteniak &#8211; uczennicy Pa\u0144stwowego Liceum Sztuk Plastycznych im. Constantina Brancusi w Szczecinie. Wernisa\u017c oczywi\u015bcie odb\u0119dzie si\u0119 w ProMediach (al. Wojska Polskiego 2).<\/p><\/blockquote>\n\n\n\n<p>Udzia\u0142 w spotkaniu jest bezp\u0142atny.<\/p>\n\n\n\n<p>Artystka o swoich pracach:<\/p>\n\n\n\n<p>W moich ilustracjach pragn\u0119 przedstawi\u0107 \u015bwiat mojej wyobra\u017ani. <br>Ten pe\u0142en magii, tajemnic i ba\u015bniowych barw.<br>Zawsze stawiam na oddanie w moich pracach cz\u0105stki siebie, gdy\u017c kiedy tworz\u0119, czuj\u0119 si\u0119 jakbym przelewa\u0142a na papier wszystkie swoje smutki i rado\u015bci, chcia\u0142abym, aby przez emocj\u0119 i symbolik\u0119 odbiorcy mogli uto\u017csami\u0107 si\u0119 z moj\u0105 tw\u00f3rczo\u015bci\u0105. Odnale\u017a\u0107 inspiracj\u0119 i sw\u00f3j w\u0142asny bezpieczny k\u0105t.<\/p>\n\n\n\n<p>Bardzo interesuje mnie zagadnienie \u015bwiat\u0142a w sztuce i to jak mo\u017ce by\u0107 ono narz\u0119dziem narracji. Tworzy ono klimat, kt\u00f3ry wprowadza w scen\u0119 pewien nastr\u00f3j.<br>Inspiruj\u0119 si\u0119 przede wszystkim natur\u0105 i jej zjawiskami. <br>Wszystko co ulotne i niezauwa\u017cane przez wi\u0119kszo\u015b\u0107 oczu jest dla mnie prawdziwie pi\u0119kne. Chc\u0119 wi\u0119c pom\u00f3c ludziom dostrzec wyj\u0105tkowo\u015b\u0107 w kr\u00f3tkich momentach zachwytu, chocia\u017cby nad deszczem czy migotaniem ksi\u0119\u017cyca.<\/p>\n","protected":false},"excerpt":{"rendered":"<div class=\"entry-summary\">\n13 marca (poniedzia\u0142ek) o godz. 18:00 zapraszamy do obcowania ze sztuk\u0105 Flory Marteniak &#8211; uczennicy Pa\u0144stwowego Liceum Sztuk Plastycznych im. Constantina Brancusi w Szczecinie. Wernisa\u017c oczywi\u015bcie odb\u0119dzie si\u0119 w ProMediach (al. Wojska Polskiego 2). Udzia\u0142 w spotkaniu jest bezp\u0142atny. Artystka&hellip;\n<\/div>\n","protected":false},"featured_media":9731,"template":"","kategoria":[],"nr-filii-001":[178],"_links":{"self":[{"href":"https:\/\/mbp.szczecin.pl\/wp-json\/wp\/v2\/wydarzenia_01\/9727"}],"collection":[{"href":"https:\/\/mbp.szczecin.pl\/wp-json\/wp\/v2\/wydarzenia_01"}],"about":[{"href":"https:\/\/mbp.szczecin.pl\/wp-json\/wp\/v2\/types\/wydarzenia_01"}],"version-history":[{"count":1,"href":"https:\/\/mbp.szczecin.pl\/wp-json\/wp\/v2\/wydarzenia_01\/9727\/revisions"}],"predecessor-version":[{"id":9732,"href":"https:\/\/mbp.szczecin.pl\/wp-json\/wp\/v2\/wydarzenia_01\/9727\/revisions\/9732"}],"wp:featuredmedia":[{"embeddable":true,"href":"https:\/\/mbp.szczecin.pl\/wp-json\/wp\/v2\/media\/9731"}],"wp:attachment":[{"href":"https:\/\/mbp.szczecin.pl\/wp-json\/wp\/v2\/media?parent=9727"}],"wp:term":[{"taxonomy":"kategoria","embeddable":true,"href":"https:\/\/mbp.szczecin.pl\/wp-json\/wp\/v2\/kategoria?post=9727"},{"taxonomy":"nr-filii-001","embeddable":true,"href":"https:\/\/mbp.szczecin.pl\/wp-json\/wp\/v2\/nr-filii-001?post=9727"}],"curies":[{"name":"wp","href":"https:\/\/api.w.org\/{rel}","templated":true}]}}

Sen na jawie. Wernisaż prac Flory Marteniak

<blockquote class="wp-block-quote"><p><strong>13 marca (poniedziałek)</strong> o godz. 18:00 zapraszamy do obcowania ze sztuką Flory Marteniak &#8211; uczennicy Państwowego Liceum Sztuk Plastycznych im. Constantina Brancusi w Szczecinie. Wernisaż oczywiście odbędzie się w ProMediach (al. Wojska Polskiego 2).</p></blockquote>



<p>Udział w spotkaniu jest bezpłatny.</p>



<p>Artystka o swoich pracach:</p>



<p>W moich ilustracjach pragnę przedstawić świat mojej wyobraźni. <br>Ten pełen magii, tajemnic i baśniowych barw.<br>Zawsze stawiam na oddanie w moich pracach cząstki siebie, gdyż kiedy tworzę, czuję się jakbym przelewała na papier wszystkie swoje smutki i radości, chciałabym, aby przez emocję i symbolikę odbiorcy mogli utożsamić się z moją twórczością. Odnaleźć inspirację i swój własny bezpieczny kąt.</p>



<p>Bardzo interesuje mnie zagadnienie światła w sztuce i to jak może być ono narzędziem narracji. Tworzy ono klimat, który wprowadza w scenę pewien nastrój.<br>Inspiruję się przede wszystkim naturą i jej zjawiskami. <br>Wszystko co ulotne i niezauważane przez większość oczu jest dla mnie prawdziwie piękne. Chcę więc pomóc ludziom dostrzec wyjątkowość w krótkich momentach zachwytu, chociażby nad deszczem czy migotaniem księżyca.</p>

<div class="entry-summary">
13 marca (poniedziałek) o godz. 18:00 zapraszamy do obcowania ze sztuką Flory Marteniak &#8211; uczennicy Państwowego Liceum Sztuk Plastycznych im. Constantina Brancusi w Szczecinie. Wernisaż oczywiście odbędzie się w ProMediach (al. Wojska Polskiego 2). Udział w spotkaniu jest bezpłatny. Artystka&hellip;
</div>
