{"id":9709,"date":"2023-02-28T10:24:03","date_gmt":"2023-02-28T10:24:03","guid":{"rendered":"https:\/\/mbp.szczecin.pl\/?post_type=wydarzenia_01&#038;p=9709"},"modified":"2023-02-28T10:24:05","modified_gmt":"2023-02-28T10:24:05","slug":"tekturowe-lochy-i-smoki-o-aktorskich-serialach-fantasy-lat-80-i-90-taktownie-o-popkulturze-i-komiksie","status":"publish","type":"wydarzenia_01","link":"https:\/\/mbp.szczecin.pl\/wydarzenia_01\/tekturowe-lochy-i-smoki-o-aktorskich-serialach-fantasy-lat-80-i-90-taktownie-o-popkulturze-i-komiksie\/","title":{"rendered":"Tekturowe lochy i smoki? O aktorskich serialach fantasy lat 80. i 90. [Taktownie o Popkulturze i Komiksie]"},"content":{"rendered":"\n<blockquote class=\"wp-block-quote\"><p><strong>27 marca (poniedzia\u0142ek)<\/strong> o godz. <strong>18:00<\/strong> czas na kolejny [ToPiK]. Wszyscy fani szeroko poj\u0119tej popkultury zaproszeni s\u0105 do ProMedi\u00f3w (al. Wojska Polskiego 2).<\/p><\/blockquote>\n\n\n\n<p>Zosta\u0144my mitycznymi bohaterami! Wojownikami, czarodziejkami\ud83d\udc78\ud83c\udffe, kr\u00f3lami i giermkami. Razem wyruszmy na wypraw\u0119 w celu &#8222;ubicia smoka lub trolla&#8221;&#8230;\ud83d\udc32<\/p>\n\n\n\n<p>&#8230;a przynajmniej przypomnijmy sobie takie historie, kt\u00f3re jako filmy i seriale licznie powstawa\u0142y w latach 80. i 90. Kt\u00f3\u017c nie ogl\u0105da\u0142 przyg\u00f3d s\u0142ynnego &#8222;Herculesa&#8221; z Kevinem Sorbo i &#8222;Xeny &#8211; wojowniczej ksi\u0119\u017cniczki&#8221; z Lucy Lawless.<\/p>\n\n\n\n<p>Ale powiemy te\u017c o kilku innych tytu\u0142ach!\ud83c\udfac<\/p>\n\n\n\n<p>Zbieramy zatem dru\u017cyn\u0119 i w drog\u0119\u2694\ufe0f<\/p>\n\n\n\n<p>Organizatorem spotka\u0144 [Taktownie o Popkulturze i Komiksie] jest Stowarzyszenie POP-ART. Udzia\u0142 w wydarzeniach jest bezp\u0142atny.<\/p>\n","protected":false},"excerpt":{"rendered":"<div class=\"entry-summary\">\n27 marca (poniedzia\u0142ek) o godz. 18:00 czas na kolejny . Wszyscy fani szeroko poj\u0119tej popkultury zaproszeni s\u0105 do ProMedi\u00f3w (al. Wojska Polskiego 2). Zosta\u0144my mitycznymi bohaterami! Wojownikami, czarodziejkami\ud83d\udc78\ud83c\udffe, kr\u00f3lami i giermkami. Razem wyruszmy na wypraw\u0119 w celu &#8222;ubicia smoka lub&hellip;\n<\/div>\n","protected":false},"featured_media":9712,"template":"","kategoria":[],"nr-filii-001":[178],"_links":{"self":[{"href":"https:\/\/mbp.szczecin.pl\/wp-json\/wp\/v2\/wydarzenia_01\/9709"}],"collection":[{"href":"https:\/\/mbp.szczecin.pl\/wp-json\/wp\/v2\/wydarzenia_01"}],"about":[{"href":"https:\/\/mbp.szczecin.pl\/wp-json\/wp\/v2\/types\/wydarzenia_01"}],"version-history":[{"count":4,"href":"https:\/\/mbp.szczecin.pl\/wp-json\/wp\/v2\/wydarzenia_01\/9709\/revisions"}],"predecessor-version":[{"id":9714,"href":"https:\/\/mbp.szczecin.pl\/wp-json\/wp\/v2\/wydarzenia_01\/9709\/revisions\/9714"}],"wp:featuredmedia":[{"embeddable":true,"href":"https:\/\/mbp.szczecin.pl\/wp-json\/wp\/v2\/media\/9712"}],"wp:attachment":[{"href":"https:\/\/mbp.szczecin.pl\/wp-json\/wp\/v2\/media?parent=9709"}],"wp:term":[{"taxonomy":"kategoria","embeddable":true,"href":"https:\/\/mbp.szczecin.pl\/wp-json\/wp\/v2\/kategoria?post=9709"},{"taxonomy":"nr-filii-001","embeddable":true,"href":"https:\/\/mbp.szczecin.pl\/wp-json\/wp\/v2\/nr-filii-001?post=9709"}],"curies":[{"name":"wp","href":"https:\/\/api.w.org\/{rel}","templated":true}]}}

<blockquote class="wp-block-quote"><p><strong>27 marca (poniedziałek)</strong> o godz. <strong>18:00</strong> czas na kolejny [ToPiK]. Wszyscy fani szeroko pojętej popkultury zaproszeni są do ProMediów (al. Wojska Polskiego 2).</p></blockquote>



<p>Zostańmy mitycznymi bohaterami! Wojownikami, czarodziejkami👸🏾, królami i giermkami. Razem wyruszmy na wyprawę w celu &#8222;ubicia smoka lub trolla&#8221;&#8230;🐲</p>



<p>&#8230;a przynajmniej przypomnijmy sobie takie historie, które jako filmy i seriale licznie powstawały w latach 80. i 90. Któż nie oglądał przygód słynnego &#8222;Herculesa&#8221; z Kevinem Sorbo i &#8222;Xeny &#8211; wojowniczej księżniczki&#8221; z Lucy Lawless.</p>



<p>Ale powiemy też o kilku innych tytułach!🎬</p>



<p>Zbieramy zatem drużynę i w drogę⚔️</p>



<p>Organizatorem spotkań [Taktownie o Popkulturze i Komiksie] jest Stowarzyszenie POP-ART. Udział w wydarzeniach jest bezpłatny.</p>

<div class="entry-summary">
27 marca (poniedziałek) o godz. 18:00 czas na kolejny . Wszyscy fani szeroko pojętej popkultury zaproszeni są do ProMediów (al. Wojska Polskiego 2). Zostańmy mitycznymi bohaterami! Wojownikami, czarodziejkami👸🏾, królami i giermkami. Razem wyruszmy na wyprawę w celu &#8222;ubicia smoka lub&hellip;
</div>
