{"id":9704,"date":"2023-02-28T10:04:49","date_gmt":"2023-02-28T10:04:49","guid":{"rendered":"https:\/\/mbp.szczecin.pl\/?post_type=wydarzenia_01&#038;p=9704"},"modified":"2023-02-28T10:04:50","modified_gmt":"2023-02-28T10:04:50","slug":"w-swiecie-wierszykow-jana-brzechwy-literacki-kacik-malucha","status":"publish","type":"wydarzenia_01","link":"https:\/\/mbp.szczecin.pl\/wydarzenia_01\/w-swiecie-wierszykow-jana-brzechwy-literacki-kacik-malucha\/","title":{"rendered":"W \u015bwiecie wierszyk\u00f3w Jana Brzechwy [Literacki K\u0105cik Malucha]"},"content":{"rendered":"\n<blockquote class=\"wp-block-quote\"><p>W ostatni czwartek marca <strong>(30.03)<\/strong> zapraszamy na godz. <strong>17:00<\/strong> w imieniu pani Justyny z filii nr 2 (ul. Sikorskiego 10) wszystkich m\u0142odych czytelnik\u00f3w wraz z rodzicami na kolejne spotkanie [Literackiego K\u0105cika Malucha]<\/p><\/blockquote>\n\n\n\n<p>W tym miesi\u0105cu wspomnimy pisarza, kt\u00f3ry nie lubi\u0142 dzieci. Dok\u0142adnie tak! Mowa o ulubionym przez dzieci, pisarzu-poecie, Janie Brzechwie. <\/p>\n\n\n\n<p>Wsp\u00f3lnie pos\u0142uchamy o tym jak to: &#8222;<em>Wy nie wiecie, a ja wiem, Jak rozmawia\u0107 trzeba z psem, Bo pozna\u0142em j\u0119zyk psi, Gdy mieszka\u0142em w pewnej wsi\u2026<\/em>&#8221; a tak\u017ce dowiemy si\u0119 wi\u0119cej o jego tw\u00f3rczo\u015bci, a na koniec wykonamy prac\u0119 plastyczn\u0105 niespodziank\u0119.<\/p>\n\n\n\n<p>Serdecznie zapraszam do udzia\u0142u w spotkaniu wszystkie dzieci w wieku przedszkolnym! Obowi\u0105zuj\u0105 zapisy mailowo <strong>filia2@mbp.szczecin.pl<\/strong> lub telefonicznie <strong>91 48 43 259<\/strong>.<\/p>\n","protected":false},"excerpt":{"rendered":"<div class=\"entry-summary\">\nW ostatni czwartek marca (30.03) zapraszamy na godz. 17:00 w imieniu pani Justyny z filii nr 2 (ul. Sikorskiego 10) wszystkich m\u0142odych czytelnik\u00f3w wraz z rodzicami na kolejne spotkanie  W tym miesi\u0105cu wspomnimy pisarza, kt\u00f3ry nie lubi\u0142&hellip;\n<\/div>\n","protected":false},"featured_media":9705,"template":"","kategoria":[],"nr-filii-001":[255],"_links":{"self":[{"href":"https:\/\/mbp.szczecin.pl\/wp-json\/wp\/v2\/wydarzenia_01\/9704"}],"collection":[{"href":"https:\/\/mbp.szczecin.pl\/wp-json\/wp\/v2\/wydarzenia_01"}],"about":[{"href":"https:\/\/mbp.szczecin.pl\/wp-json\/wp\/v2\/types\/wydarzenia_01"}],"version-history":[{"count":3,"href":"https:\/\/mbp.szczecin.pl\/wp-json\/wp\/v2\/wydarzenia_01\/9704\/revisions"}],"predecessor-version":[{"id":9708,"href":"https:\/\/mbp.szczecin.pl\/wp-json\/wp\/v2\/wydarzenia_01\/9704\/revisions\/9708"}],"wp:featuredmedia":[{"embeddable":true,"href":"https:\/\/mbp.szczecin.pl\/wp-json\/wp\/v2\/media\/9705"}],"wp:attachment":[{"href":"https:\/\/mbp.szczecin.pl\/wp-json\/wp\/v2\/media?parent=9704"}],"wp:term":[{"taxonomy":"kategoria","embeddable":true,"href":"https:\/\/mbp.szczecin.pl\/wp-json\/wp\/v2\/kategoria?post=9704"},{"taxonomy":"nr-filii-001","embeddable":true,"href":"https:\/\/mbp.szczecin.pl\/wp-json\/wp\/v2\/nr-filii-001?post=9704"}],"curies":[{"name":"wp","href":"https:\/\/api.w.org\/{rel}","templated":true}]}}

W świecie wierszyków Jana Brzechwy [Literacki Kącik Malucha]

<blockquote class="wp-block-quote"><p>W ostatni czwartek marca <strong>(30.03)</strong> zapraszamy na godz. <strong>17:00</strong> w imieniu pani Justyny z filii nr 2 (ul. Sikorskiego 10) wszystkich młodych czytelników wraz z rodzicami na kolejne spotkanie [Literackiego Kącika Malucha]</p></blockquote>



<p>W tym miesiącu wspomnimy pisarza, który nie lubił dzieci. Dokładnie tak! Mowa o ulubionym przez dzieci, pisarzu-poecie, Janie Brzechwie. </p>



<p>Wspólnie posłuchamy o tym jak to: &#8222;<em>Wy nie wiecie, a ja wiem, Jak rozmawiać trzeba z psem, Bo poznałem język psi, Gdy mieszkałem w pewnej wsi…</em>&#8221; a także dowiemy się więcej o jego twórczości, a na koniec wykonamy pracę plastyczną niespodziankę.</p>



<p>Serdecznie zapraszam do udziału w spotkaniu wszystkie dzieci w wieku przedszkolnym! Obowiązują zapisy mailowo <strong>filia2@mbp.szczecin.pl</strong> lub telefonicznie <strong>91 48 43 259</strong>.</p>

<div class="entry-summary">
W ostatni czwartek marca (30.03) zapraszamy na godz. 17:00 w imieniu pani Justyny z filii nr 2 (ul. Sikorskiego 10) wszystkich młodych czytelników wraz z rodzicami na kolejne spotkanie  W tym miesiącu wspomnimy pisarza, który nie lubił&hellip;
</div>
