{"id":9701,"date":"2023-02-28T09:52:28","date_gmt":"2023-02-28T09:52:28","guid":{"rendered":"https:\/\/mbp.szczecin.pl\/?post_type=wydarzenia_01&#038;p=9701"},"modified":"2023-02-28T09:52:29","modified_gmt":"2023-02-28T09:52:29","slug":"recenzentki-w-bibliotece-kolo-gospodyn-miejskich","status":"publish","type":"wydarzenia_01","link":"https:\/\/mbp.szczecin.pl\/wydarzenia_01\/recenzentki-w-bibliotece-kolo-gospodyn-miejskich\/","title":{"rendered":"Recenzentki w bibliotece [Ko\u0142o Gospody\u0144 Miejskich]"},"content":{"rendered":"\n<blockquote class=\"wp-block-quote\"><p>Z okazji Mi\u0119dzynarodowego Dnia Pisarzy przypadaj\u0105cego na 3 marca w ramach Ko\u0142a Gospody\u0144 Miejskich b\u0119dziemy recenzowa\u0107 ksi\u0105\u017cki, kt\u00f3re mo\u017cna znale\u017a\u0107 w sieci filii Miejskiej Biblioteki Publicznej. <\/p><\/blockquote>\n\n\n\n<p>Zapraszamy wierne czytelniczki ju\u017c <strong>2 marca (czwartek)<\/strong> na godz. <strong>17:00<\/strong> do filii nr 2 (ul. Sikorskiego 10). Udzia\u0142 w wydarzeniu jest bezp\u0142atny.<\/p>\n\n\n\n<p>Ze wzgl\u0119du na r\u00f3\u017cnorodno\u015b\u0107 dost\u0119pnej literatury, cz\u0142onkinie Ko\u0142a nie wybiera\u0142y \u017cadnej wiod\u0105cej pozycji ksi\u0105\u017ckowej. Wsp\u00f3lnie w\u015br\u00f3d przedstawionych recenzji stworzymy list\u0119 najbardziej poczytnych pisarzy, kt\u00f3r\u0105 umie\u015bcimy w filii, po\u015br\u00f3d najch\u0119tniej wybieranych.<\/p>\n\n\n\n<p>Moderatorka cyklu, pani Justyna serdecznie zaprasza do udzia\u0142u w spotkaniu!<\/p>\n","protected":false},"excerpt":{"rendered":"<div class=\"entry-summary\">\nZ okazji Mi\u0119dzynarodowego Dnia Pisarzy przypadaj\u0105cego na 3 marca w ramach Ko\u0142a Gospody\u0144 Miejskich b\u0119dziemy recenzowa\u0107 ksi\u0105\u017cki, kt\u00f3re mo\u017cna znale\u017a\u0107 w sieci filii Miejskiej Biblioteki Publicznej. Zapraszamy wierne czytelniczki ju\u017c 2 marca (czwartek) na godz. 17:00 do filii nr 2&hellip;\n<\/div>\n","protected":false},"featured_media":9702,"template":"","kategoria":[],"nr-filii-001":[255],"_links":{"self":[{"href":"https:\/\/mbp.szczecin.pl\/wp-json\/wp\/v2\/wydarzenia_01\/9701"}],"collection":[{"href":"https:\/\/mbp.szczecin.pl\/wp-json\/wp\/v2\/wydarzenia_01"}],"about":[{"href":"https:\/\/mbp.szczecin.pl\/wp-json\/wp\/v2\/types\/wydarzenia_01"}],"version-history":[{"count":1,"href":"https:\/\/mbp.szczecin.pl\/wp-json\/wp\/v2\/wydarzenia_01\/9701\/revisions"}],"predecessor-version":[{"id":9703,"href":"https:\/\/mbp.szczecin.pl\/wp-json\/wp\/v2\/wydarzenia_01\/9701\/revisions\/9703"}],"wp:featuredmedia":[{"embeddable":true,"href":"https:\/\/mbp.szczecin.pl\/wp-json\/wp\/v2\/media\/9702"}],"wp:attachment":[{"href":"https:\/\/mbp.szczecin.pl\/wp-json\/wp\/v2\/media?parent=9701"}],"wp:term":[{"taxonomy":"kategoria","embeddable":true,"href":"https:\/\/mbp.szczecin.pl\/wp-json\/wp\/v2\/kategoria?post=9701"},{"taxonomy":"nr-filii-001","embeddable":true,"href":"https:\/\/mbp.szczecin.pl\/wp-json\/wp\/v2\/nr-filii-001?post=9701"}],"curies":[{"name":"wp","href":"https:\/\/api.w.org\/{rel}","templated":true}]}}

Recenzentki w bibliotece [Koło Gospodyń Miejskich]

<blockquote class="wp-block-quote"><p>Z okazji Międzynarodowego Dnia Pisarzy przypadającego na 3 marca w ramach Koła Gospodyń Miejskich będziemy recenzować książki, które można znaleźć w sieci filii Miejskiej Biblioteki Publicznej. </p></blockquote>



<p>Zapraszamy wierne czytelniczki już <strong>2 marca (czwartek)</strong> na godz. <strong>17:00</strong> do filii nr 2 (ul. Sikorskiego 10). Udział w wydarzeniu jest bezpłatny.</p>



<p>Ze względu na różnorodność dostępnej literatury, członkinie Koła nie wybierały żadnej wiodącej pozycji książkowej. Wspólnie wśród przedstawionych recenzji stworzymy listę najbardziej poczytnych pisarzy, którą umieścimy w filii, pośród najchętniej wybieranych.</p>



<p>Moderatorka cyklu, pani Justyna serdecznie zaprasza do udziału w spotkaniu!</p>

<div class="entry-summary">
Z okazji Międzynarodowego Dnia Pisarzy przypadającego na 3 marca w ramach Koła Gospodyń Miejskich będziemy recenzować książki, które można znaleźć w sieci filii Miejskiej Biblioteki Publicznej. Zapraszamy wierne czytelniczki już 2 marca (czwartek) na godz. 17:00 do filii nr 2&hellip;
</div>
