{"id":9688,"date":"2023-02-27T12:09:43","date_gmt":"2023-02-27T12:09:43","guid":{"rendered":"https:\/\/mbp.szczecin.pl\/?post_type=wydarzenia_01&#038;p=9688"},"modified":"2023-02-27T12:09:44","modified_gmt":"2023-02-27T12:09:44","slug":"mozgowe-lamiglowki-na-tabletach-seniorzy-w-promediach","status":"publish","type":"wydarzenia_01","link":"https:\/\/mbp.szczecin.pl\/wydarzenia_01\/mozgowe-lamiglowki-na-tabletach-seniorzy-w-promediach\/","title":{"rendered":"M\u00f3zgowe \u0142amig\u0142\u00f3wki na tabletach [Seniorzy w ProMediach]"},"content":{"rendered":"\n<blockquote class=\"wp-block-quote\"><p>Podczas spotkania <strong>8 marca (\u015broda)<\/strong> o godz. 13:00 w ProMediach (al. Wojska Polskiego 2) uczestnicy poznaj\u0105 cyfrowe aplikacje, kt\u00f3re zapewniaj\u0105 codzienn\u0105 rozrywk\u0119 i trening m\u00f3zgu.<\/p><\/blockquote>\n\n\n\n<p>Zaj\u0119cia odbywaj\u0105 si\u0119 z u\u017cyciem zapewnionych przez bibliotek\u0119 tablet\u00f3w.<\/p>\n\n\n\n<p>Proponowane zabawy to: nonogram, dopasowywanie cyfr, blockudoku (dopasowywanie element\u00f3w), sudoku, puzzle, znajd\u017a r\u00f3\u017cnic\u0119, kolorowanki.<\/p>\n\n\n\n<p>Aplikacje zosta\u0142y wybrane przez prowadz\u0105c\u0105 spo\u015br\u00f3d wielu innych na podstawie dost\u0119pno\u015bci wersji polskiej, dostosowania do potrzeb senior\u00f3w i konkurencyjnej ceny w przypadku wykupu p\u0142atnej opcji. Wariant darmowy zawiera reklamy. Ch\u0119tne osoby b\u0119d\u0105 mog\u0142y uzyska\u0107 informacj\u0119, jak w bezpieczny spos\u00f3b wykupi\u0107 wersj\u0119 p\u0142atn\u0105 (mo\u017cliwo\u015b\u0107 konsultacji w innym terminie). Prowadz\u0105ca ani Miejska Biblioteki Publiczna nie czerpi\u0105 zysk\u00f3w z tej ani \u017cadnej innej aplikacji.<\/p>\n\n\n\n<p>Spotkanie zostanie poprowadzone przez mgr Anet\u0119 Krejczy, z wykszta\u0142cenia nauczycielk\u0119, coacha i terapeutk\u0119 os\u00f3b w spektrum autyzmu, a obecnie studentk\u0119 psychologii. Zainteresowan\u0105 geragogik\u0105 i psychogerontologi\u0105 (pedagogik\u0105 i psychologi\u0105 os\u00f3b starszych) oraz neuropsychologi\u0105.<\/p>\n\n\n\n<p>Udzia\u0142 bezp\u0142atny. Obowi\u0105zuj\u0105 zapisy: <\/p>\n\n\n\n<p>(91) 506 50 56<br>filia54@mbp.szczecin.pl<\/p>\n","protected":false},"excerpt":{"rendered":"<div class=\"entry-summary\">\nPodczas spotkania 8 marca (\u015broda) o godz. 13:00 w ProMediach (al. Wojska Polskiego 2) uczestnicy poznaj\u0105 cyfrowe aplikacje, kt\u00f3re zapewniaj\u0105 codzienn\u0105 rozrywk\u0119 i trening m\u00f3zgu. Zaj\u0119cia odbywaj\u0105 si\u0119 z u\u017cyciem zapewnionych przez bibliotek\u0119 tablet\u00f3w. Proponowane zabawy to: nonogram, dopasowywanie cyfr,&hellip;\n<\/div>\n","protected":false},"featured_media":9689,"template":"","kategoria":[],"nr-filii-001":[178],"_links":{"self":[{"href":"https:\/\/mbp.szczecin.pl\/wp-json\/wp\/v2\/wydarzenia_01\/9688"}],"collection":[{"href":"https:\/\/mbp.szczecin.pl\/wp-json\/wp\/v2\/wydarzenia_01"}],"about":[{"href":"https:\/\/mbp.szczecin.pl\/wp-json\/wp\/v2\/types\/wydarzenia_01"}],"version-history":[{"count":1,"href":"https:\/\/mbp.szczecin.pl\/wp-json\/wp\/v2\/wydarzenia_01\/9688\/revisions"}],"predecessor-version":[{"id":9690,"href":"https:\/\/mbp.szczecin.pl\/wp-json\/wp\/v2\/wydarzenia_01\/9688\/revisions\/9690"}],"wp:featuredmedia":[{"embeddable":true,"href":"https:\/\/mbp.szczecin.pl\/wp-json\/wp\/v2\/media\/9689"}],"wp:attachment":[{"href":"https:\/\/mbp.szczecin.pl\/wp-json\/wp\/v2\/media?parent=9688"}],"wp:term":[{"taxonomy":"kategoria","embeddable":true,"href":"https:\/\/mbp.szczecin.pl\/wp-json\/wp\/v2\/kategoria?post=9688"},{"taxonomy":"nr-filii-001","embeddable":true,"href":"https:\/\/mbp.szczecin.pl\/wp-json\/wp\/v2\/nr-filii-001?post=9688"}],"curies":[{"name":"wp","href":"https:\/\/api.w.org\/{rel}","templated":true}]}}

Mózgowe łamigłówki na tabletach [Seniorzy w ProMediach]

<blockquote class="wp-block-quote"><p>Podczas spotkania <strong>8 marca (środa)</strong> o godz. 13:00 w ProMediach (al. Wojska Polskiego 2) uczestnicy poznają cyfrowe aplikacje, które zapewniają codzienną rozrywkę i trening mózgu.</p></blockquote>



<p>Zajęcia odbywają się z użyciem zapewnionych przez bibliotekę tabletów.</p>



<p>Proponowane zabawy to: nonogram, dopasowywanie cyfr, blockudoku (dopasowywanie elementów), sudoku, puzzle, znajdź różnicę, kolorowanki.</p>



<p>Aplikacje zostały wybrane przez prowadzącą spośród wielu innych na podstawie dostępności wersji polskiej, dostosowania do potrzeb seniorów i konkurencyjnej ceny w przypadku wykupu płatnej opcji. Wariant darmowy zawiera reklamy. Chętne osoby będą mogły uzyskać informację, jak w bezpieczny sposób wykupić wersję płatną (możliwość konsultacji w innym terminie). Prowadząca ani Miejska Biblioteki Publiczna nie czerpią zysków z tej ani żadnej innej aplikacji.</p>



<p>Spotkanie zostanie poprowadzone przez mgr Anetę Krejczy, z wykształcenia nauczycielkę, coacha i terapeutkę osób w spektrum autyzmu, a obecnie studentkę psychologii. Zainteresowaną geragogiką i psychogerontologią (pedagogiką i psychologią osób starszych) oraz neuropsychologią.</p>



<p>Udział bezpłatny. Obowiązują zapisy: </p>



<p>(91) 506 50 56<br>filia54@mbp.szczecin.pl</p>

<div class="entry-summary">
Podczas spotkania 8 marca (środa) o godz. 13:00 w ProMediach (al. Wojska Polskiego 2) uczestnicy poznają cyfrowe aplikacje, które zapewniają codzienną rozrywkę i trening mózgu. Zajęcia odbywają się z użyciem zapewnionych przez bibliotekę tabletów. Proponowane zabawy to: nonogram, dopasowywanie cyfr,&hellip;
</div>
