{"id":9680,"date":"2023-02-27T10:54:47","date_gmt":"2023-02-27T10:54:47","guid":{"rendered":"https:\/\/mbp.szczecin.pl\/?post_type=wydarzenia_01&#038;p=9680"},"modified":"2023-02-27T10:54:48","modified_gmt":"2023-02-27T10:54:48","slug":"nie-tylko-sydonia-procesy-o-czary-na-pomorzu-w-xvi-xviii-w-pomerania-incognita","status":"publish","type":"wydarzenia_01","link":"https:\/\/mbp.szczecin.pl\/wydarzenia_01\/nie-tylko-sydonia-procesy-o-czary-na-pomorzu-w-xvi-xviii-w-pomerania-incognita\/","title":{"rendered":"Nie tylko Sydonia. Procesy o czary na Pomorzu w XVI-XVIII w. [Pomerania incognita]"},"content":{"rendered":"\n<blockquote class=\"wp-block-quote\"><p><strong>24 marca (pi\u0105tek)<\/strong> o godz. 18:00 w ramach cyklu historyczno-archeologicznego [Pomerania incognita] do filii nr 7 (pl. Matki Teresy z Kalkuty 8) zaprosimy z wyk\u0142adem dr hab. Agnieszk\u0119 Gut, prof. US.<\/p><\/blockquote>\n\n\n\n<p>Udzia\u0142 w wydarzeniu jest bezp\u0142atny.<\/p>\n\n\n\n<p>W\u015br\u00f3d mieszka\u0144c\u00f3w Pomorza znane s\u0105 dzieje niekt\u00f3rych pomorskich \u201eczarownic\u201d, zw\u0142aszcza szlachcianki Sydonii von Borcke czy te\u017c czarownic ze Szczecinka, Dar\u0142owa czy S\u0142upska. Niewiele jednak wiadomo na temat samego zjawiska proces\u00f3w o czary, kt\u00f3re przeprowadzane by\u0142y w Ksi\u0119stwie Pomorskim. <\/p>\n\n\n\n<p>Podczas wyk\u0142adu prelegentka przedstawi \u017ar\u00f3d\u0142a wiedzy o pomorskich czarownicach oraz system prawny, w ramach kt\u00f3rego odbywa\u0142y si\u0119 procesy. B\u0119dzie chcia\u0142a pokaza\u0107 tak\u017ce prze\u015bladowania czarownic na Pomorzu pod wzgl\u0119dem ilo\u015bciowym, chronologicznym, geograficznym i spo\u0142ecznym. <\/p>\n\n\n\n<p>B\u0119dzie si\u0119 zatem mo\u017cna dowiedzie\u0107, ile szacunkowo os\u00f3b sp\u0142on\u0119\u0142o skazanych za czary, kiedy pomorskie \u201epolowania\u201d mia\u0142y najwi\u0119ksze nasilenie, na jakich obszarach i kto by\u0142 oskar\u017cany. <\/p>\n\n\n\n<p>Ca\u0142o\u015b\u0107 wyk\u0142adu ilustrowana b\u0119dzie przyk\u0142adami \u017ar\u00f3d\u0142owymi, kt\u00f3re pozwol\u0105 spojrze\u0107 na procesy o czary oczami oskar\u017conych.<\/p>\n\n\n\n<p><\/p>\n\n\n\n<figure class=\"wp-block-image size-large is-resized\"><img loading=\"lazy\" src=\"https:\/\/mbp.szczecin.pl\/wp-content\/uploads\/2023\/02\/2487718-Spalenie-wiedzm-na-stosie-w-Derenburgu-1555-Wikimedia-Commons.jpg\" alt=\"\" class=\"wp-image-9681\" width=\"532\" height=\"306\" srcset=\"https:\/\/mbp.szczecin.pl\/wp-content\/uploads\/2023\/02\/2487718-Spalenie-wiedzm-na-stosie-w-Derenburgu-1555-Wikimedia-Commons.jpg 700w, https:\/\/mbp.szczecin.pl\/wp-content\/uploads\/2023\/02\/2487718-Spalenie-wiedzm-na-stosie-w-Derenburgu-1555-Wikimedia-Commons-300x173.jpg 300w\" sizes=\"(max-width: 532px) 100vw, 532px\" \/><\/figure>\n\n\n\n<p><\/p>\n\n\n\n<p><strong>Dr hab. Agnieszka Gut<\/strong> jest historykiem i profesorem Uniwersytetu Szczeci\u0144skiego. Pracuje w Instytucie Historycznym US. Naukowo zajmuje si\u0119 zagadnieniami zwi\u0105zanymi ze \u017ar\u00f3d\u0142oznawstwem, a zw\u0142aszcza \u017ar\u00f3d\u0142ami dokumentowymi oraz sfragistycznymi i heraldycznymi. <\/p>\n\n\n\n<p>Interesuje j\u0105 przy tym g\u0142\u00f3wnie spo\u0142eczny i prawny wymiar wykorzystywania tych \u017ar\u00f3de\u0142 w przesz\u0142o\u015bci jako \u015brodk\u00f3w spo\u0142ecznej komunikacji. W ostatnich latach zajmuje si\u0119 tak\u017ce procesami o czary na obszarze Ksi\u0119stwa Pomorskiego w XVI-XVIII w. i tworzy baz\u0119 danych \u201eczarownic\u201d z Pomorza Przedniego i Tylnego.<\/p>\n\n\n\n<p>Partnerami wydarzenia oraz cyklu s\u0105:<br>Fundacja \u015acie\u017ckami Pomorza<br>Instytut Historyczny Uniwersytetu Szczeci\u0144skiego<br>Instytut Archeologii i Etnologii PAN<br>IAE PAN O\u015brodek Archeologii \u015aredniowiecza Kraj\u00f3w Nadba\u0142tyckich w Szczecinie<\/p>\n","protected":false},"excerpt":{"rendered":"<div class=\"entry-summary\">\n24 marca (pi\u0105tek) o godz. 18:00 w ramach cyklu historyczno-archeologicznego  do filii nr 7 (pl. Matki Teresy z Kalkuty 8) zaprosimy z wyk\u0142adem dr hab. Agnieszk\u0119 Gut, prof. US. Udzia\u0142 w wydarzeniu jest bezp\u0142atny. W\u015br\u00f3d mieszka\u0144c\u00f3w Pomorza znane&hellip;\n<\/div>\n","protected":false},"featured_media":9682,"template":"","kategoria":[],"nr-filii-001":[176],"_links":{"self":[{"href":"https:\/\/mbp.szczecin.pl\/wp-json\/wp\/v2\/wydarzenia_01\/9680"}],"collection":[{"href":"https:\/\/mbp.szczecin.pl\/wp-json\/wp\/v2\/wydarzenia_01"}],"about":[{"href":"https:\/\/mbp.szczecin.pl\/wp-json\/wp\/v2\/types\/wydarzenia_01"}],"version-history":[{"count":2,"href":"https:\/\/mbp.szczecin.pl\/wp-json\/wp\/v2\/wydarzenia_01\/9680\/revisions"}],"predecessor-version":[{"id":9684,"href":"https:\/\/mbp.szczecin.pl\/wp-json\/wp\/v2\/wydarzenia_01\/9680\/revisions\/9684"}],"wp:featuredmedia":[{"embeddable":true,"href":"https:\/\/mbp.szczecin.pl\/wp-json\/wp\/v2\/media\/9682"}],"wp:attachment":[{"href":"https:\/\/mbp.szczecin.pl\/wp-json\/wp\/v2\/media?parent=9680"}],"wp:term":[{"taxonomy":"kategoria","embeddable":true,"href":"https:\/\/mbp.szczecin.pl\/wp-json\/wp\/v2\/kategoria?post=9680"},{"taxonomy":"nr-filii-001","embeddable":true,"href":"https:\/\/mbp.szczecin.pl\/wp-json\/wp\/v2\/nr-filii-001?post=9680"}],"curies":[{"name":"wp","href":"https:\/\/api.w.org\/{rel}","templated":true}]}}

<blockquote class="wp-block-quote"><p><strong>24 marca (piątek)</strong> o godz. 18:00 w ramach cyklu historyczno-archeologicznego [Pomerania incognita] do filii nr 7 (pl. Matki Teresy z Kalkuty 8) zaprosimy z wykładem dr hab. Agnieszkę Gut, prof. US.</p></blockquote>



<p>Udział w wydarzeniu jest bezpłatny.</p>



<p>Wśród mieszkańców Pomorza znane są dzieje niektórych pomorskich „czarownic”, zwłaszcza szlachcianki Sydonii von Borcke czy też czarownic ze Szczecinka, Darłowa czy Słupska. Niewiele jednak wiadomo na temat samego zjawiska procesów o czary, które przeprowadzane były w Księstwie Pomorskim. </p>



<p>Podczas wykładu prelegentka przedstawi źródła wiedzy o pomorskich czarownicach oraz system prawny, w ramach którego odbywały się procesy. Będzie chciała pokazać także prześladowania czarownic na Pomorzu pod względem ilościowym, chronologicznym, geograficznym i społecznym. </p>



<p>Będzie się zatem można dowiedzieć, ile szacunkowo osób spłonęło skazanych za czary, kiedy pomorskie „polowania” miały największe nasilenie, na jakich obszarach i kto był oskarżany. </p>



<p>Całość wykładu ilustrowana będzie przykładami źródłowymi, które pozwolą spojrzeć na procesy o czary oczami oskarżonych.</p>



<p></p>



<figure class="wp-block-image size-large is-resized"><img loading="lazy" src="https://mbp.szczecin.pl/wp-content/uploads/2023/02/2487718-Spalenie-wiedzm-na-stosie-w-Derenburgu-1555-Wikimedia-Commons.jpg" alt="" class="wp-image-9681" width="532" height="306" srcset="https://mbp.szczecin.pl/wp-content/uploads/2023/02/2487718-Spalenie-wiedzm-na-stosie-w-Derenburgu-1555-Wikimedia-Commons.jpg 700w, https://mbp.szczecin.pl/wp-content/uploads/2023/02/2487718-Spalenie-wiedzm-na-stosie-w-Derenburgu-1555-Wikimedia-Commons-300x173.jpg 300w" sizes="(max-width: 532px) 100vw, 532px" /></figure>



<p></p>



<p><strong>Dr hab. Agnieszka Gut</strong> jest historykiem i profesorem Uniwersytetu Szczecińskiego. Pracuje w Instytucie Historycznym US. Naukowo zajmuje się zagadnieniami związanymi ze źródłoznawstwem, a zwłaszcza źródłami dokumentowymi oraz sfragistycznymi i heraldycznymi. </p>



<p>Interesuje ją przy tym głównie społeczny i prawny wymiar wykorzystywania tych źródeł w przeszłości jako środków społecznej komunikacji. W ostatnich latach zajmuje się także procesami o czary na obszarze Księstwa Pomorskiego w XVI-XVIII w. i tworzy bazę danych „czarownic” z Pomorza Przedniego i Tylnego.</p>



<p>Partnerami wydarzenia oraz cyklu są:<br>Fundacja Ścieżkami Pomorza<br>Instytut Historyczny Uniwersytetu Szczecińskiego<br>Instytut Archeologii i Etnologii PAN<br>IAE PAN Ośrodek Archeologii Średniowiecza Krajów Nadbałtyckich w Szczecinie</p>

<div class="entry-summary">
24 marca (piątek) o godz. 18:00 w ramach cyklu historyczno-archeologicznego  do filii nr 7 (pl. Matki Teresy z Kalkuty 8) zaprosimy z wykładem dr hab. Agnieszkę Gut, prof. US. Udział w wydarzeniu jest bezpłatny. Wśród mieszkańców Pomorza znane&hellip;
</div>
