{"id":9673,"date":"2023-02-27T10:39:48","date_gmt":"2023-02-27T10:39:48","guid":{"rendered":"https:\/\/mbp.szczecin.pl\/?post_type=wydarzenia_01&#038;p=9673"},"modified":"2023-03-14T07:50:57","modified_gmt":"2023-03-14T07:50:57","slug":"sycylia-z-bardzo-bliska-kolory-kultury","status":"publish","type":"wydarzenia_01","link":"https:\/\/mbp.szczecin.pl\/wydarzenia_01\/sycylia-z-bardzo-bliska-kolory-kultury\/","title":{"rendered":"Sycylia z bardzo bliska [Kolory kultury]"},"content":{"rendered":"\n<blockquote class=\"wp-block-quote\"><p><strong>21 marca (wtorek)<\/strong> o godz. 18:00 zapraszamy do ProMedi\u00f3w (al. Wojska Polskiego 2) na wyj\u0105tkowe spotkanie podr\u00f3\u017cnicze. Razem z Micha\u0142em Szulimem odwiedzimy Sycyli\u0119 &#8211; jedn\u0105 z najpi\u0119kniejszych wysp Morza \u015ar\u00f3dziemnego.<\/p><\/blockquote>\n\n\n\n<p>Spotkanie b\u0119dzie t\u0142umaczone na j\u0119zyk migowy, udzia\u0142 w nim oczywi\u015bcie jest bezp\u0142atny.<\/p>\n\n\n\n<p>Zapraszamy na nietypow\u0105 wycieczk\u0119 po Sycylii. <\/p>\n\n\n\n<ul><li>Zag\u0142\u0119bimy si\u0119 w\u0105skie zau\u0142ki Palermo i dotrzemy na szczyt wulkanu Etna. <\/li><li>Zobaczymy te\u017c niesamowite widoki rozpo\u015bcieraj\u0105ce si\u0119 z jednego z naj\u0142adniej po\u0142o\u017conych miasteczek na \u015bwiecie, czyli Taorminy. <\/li><li>Poznamy te\u017c tajemnice mafii sycylijskiej i wyruszymy jej \u015bladem. <\/li><li>I w ko\u0144cu dowiemy si\u0119 jak smakuje sycylijska kanapka\u2026 z wo\u0142ow\u0105 \u015bledzion\u0105!<\/li><\/ul>\n\n\n\n<p><\/p>\n\n\n\n<figure class=\"wp-block-image size-large is-resized\"><img loading=\"lazy\" src=\"https:\/\/mbp.szczecin.pl\/wp-content\/uploads\/2023\/02\/sycylia3.jpg\" alt=\"\" class=\"wp-image-9674\" width=\"501\" height=\"376\" srcset=\"https:\/\/mbp.szczecin.pl\/wp-content\/uploads\/2023\/02\/sycylia3.jpg 918w, https:\/\/mbp.szczecin.pl\/wp-content\/uploads\/2023\/02\/sycylia3-300x225.jpg 300w, https:\/\/mbp.szczecin.pl\/wp-content\/uploads\/2023\/02\/sycylia3-768x576.jpg 768w\" sizes=\"(max-width: 501px) 100vw, 501px\" \/><\/figure>\n\n\n\n<p><\/p>\n\n\n\n<p>To b\u0119dzie spojrzenie na Sycyli\u0119 z bardzo bliska i bez temat\u00f3w tabu.<\/p>\n\n\n\n<p><strong>Micha\u0142 Szulim<\/strong>:<\/p>\n\n\n\n<ul><li>autor trzech ksi\u0105\u017cek podr\u00f3\u017cniczych,<\/li><li>wokalista zespo\u0142u PLATEAU, z kt\u00f3rym nagra\u0142 6 p\u0142yt i zagra\u0142 blisko 900 koncert\u00f3w,<\/li><li>podr\u00f3\u017cnik, dziennikarz Radia Dla Ciebie,<\/li><li>tw\u00f3rca bloga www.MiejsceZaMiejscem.pl<\/li><\/ul>\n\n\n\n<p><\/p>\n\n\n\n<figure class=\"wp-block-image size-large is-resized\"><img loading=\"lazy\" src=\"https:\/\/mbp.szczecin.pl\/wp-content\/uploads\/2023\/02\/Michal-Szulim-zdjecie-duze.jpg\" alt=\"\" class=\"wp-image-9675\" width=\"490\" height=\"368\" srcset=\"https:\/\/mbp.szczecin.pl\/wp-content\/uploads\/2023\/02\/Michal-Szulim-zdjecie-duze.jpg 912w, https:\/\/mbp.szczecin.pl\/wp-content\/uploads\/2023\/02\/Michal-Szulim-zdjecie-duze-300x225.jpg 300w, https:\/\/mbp.szczecin.pl\/wp-content\/uploads\/2023\/02\/Michal-Szulim-zdjecie-duze-768x576.jpg 768w\" sizes=\"(max-width: 490px) 100vw, 490px\" \/><\/figure>\n\n\n\n<p><\/p>\n\n\n\n<p>Po spotkaniu b\u0119dzie mo\u017cna kupi\u0107 wszystkie ksi\u0105\u017cki autora z autografem.<\/p>\n\n\n\n<p><\/p>\n\n\n\n<figure class=\"wp-block-image size-large\"><img loading=\"lazy\" width=\"1024\" height=\"576\" src=\"https:\/\/mbp.szczecin.pl\/wp-content\/uploads\/2023\/03\/ZiUK_planszaHD-1024x576.jpg\" alt=\"\" class=\"wp-image-9862\" srcset=\"https:\/\/mbp.szczecin.pl\/wp-content\/uploads\/2023\/03\/ZiUK_planszaHD-1024x576.jpg 1024w, https:\/\/mbp.szczecin.pl\/wp-content\/uploads\/2023\/03\/ZiUK_planszaHD-300x169.jpg 300w, https:\/\/mbp.szczecin.pl\/wp-content\/uploads\/2023\/03\/ZiUK_planszaHD-768x432.jpg 768w, https:\/\/mbp.szczecin.pl\/wp-content\/uploads\/2023\/03\/ZiUK_planszaHD-1536x864.jpg 1536w, https:\/\/mbp.szczecin.pl\/wp-content\/uploads\/2023\/03\/ZiUK_planszaHD.jpg 1920w\" sizes=\"(max-width: 1024px) 100vw, 1024px\" \/><\/figure>\n\n\n\n<p><\/p>\n","protected":false},"excerpt":{"rendered":"<div class=\"entry-summary\">\n21 marca (wtorek) o godz. 18:00 zapraszamy do ProMedi\u00f3w (al. Wojska Polskiego 2) na wyj\u0105tkowe spotkanie podr\u00f3\u017cnicze. Razem z Micha\u0142em Szulimem odwiedzimy Sycyli\u0119 &#8211; jedn\u0105 z najpi\u0119kniejszych wysp Morza \u015ar\u00f3dziemnego. Spotkanie b\u0119dzie t\u0142umaczone na j\u0119zyk migowy, udzia\u0142 w nim oczywi\u015bcie&hellip;\n<\/div>\n","protected":false},"featured_media":9676,"template":"","kategoria":[],"nr-filii-001":[178],"_links":{"self":[{"href":"https:\/\/mbp.szczecin.pl\/wp-json\/wp\/v2\/wydarzenia_01\/9673"}],"collection":[{"href":"https:\/\/mbp.szczecin.pl\/wp-json\/wp\/v2\/wydarzenia_01"}],"about":[{"href":"https:\/\/mbp.szczecin.pl\/wp-json\/wp\/v2\/types\/wydarzenia_01"}],"version-history":[{"count":2,"href":"https:\/\/mbp.szczecin.pl\/wp-json\/wp\/v2\/wydarzenia_01\/9673\/revisions"}],"predecessor-version":[{"id":9863,"href":"https:\/\/mbp.szczecin.pl\/wp-json\/wp\/v2\/wydarzenia_01\/9673\/revisions\/9863"}],"wp:featuredmedia":[{"embeddable":true,"href":"https:\/\/mbp.szczecin.pl\/wp-json\/wp\/v2\/media\/9676"}],"wp:attachment":[{"href":"https:\/\/mbp.szczecin.pl\/wp-json\/wp\/v2\/media?parent=9673"}],"wp:term":[{"taxonomy":"kategoria","embeddable":true,"href":"https:\/\/mbp.szczecin.pl\/wp-json\/wp\/v2\/kategoria?post=9673"},{"taxonomy":"nr-filii-001","embeddable":true,"href":"https:\/\/mbp.szczecin.pl\/wp-json\/wp\/v2\/nr-filii-001?post=9673"}],"curies":[{"name":"wp","href":"https:\/\/api.w.org\/{rel}","templated":true}]}}

<blockquote class="wp-block-quote"><p><strong>21 marca (wtorek)</strong> o godz. 18:00 zapraszamy do ProMediów (al. Wojska Polskiego 2) na wyjątkowe spotkanie podróżnicze. Razem z Michałem Szulimem odwiedzimy Sycylię &#8211; jedną z najpiękniejszych wysp Morza Śródziemnego.</p></blockquote>



<p>Spotkanie będzie tłumaczone na język migowy, udział w nim oczywiście jest bezpłatny.</p>



<p>Zapraszamy na nietypową wycieczkę po Sycylii. </p>



<ul><li>Zagłębimy się wąskie zaułki Palermo i dotrzemy na szczyt wulkanu Etna. </li><li>Zobaczymy też niesamowite widoki rozpościerające się z jednego z najładniej położonych miasteczek na świecie, czyli Taorminy. </li><li>Poznamy też tajemnice mafii sycylijskiej i wyruszymy jej śladem. </li><li>I w końcu dowiemy się jak smakuje sycylijska kanapka… z wołową śledzioną!</li></ul>



<p></p>



<figure class="wp-block-image size-large is-resized"><img loading="lazy" src="https://mbp.szczecin.pl/wp-content/uploads/2023/02/sycylia3.jpg" alt="" class="wp-image-9674" width="501" height="376" srcset="https://mbp.szczecin.pl/wp-content/uploads/2023/02/sycylia3.jpg 918w, https://mbp.szczecin.pl/wp-content/uploads/2023/02/sycylia3-300x225.jpg 300w, https://mbp.szczecin.pl/wp-content/uploads/2023/02/sycylia3-768x576.jpg 768w" sizes="(max-width: 501px) 100vw, 501px" /></figure>



<p></p>



<p>To będzie spojrzenie na Sycylię z bardzo bliska i bez tematów tabu.</p>



<p><strong>Michał Szulim</strong>:</p>



<ul><li>autor trzech książek podróżniczych,</li><li>wokalista zespołu PLATEAU, z którym nagrał 6 płyt i zagrał blisko 900 koncertów,</li><li>podróżnik, dziennikarz Radia Dla Ciebie,</li><li>twórca bloga www.MiejsceZaMiejscem.pl</li></ul>



<p></p>



<figure class="wp-block-image size-large is-resized"><img loading="lazy" src="https://mbp.szczecin.pl/wp-content/uploads/2023/02/Michal-Szulim-zdjecie-duze.jpg" alt="" class="wp-image-9675" width="490" height="368" srcset="https://mbp.szczecin.pl/wp-content/uploads/2023/02/Michal-Szulim-zdjecie-duze.jpg 912w, https://mbp.szczecin.pl/wp-content/uploads/2023/02/Michal-Szulim-zdjecie-duze-300x225.jpg 300w, https://mbp.szczecin.pl/wp-content/uploads/2023/02/Michal-Szulim-zdjecie-duze-768x576.jpg 768w" sizes="(max-width: 490px) 100vw, 490px" /></figure>



<p></p>



<p>Po spotkaniu będzie można kupić wszystkie książki autora z autografem.</p>



<p></p>



<figure class="wp-block-image size-large"><img loading="lazy" width="1024" height="576" src="https://mbp.szczecin.pl/wp-content/uploads/2023/03/ZiUK_planszaHD-1024x576.jpg" alt="" class="wp-image-9862" srcset="https://mbp.szczecin.pl/wp-content/uploads/2023/03/ZiUK_planszaHD-1024x576.jpg 1024w, https://mbp.szczecin.pl/wp-content/uploads/2023/03/ZiUK_planszaHD-300x169.jpg 300w, https://mbp.szczecin.pl/wp-content/uploads/2023/03/ZiUK_planszaHD-768x432.jpg 768w, https://mbp.szczecin.pl/wp-content/uploads/2023/03/ZiUK_planszaHD-1536x864.jpg 1536w, https://mbp.szczecin.pl/wp-content/uploads/2023/03/ZiUK_planszaHD.jpg 1920w" sizes="(max-width: 1024px) 100vw, 1024px" /></figure>



<p></p>

<div class="entry-summary">
21 marca (wtorek) o godz. 18:00 zapraszamy do ProMediów (al. Wojska Polskiego 2) na wyjątkowe spotkanie podróżnicze. Razem z Michałem Szulimem odwiedzimy Sycylię &#8211; jedną z najpiękniejszych wysp Morza Śródziemnego. Spotkanie będzie tłumaczone na język migowy, udział w nim oczywiście&hellip;
</div>
