{"id":9423,"date":"2023-01-31T12:35:22","date_gmt":"2023-01-31T12:35:22","guid":{"rendered":"https:\/\/mbp.szczecin.pl\/?post_type=wydarzenia_01&#038;p=9423"},"modified":"2023-01-31T12:35:22","modified_gmt":"2023-01-31T12:35:22","slug":"trening-mozgu-seniorzy-w-promediach","status":"publish","type":"wydarzenia_01","link":"https:\/\/mbp.szczecin.pl\/wydarzenia_01\/trening-mozgu-seniorzy-w-promediach\/","title":{"rendered":"Trening m\u00f3zgu [Seniorzy w ProMediach]"},"content":{"rendered":"\n<blockquote class=\"wp-block-quote\"><p><strong>8 lutego (\u015broda)<\/strong> o godz. 13:00 zapraszamy do ProMedi\u00f3w (al. Wojska Polskiego 2) na warsztaty z tabletami, usprawniaj\u0105ce pami\u0119\u0107 i koncentracj\u0119.<\/p><\/blockquote>\n\n\n\n<p>Udzia\u0142 w warsztatach jest bezp\u0142atny, jednak nale\u017cy zapisa\u0107 si\u0119 telefonicznie <strong>91 506 50 56<\/strong> lub <strong>filia54@mbp.szczecin.pl<\/strong><\/p>\n\n\n\n<p>Zaj\u0119cia odbywaj\u0105 si\u0119 z u\u017cyciem zapewnionych przez bibliotek\u0119 tablet\u00f3w. Podczas spotkania uczestnicy poznaj\u0105 aplikacj\u0119 cyfrow\u0105, kt\u00f3ra zapewnia codzienny trening m\u00f3zgu w zakresie czterech obszar\u00f3w: pami\u0119ci, uwagi, szybko\u015bci reakcji i rozumowania. Pierwszym etapem zaj\u0119\u0107 b\u0119dzie test utworzenie w\u0142asnego konta i test sprawno\u015bci umys\u0142owej. Aplikacja na podstawie wynik\u00f3w i indywidualnych preferencji dostosowuje codzienny trening, kt\u00f3ry mo\u017cna odbywa\u0107 na tablecie, smartfonie lub w komputerze.<\/p>\n\n\n\n<p>Aplikacja zosta\u0142a wybrana przez prowadz\u0105c\u0105 spo\u015br\u00f3d wielu innych na podstawie dost\u0119pno\u015bci wersji polskiej, dostosowania do potrzeb senior\u00f3w i konkurencyjnej ceny w przypadku us\u0142ugi p\u0142atnej. Wersja darmowa zawiera reklamy i nie pozwala na swobodny dost\u0119p do wszystkich funkcji aplikacji. Ch\u0119tne osoby b\u0119d\u0105 mog\u0142y uzyska\u0107 informacj\u0119, jak w bezpieczny spos\u00f3b wykupi\u0107 wersj\u0119 p\u0142atn\u0105 (mo\u017cliwo\u015b\u0107 konsultacji w innym terminie). Prowadz\u0105ca ani Miejska Biblioteki Publiczna nie czerpi\u0105 zysk\u00f3w z tej ani \u017cadnej innej aplikacji. Uczestnicy otrzymaj\u0105 materia\u0142y, w kt\u00f3rych zostan\u0105 wskazane alternatywne aplikacje.<\/p>\n\n\n\n<p>Spotkanie zostanie poprowadzone przez mgr Anet\u0119 Krejczy, z wykszta\u0142cenia nauczycielk\u0119, coacha i terapeutk\u0119 os\u00f3b w spektrum autyzmu, a obecnie studentk\u0119 psychologii. Zainteresowan\u0105 geragogik\u0105 i psychogerontologi\u0105 (pedagogik\u0105 i psychologi\u0105 os\u00f3b starszych) oraz neuropsychologi\u0105.<\/p>\n","protected":false},"excerpt":{"rendered":"<div class=\"entry-summary\">\n8 lutego (\u015broda) o godz. 13:00 zapraszamy do ProMedi\u00f3w (al. Wojska Polskiego 2) na warsztaty z tabletami, usprawniaj\u0105ce pami\u0119\u0107 i koncentracj\u0119. Udzia\u0142 w warsztatach jest bezp\u0142atny, jednak nale\u017cy zapisa\u0107 si\u0119 telefonicznie 91 506 50 56 lub filia54@mbp.szczecin.pl Zaj\u0119cia odbywaj\u0105 si\u0119&hellip;\n<\/div>\n","protected":false},"featured_media":9424,"template":"","kategoria":[],"nr-filii-001":[178],"_links":{"self":[{"href":"https:\/\/mbp.szczecin.pl\/wp-json\/wp\/v2\/wydarzenia_01\/9423"}],"collection":[{"href":"https:\/\/mbp.szczecin.pl\/wp-json\/wp\/v2\/wydarzenia_01"}],"about":[{"href":"https:\/\/mbp.szczecin.pl\/wp-json\/wp\/v2\/types\/wydarzenia_01"}],"version-history":[{"count":1,"href":"https:\/\/mbp.szczecin.pl\/wp-json\/wp\/v2\/wydarzenia_01\/9423\/revisions"}],"predecessor-version":[{"id":9425,"href":"https:\/\/mbp.szczecin.pl\/wp-json\/wp\/v2\/wydarzenia_01\/9423\/revisions\/9425"}],"wp:featuredmedia":[{"embeddable":true,"href":"https:\/\/mbp.szczecin.pl\/wp-json\/wp\/v2\/media\/9424"}],"wp:attachment":[{"href":"https:\/\/mbp.szczecin.pl\/wp-json\/wp\/v2\/media?parent=9423"}],"wp:term":[{"taxonomy":"kategoria","embeddable":true,"href":"https:\/\/mbp.szczecin.pl\/wp-json\/wp\/v2\/kategoria?post=9423"},{"taxonomy":"nr-filii-001","embeddable":true,"href":"https:\/\/mbp.szczecin.pl\/wp-json\/wp\/v2\/nr-filii-001?post=9423"}],"curies":[{"name":"wp","href":"https:\/\/api.w.org\/{rel}","templated":true}]}}

Trening mózgu [Seniorzy w ProMediach]

<blockquote class="wp-block-quote"><p><strong>8 lutego (środa)</strong> o godz. 13:00 zapraszamy do ProMediów (al. Wojska Polskiego 2) na warsztaty z tabletami, usprawniające pamięć i koncentrację.</p></blockquote>



<p>Udział w warsztatach jest bezpłatny, jednak należy zapisać się telefonicznie <strong>91 506 50 56</strong> lub <strong>filia54@mbp.szczecin.pl</strong></p>



<p>Zajęcia odbywają się z użyciem zapewnionych przez bibliotekę tabletów. Podczas spotkania uczestnicy poznają aplikację cyfrową, która zapewnia codzienny trening mózgu w zakresie czterech obszarów: pamięci, uwagi, szybkości reakcji i rozumowania. Pierwszym etapem zajęć będzie test utworzenie własnego konta i test sprawności umysłowej. Aplikacja na podstawie wyników i indywidualnych preferencji dostosowuje codzienny trening, który można odbywać na tablecie, smartfonie lub w komputerze.</p>



<p>Aplikacja została wybrana przez prowadzącą spośród wielu innych na podstawie dostępności wersji polskiej, dostosowania do potrzeb seniorów i konkurencyjnej ceny w przypadku usługi płatnej. Wersja darmowa zawiera reklamy i nie pozwala na swobodny dostęp do wszystkich funkcji aplikacji. Chętne osoby będą mogły uzyskać informację, jak w bezpieczny sposób wykupić wersję płatną (możliwość konsultacji w innym terminie). Prowadząca ani Miejska Biblioteki Publiczna nie czerpią zysków z tej ani żadnej innej aplikacji. Uczestnicy otrzymają materiały, w których zostaną wskazane alternatywne aplikacje.</p>



<p>Spotkanie zostanie poprowadzone przez mgr Anetę Krejczy, z wykształcenia nauczycielkę, coacha i terapeutkę osób w spektrum autyzmu, a obecnie studentkę psychologii. Zainteresowaną geragogiką i psychogerontologią (pedagogiką i psychologią osób starszych) oraz neuropsychologią.</p>

<div class="entry-summary">
8 lutego (środa) o godz. 13:00 zapraszamy do ProMediów (al. Wojska Polskiego 2) na warsztaty z tabletami, usprawniające pamięć i koncentrację. Udział w warsztatach jest bezpłatny, jednak należy zapisać się telefonicznie 91 506 50 56 lub filia54@mbp.szczecin.pl Zajęcia odbywają się&hellip;
</div>
