{"id":9418,"date":"2023-01-31T08:58:03","date_gmt":"2023-01-31T08:58:03","guid":{"rendered":"https:\/\/mbp.szczecin.pl\/?post_type=wydarzenia_01&#038;p=9418"},"modified":"2023-01-31T08:58:04","modified_gmt":"2023-01-31T08:58:04","slug":"dekady-w-komiksie-lata-80-w-stanach-zjednoczonych-taktownie-o-popkulturze-i-komiksie","status":"publish","type":"wydarzenia_01","link":"https:\/\/mbp.szczecin.pl\/wydarzenia_01\/dekady-w-komiksie-lata-80-w-stanach-zjednoczonych-taktownie-o-popkulturze-i-komiksie\/","title":{"rendered":"Dekady w komiksie &#8211; lata 80. w Stanach Zjednoczonych [Taktownie o Popkulturze i Komiksie]"},"content":{"rendered":"\n<blockquote class=\"wp-block-quote\"><p><strong>27 lutego (poniedzia\u0142ek)<\/strong> o godz. 18:00 tradycyjnie w ProMediach (al. Wojska Polskiego 2) porozmawiamy o popkulturze razem ze Stowarzyszeniem POP-ART.<\/p><\/blockquote>\n\n\n\n<p>Udzia\u0142 w wydarzeniu jest bezp\u0142atny.<\/p>\n\n\n\n<p>Omawiaj\u0105c kolejne dekady komiksowe, doszli\u015bmy wreszcie do lat <strong>80<\/strong>., niesamowicie p\u0142odnych w tytu\u0142y i tw\u00f3rc\u00f3w na ca\u0142ym \u015bwiecie.<\/p>\n\n\n\n<p>Aby wi\u0119c nie przesyci\u0107 si\u0119 tematem, podzielimy go sprawiedliwie. Na spotkaniu w lutym wybierzemy si\u0119 &#8222;za Wielk\u0105 Wod\u0119&#8221;, aby om\u00f3wi\u0107 kultowe tytu\u0142y komiksowe ze Stan\u00f3w Zjednoczonych. <br>A w kwietniu doko\u0144czymy podr\u00f3\u017c przez Europ\u0119 i Azj\u0119.<\/p>\n\n\n\n<p>Propozycje komiks\u00f3w do dyskusji mo\u017cna nadsy\u0142a\u0107 mailowo: elewatorkultury@gmail.com<\/p>\n","protected":false},"excerpt":{"rendered":"<div class=\"entry-summary\">\n27 lutego (poniedzia\u0142ek) o godz. 18:00 tradycyjnie w ProMediach (al. Wojska Polskiego 2) porozmawiamy o popkulturze razem ze Stowarzyszeniem POP-ART. Udzia\u0142 w wydarzeniu jest bezp\u0142atny. Omawiaj\u0105c kolejne dekady komiksowe, doszli\u015bmy wreszcie do lat 80., niesamowicie p\u0142odnych w tytu\u0142y i tw\u00f3rc\u00f3w&hellip;\n<\/div>\n","protected":false},"featured_media":9177,"template":"","kategoria":[],"nr-filii-001":[178],"_links":{"self":[{"href":"https:\/\/mbp.szczecin.pl\/wp-json\/wp\/v2\/wydarzenia_01\/9418"}],"collection":[{"href":"https:\/\/mbp.szczecin.pl\/wp-json\/wp\/v2\/wydarzenia_01"}],"about":[{"href":"https:\/\/mbp.szczecin.pl\/wp-json\/wp\/v2\/types\/wydarzenia_01"}],"version-history":[{"count":2,"href":"https:\/\/mbp.szczecin.pl\/wp-json\/wp\/v2\/wydarzenia_01\/9418\/revisions"}],"predecessor-version":[{"id":9420,"href":"https:\/\/mbp.szczecin.pl\/wp-json\/wp\/v2\/wydarzenia_01\/9418\/revisions\/9420"}],"wp:featuredmedia":[{"embeddable":true,"href":"https:\/\/mbp.szczecin.pl\/wp-json\/wp\/v2\/media\/9177"}],"wp:attachment":[{"href":"https:\/\/mbp.szczecin.pl\/wp-json\/wp\/v2\/media?parent=9418"}],"wp:term":[{"taxonomy":"kategoria","embeddable":true,"href":"https:\/\/mbp.szczecin.pl\/wp-json\/wp\/v2\/kategoria?post=9418"},{"taxonomy":"nr-filii-001","embeddable":true,"href":"https:\/\/mbp.szczecin.pl\/wp-json\/wp\/v2\/nr-filii-001?post=9418"}],"curies":[{"name":"wp","href":"https:\/\/api.w.org\/{rel}","templated":true}]}}

<blockquote class="wp-block-quote"><p><strong>27 lutego (poniedziałek)</strong> o godz. 18:00 tradycyjnie w ProMediach (al. Wojska Polskiego 2) porozmawiamy o popkulturze razem ze Stowarzyszeniem POP-ART.</p></blockquote>



<p>Udział w wydarzeniu jest bezpłatny.</p>



<p>Omawiając kolejne dekady komiksowe, doszliśmy wreszcie do lat <strong>80</strong>., niesamowicie płodnych w tytuły i twórców na całym świecie.</p>



<p>Aby więc nie przesycić się tematem, podzielimy go sprawiedliwie. Na spotkaniu w lutym wybierzemy się &#8222;za Wielką Wodę&#8221;, aby omówić kultowe tytuły komiksowe ze Stanów Zjednoczonych. <br>A w kwietniu dokończymy podróż przez Europę i Azję.</p>



<p>Propozycje komiksów do dyskusji można nadsyłać mailowo: elewatorkultury@gmail.com</p>

<div class="entry-summary">
27 lutego (poniedziałek) o godz. 18:00 tradycyjnie w ProMediach (al. Wojska Polskiego 2) porozmawiamy o popkulturze razem ze Stowarzyszeniem POP-ART. Udział w wydarzeniu jest bezpłatny. Omawiając kolejne dekady komiksowe, doszliśmy wreszcie do lat 80., niesamowicie płodnych w tytuły i twórców&hellip;
</div>
