{"id":9398,"date":"2023-01-30T08:43:01","date_gmt":"2023-01-30T08:43:01","guid":{"rendered":"https:\/\/mbp.szczecin.pl\/?post_type=wydarzenia_01&#038;p=9398"},"modified":"2023-01-30T08:43:01","modified_gmt":"2023-01-30T08:43:01","slug":"na-co-dzien-i-od-swieta-zycie-w-sredniowiecznym-szczecinie-okiem-archeologa-pomerania-incognita","status":"publish","type":"wydarzenia_01","link":"https:\/\/mbp.szczecin.pl\/wydarzenia_01\/na-co-dzien-i-od-swieta-zycie-w-sredniowiecznym-szczecinie-okiem-archeologa-pomerania-incognita\/","title":{"rendered":"Na co dzie\u0144 i od \u015bwi\u0119ta. \u017bycie w \u015bredniowiecznym Szczecinie okiem archeologa [Pomerania incognita]"},"content":{"rendered":"\n<blockquote class=\"wp-block-quote\"><p><strong>23 lutego (czwartek)<\/strong> o godz. 18:00 w filii nr 7 (pl. Matki Teresy z Kalkuty 8) w ramach cyklu [Pomerania incgonita. Spotkania z pomorsk\u0105 przesz\u0142o\u015bci\u0105] wyk\u0142ad na temat codzienno\u015bci w \u015bredniowiecznym Szczecinie wyg\u0142osi dr hab. Anna B. Kowalska &#8211; archeolo\u017cka, pracownica naukowa w Instytucie Archeologii i Etnologii PAN.<\/p><\/blockquote>\n\n\n\n<p>Wst\u0119p na wydarzenie jest bezp\u0142atny.<\/p>\n\n\n\n<p>Najstarsze przekazy historyczne na temat \u015bredniowiecznego Szczecina pochodz\u0105 z XII wieku, z \u017cywot\u00f3w \u015bw. Ottona, biskupa z Bambergu, zwanego te\u017c Aposto\u0142em Pomorza. Wy\u0142ania si\u0119 z nich obraz t\u0119tni\u0105cego \u017cyciem miasta, w kt\u00f3rym wa\u017cn\u0105 rol\u0119 odgrywa\u0142 handel, rzemios\u0142o i rybo\u0142\u00f3wstwo, a mieszka\u0144cy \u017cyli dostatnio w schludnych, drewnianych domach. Szczecin by\u0142 w tym czasie ponad trzystuletnim o\u015brodkiem rozwijaj\u0105cym si\u0119 na dzisiejszym Wzg\u00f3rzu Zamkowym i na terenie pomi\u0119dzy wzg\u00f3rzem a Odr\u0105. Na temat jego pocz\u0105tk\u00f3w, etap\u00f3w rozwoju i materialnych podstaw \u017cycia mieszka\u0144c\u00f3w, tak na co dzie\u0144 jak i od \u015bwi\u0119ta, najwi\u0119cej informacji dostarczy\u0142y wyniki bada\u0144 archeologicznych. Dzisiaj, posi\u0142kuj\u0105c si\u0119 \u017ar\u00f3d\u0142ami odkrytymi w ziemi mo\u017cemy zrekonstruowa\u0107 obraz \u017cycia codziennego mieszka\u0144c\u00f3w naszego miasta w ci\u0105gu kilku stuleci zwanych wiekami \u015brednimi.<\/p>\n\n\n\n<p><\/p>\n\n\n\n<figure class=\"wp-block-image size-large is-resized\"><img loading=\"lazy\" src=\"https:\/\/mbp.szczecin.pl\/wp-content\/uploads\/2023\/01\/tkaczka.png\" alt=\"\" class=\"wp-image-9399\" width=\"518\" height=\"446\" srcset=\"https:\/\/mbp.szczecin.pl\/wp-content\/uploads\/2023\/01\/tkaczka.png 368w, https:\/\/mbp.szczecin.pl\/wp-content\/uploads\/2023\/01\/tkaczka-300x258.png 300w\" sizes=\"(max-width: 518px) 100vw, 518px\" \/><\/figure>\n\n\n\n<p><\/p>\n\n\n\n<p><strong>Anna B. Kowalska<\/strong> &#8211; archeolog, dr hab. w Instytucie Archeologii i Etnologii PAN, kustosz dyplomowany w Dziale Archeologii Muzeum Narodowego w Szczecinie, redaktor naczelna Rocznika Naukowego MNS \u201eMateria\u0142y Zachodniopomorskie\u201d, w-ce prezes Stowarzyszenia Naukowego Archeolog\u00f3w Polskich. Autorka blisko 150 publikacji naukowych, w tym ksi\u0105\u017cek. Zajmuje si\u0119 kultur\u0105 \u017cycia codziennego na Pomorzu w wiekach \u015brednich na podstawie wykopalisk archeologicznych. W kr\u0119gu jej zainteresowa\u0144 szczeg\u00f3lne miejsce zajmuje problematyka wyrob\u00f3w ze sk\u00f3ry i rozw\u00f3j rzemios\u0142 sk\u00f3rniczych.<\/p>\n\n\n\n<p>Partnerami wydarzenia oraz cyklu s\u0105:<br>Fundacja \u015acie\u017ckami Pomorza<br>Instytut Historyczny Uniwersytetu Szczeci\u0144skiego<br>Instytut Archeologii i Etnologii PAN<br>IAE PAN O\u015brodek Archeologii \u015aredniowiecza Kraj\u00f3w Nadba\u0142tyckich w Szczecinie<\/p>\n","protected":false},"excerpt":{"rendered":"<div class=\"entry-summary\">\n23 lutego (czwartek) o godz. 18:00 w filii nr 7 (pl. Matki Teresy z Kalkuty 8) w ramach cyklu  wyk\u0142ad na temat codzienno\u015bci w \u015bredniowiecznym Szczecinie wyg\u0142osi dr hab. Anna B. Kowalska &#8211; archeolo\u017cka,&hellip;\n<\/div>\n","protected":false},"featured_media":9400,"template":"","kategoria":[],"nr-filii-001":[176],"_links":{"self":[{"href":"https:\/\/mbp.szczecin.pl\/wp-json\/wp\/v2\/wydarzenia_01\/9398"}],"collection":[{"href":"https:\/\/mbp.szczecin.pl\/wp-json\/wp\/v2\/wydarzenia_01"}],"about":[{"href":"https:\/\/mbp.szczecin.pl\/wp-json\/wp\/v2\/types\/wydarzenia_01"}],"version-history":[{"count":2,"href":"https:\/\/mbp.szczecin.pl\/wp-json\/wp\/v2\/wydarzenia_01\/9398\/revisions"}],"predecessor-version":[{"id":9402,"href":"https:\/\/mbp.szczecin.pl\/wp-json\/wp\/v2\/wydarzenia_01\/9398\/revisions\/9402"}],"wp:featuredmedia":[{"embeddable":true,"href":"https:\/\/mbp.szczecin.pl\/wp-json\/wp\/v2\/media\/9400"}],"wp:attachment":[{"href":"https:\/\/mbp.szczecin.pl\/wp-json\/wp\/v2\/media?parent=9398"}],"wp:term":[{"taxonomy":"kategoria","embeddable":true,"href":"https:\/\/mbp.szczecin.pl\/wp-json\/wp\/v2\/kategoria?post=9398"},{"taxonomy":"nr-filii-001","embeddable":true,"href":"https:\/\/mbp.szczecin.pl\/wp-json\/wp\/v2\/nr-filii-001?post=9398"}],"curies":[{"name":"wp","href":"https:\/\/api.w.org\/{rel}","templated":true}]}}

Na co dzień i od święta. Życie w średniowiecznym Szczecinie okiem archeologa [Pomerania incognita]

<blockquote class="wp-block-quote"><p><strong>23 lutego (czwartek)</strong> o godz. 18:00 w filii nr 7 (pl. Matki Teresy z Kalkuty 8) w ramach cyklu [Pomerania incgonita. Spotkania z pomorską przeszłością] wykład na temat codzienności w średniowiecznym Szczecinie wygłosi dr hab. Anna B. Kowalska &#8211; archeolożka, pracownica naukowa w Instytucie Archeologii i Etnologii PAN.</p></blockquote>



<p>Wstęp na wydarzenie jest bezpłatny.</p>



<p>Najstarsze przekazy historyczne na temat średniowiecznego Szczecina pochodzą z XII wieku, z żywotów św. Ottona, biskupa z Bambergu, zwanego też Apostołem Pomorza. Wyłania się z nich obraz tętniącego życiem miasta, w którym ważną rolę odgrywał handel, rzemiosło i rybołówstwo, a mieszkańcy żyli dostatnio w schludnych, drewnianych domach. Szczecin był w tym czasie ponad trzystuletnim ośrodkiem rozwijającym się na dzisiejszym Wzgórzu Zamkowym i na terenie pomiędzy wzgórzem a Odrą. Na temat jego początków, etapów rozwoju i materialnych podstaw życia mieszkańców, tak na co dzień jak i od święta, najwięcej informacji dostarczyły wyniki badań archeologicznych. Dzisiaj, posiłkując się źródłami odkrytymi w ziemi możemy zrekonstruować obraz życia codziennego mieszkańców naszego miasta w ciągu kilku stuleci zwanych wiekami średnimi.</p>



<p></p>



<figure class="wp-block-image size-large is-resized"><img loading="lazy" src="https://mbp.szczecin.pl/wp-content/uploads/2023/01/tkaczka.png" alt="" class="wp-image-9399" width="518" height="446" srcset="https://mbp.szczecin.pl/wp-content/uploads/2023/01/tkaczka.png 368w, https://mbp.szczecin.pl/wp-content/uploads/2023/01/tkaczka-300x258.png 300w" sizes="(max-width: 518px) 100vw, 518px" /></figure>



<p></p>



<p><strong>Anna B. Kowalska</strong> &#8211; archeolog, dr hab. w Instytucie Archeologii i Etnologii PAN, kustosz dyplomowany w Dziale Archeologii Muzeum Narodowego w Szczecinie, redaktor naczelna Rocznika Naukowego MNS „Materiały Zachodniopomorskie”, w-ce prezes Stowarzyszenia Naukowego Archeologów Polskich. Autorka blisko 150 publikacji naukowych, w tym książek. Zajmuje się kulturą życia codziennego na Pomorzu w wiekach średnich na podstawie wykopalisk archeologicznych. W kręgu jej zainteresowań szczególne miejsce zajmuje problematyka wyrobów ze skóry i rozwój rzemiosł skórniczych.</p>



<p>Partnerami wydarzenia oraz cyklu są:<br>Fundacja Ścieżkami Pomorza<br>Instytut Historyczny Uniwersytetu Szczecińskiego<br>Instytut Archeologii i Etnologii PAN<br>IAE PAN Ośrodek Archeologii Średniowiecza Krajów Nadbałtyckich w Szczecinie</p>

<div class="entry-summary">
23 lutego (czwartek) o godz. 18:00 w filii nr 7 (pl. Matki Teresy z Kalkuty 8) w ramach cyklu  wykład na temat codzienności w średniowiecznym Szczecinie wygłosi dr hab. Anna B. Kowalska &#8211; archeolożka,&hellip;
</div>
