{"id":9395,"date":"2023-01-30T08:31:18","date_gmt":"2023-01-30T08:31:18","guid":{"rendered":"https:\/\/mbp.szczecin.pl\/?post_type=wydarzenia_01&#038;p=9395"},"modified":"2023-01-30T08:31:19","modified_gmt":"2023-01-30T08:31:19","slug":"isekai-winter-special","status":"publish","type":"wydarzenia_01","link":"https:\/\/mbp.szczecin.pl\/wydarzenia_01\/isekai-winter-special\/","title":{"rendered":"[ Isekai Winter Special ]"},"content":{"rendered":"\n<ul><li>Wymienisz imiona bohater\u00f3w z mang\ud83c\udfef, s\u0142ysz\u0105c tylko ich nazwiska?<\/li><li>Odgadniesz numer tomiku po ok\u0142adce lub opisie fabu\u0142y?\ud83d\udcd8<\/li><li>Rozszyfrujesz postacie lub przedmioty z kultowych serii, ukryte pod pikselami?<\/li><\/ul>\n\n\n\n<p>W \u015brodku zimy \u2603\ufe0f\u2744\ufe0f w trakcie odpoczynku od szko\u0142y, zapraszamy Was na specjalny odcinek [ Isekai\u2019a Klubu Mi\u0142o\u015bnik\u00f3w Mangi ].\u00a0<\/p>\n\n\n\n<p><strong>23 lutego (czwartek)<\/strong> o godz. <strong>17:30<\/strong> niech przyb\u0119d\u0105 do ProMedi\u00f3w (al. Wojska Polskiego 2) wszyscy fani japo\u0144skiej popkultury, kt\u00f3rzy b\u0119d\u0105 chcieli zmierzy\u0107 si\u0119 w Epickiej Multimedialnej Wiedz\u00f3wce Mangowej!\u00a0<\/p>\n\n\n\n<p>Konkuruj\u0105c w grupach i rozwi\u0105zuj\u0105c nasze arcytrudne\ud83d\ude08 zagadki, b\u0119dziecie mieli szans\u0119 wygra\u0107 cenne nagrody\ud83c\udfc6 (oraz tytu\u0142 Mistrza Pokemon\u00f3w niczym Ash Ketchum \ud83e\udd23)<\/p>\n","protected":false},"excerpt":{"rendered":"<div class=\"entry-summary\">\nWymienisz imiona bohater\u00f3w z mang\ud83c\udfef, s\u0142ysz\u0105c tylko ich nazwiska? Odgadniesz numer tomiku po ok\u0142adce lub opisie fabu\u0142y?\ud83d\udcd8 Rozszyfrujesz postacie lub przedmioty z kultowych serii, ukryte pod pikselami? W \u015brodku zimy \u2603\ufe0f\u2744\ufe0f w trakcie odpoczynku od szko\u0142y, zapraszamy Was na specjalny&hellip;\n<\/div>\n","protected":false},"featured_media":9396,"template":"","kategoria":[],"nr-filii-001":[178],"_links":{"self":[{"href":"https:\/\/mbp.szczecin.pl\/wp-json\/wp\/v2\/wydarzenia_01\/9395"}],"collection":[{"href":"https:\/\/mbp.szczecin.pl\/wp-json\/wp\/v2\/wydarzenia_01"}],"about":[{"href":"https:\/\/mbp.szczecin.pl\/wp-json\/wp\/v2\/types\/wydarzenia_01"}],"version-history":[{"count":1,"href":"https:\/\/mbp.szczecin.pl\/wp-json\/wp\/v2\/wydarzenia_01\/9395\/revisions"}],"predecessor-version":[{"id":9397,"href":"https:\/\/mbp.szczecin.pl\/wp-json\/wp\/v2\/wydarzenia_01\/9395\/revisions\/9397"}],"wp:featuredmedia":[{"embeddable":true,"href":"https:\/\/mbp.szczecin.pl\/wp-json\/wp\/v2\/media\/9396"}],"wp:attachment":[{"href":"https:\/\/mbp.szczecin.pl\/wp-json\/wp\/v2\/media?parent=9395"}],"wp:term":[{"taxonomy":"kategoria","embeddable":true,"href":"https:\/\/mbp.szczecin.pl\/wp-json\/wp\/v2\/kategoria?post=9395"},{"taxonomy":"nr-filii-001","embeddable":true,"href":"https:\/\/mbp.szczecin.pl\/wp-json\/wp\/v2\/nr-filii-001?post=9395"}],"curies":[{"name":"wp","href":"https:\/\/api.w.org\/{rel}","templated":true}]}}

<ul><li>Wymienisz imiona bohaterów z mang🏯, słysząc tylko ich nazwiska?</li><li>Odgadniesz numer tomiku po okładce lub opisie fabuły?📘</li><li>Rozszyfrujesz postacie lub przedmioty z kultowych serii, ukryte pod pikselami?</li></ul>



<p>W środku zimy ☃️❄️ w trakcie odpoczynku od szkoły, zapraszamy Was na specjalny odcinek [ Isekai’a Klubu Miłośników Mangi ]. </p>



<p><strong>23 lutego (czwartek)</strong> o godz. <strong>17:30</strong> niech przybędą do ProMediów (al. Wojska Polskiego 2) wszyscy fani japońskiej popkultury, którzy będą chcieli zmierzyć się w Epickiej Multimedialnej Wiedzówce Mangowej! </p>



<p>Konkurując w grupach i rozwiązując nasze arcytrudne😈 zagadki, będziecie mieli szansę wygrać cenne nagrody🏆 (oraz tytuł Mistrza Pokemonów niczym Ash Ketchum 🤣)</p>

<div class="entry-summary">
Wymienisz imiona bohaterów z mang🏯, słysząc tylko ich nazwiska? Odgadniesz numer tomiku po okładce lub opisie fabuły?📘 Rozszyfrujesz postacie lub przedmioty z kultowych serii, ukryte pod pikselami? W środku zimy ☃️❄️ w trakcie odpoczynku od szkoły, zapraszamy Was na specjalny&hellip;
</div>
