{"id":9387,"date":"2023-01-30T07:43:20","date_gmt":"2023-01-30T07:43:20","guid":{"rendered":"https:\/\/mbp.szczecin.pl\/?post_type=wydarzenia_01&#038;p=9387"},"modified":"2023-02-10T11:26:59","modified_gmt":"2023-02-10T11:26:59","slug":"o-pingwinkach-w-bibliotece-literacki-kacik-malucha","status":"publish","type":"wydarzenia_01","link":"https:\/\/mbp.szczecin.pl\/wydarzenia_01\/o-pingwinkach-w-bibliotece-literacki-kacik-malucha\/","title":{"rendered":"O pingwinkach w bibliotece [Literacki K\u0105cik Malucha]"},"content":{"rendered":"\n<blockquote class=\"wp-block-quote\"><p>Z okazji ferii zimowych, w imieniu pani Justyny z filii nr 2 (ul. Sikorskiego 10), zapraszamy na kolejne spotkanie [Literackiego K\u0105cika Malucha], kt\u00f3re odb\u0119dzie si\u0119 <strong>16 lutego (czwartek)<\/strong> o godz. 17:00. <\/p><\/blockquote>\n\n\n\n<p>W tym miesi\u0105cu b\u0119dziemy mogli pozna\u0107 histori\u0119: &#8222;Niedoskona\u0142ego pingwina&#8221; autorstwa Steve Smallman&#8217;a i dowiedzie\u0107 si\u0119 wi\u0119cej o akceptacji i wyrozumia\u0142o\u015bci. <\/p>\n\n\n\n<p>Wykonamy r\u00f3wnie\u017c w\u0142asnego pingwinka, kt\u00f3rego b\u0119dzie mo\u017cna zabra\u0107 ze sob\u0105.<\/p>\n\n\n\n<p>Aby wzi\u0105\u0107 udzia\u0142 w spotkaniu, <strong>nale\u017cy zapisa\u0107 si\u0119<\/strong> bezpo\u015brednio w filii lub telefonicznie 91 48 43 259<\/p>\n\n\n\n<p>Zapraszam do czynnego udzia\u0142u!<\/p>\n","protected":false},"excerpt":{"rendered":"<div class=\"entry-summary\">\nZ okazji ferii zimowych, w imieniu pani Justyny z filii nr 2 (ul. Sikorskiego 10), zapraszamy na kolejne spotkanie , kt\u00f3re odb\u0119dzie si\u0119 16 lutego (czwartek) o godz. 17:00. W tym miesi\u0105cu b\u0119dziemy mogli pozna\u0107 histori\u0119: &#8222;Niedoskona\u0142ego pingwina&#8221;&hellip;\n<\/div>\n","protected":false},"featured_media":9558,"template":"","kategoria":[],"nr-filii-001":[255],"_links":{"self":[{"href":"https:\/\/mbp.szczecin.pl\/wp-json\/wp\/v2\/wydarzenia_01\/9387"}],"collection":[{"href":"https:\/\/mbp.szczecin.pl\/wp-json\/wp\/v2\/wydarzenia_01"}],"about":[{"href":"https:\/\/mbp.szczecin.pl\/wp-json\/wp\/v2\/types\/wydarzenia_01"}],"version-history":[{"count":1,"href":"https:\/\/mbp.szczecin.pl\/wp-json\/wp\/v2\/wydarzenia_01\/9387\/revisions"}],"predecessor-version":[{"id":9389,"href":"https:\/\/mbp.szczecin.pl\/wp-json\/wp\/v2\/wydarzenia_01\/9387\/revisions\/9389"}],"wp:featuredmedia":[{"embeddable":true,"href":"https:\/\/mbp.szczecin.pl\/wp-json\/wp\/v2\/media\/9558"}],"wp:attachment":[{"href":"https:\/\/mbp.szczecin.pl\/wp-json\/wp\/v2\/media?parent=9387"}],"wp:term":[{"taxonomy":"kategoria","embeddable":true,"href":"https:\/\/mbp.szczecin.pl\/wp-json\/wp\/v2\/kategoria?post=9387"},{"taxonomy":"nr-filii-001","embeddable":true,"href":"https:\/\/mbp.szczecin.pl\/wp-json\/wp\/v2\/nr-filii-001?post=9387"}],"curies":[{"name":"wp","href":"https:\/\/api.w.org\/{rel}","templated":true}]}}

O pingwinkach w bibliotece [Literacki Kącik Malucha]

<blockquote class="wp-block-quote"><p>Z okazji ferii zimowych, w imieniu pani Justyny z filii nr 2 (ul. Sikorskiego 10), zapraszamy na kolejne spotkanie [Literackiego Kącika Malucha], które odbędzie się <strong>16 lutego (czwartek)</strong> o godz. 17:00. </p></blockquote>



<p>W tym miesiącu będziemy mogli poznać historię: &#8222;Niedoskonałego pingwina&#8221; autorstwa Steve Smallman&#8217;a i dowiedzieć się więcej o akceptacji i wyrozumiałości. </p>



<p>Wykonamy również własnego pingwinka, którego będzie można zabrać ze sobą.</p>



<p>Aby wziąć udział w spotkaniu, <strong>należy zapisać się</strong> bezpośrednio w filii lub telefonicznie 91 48 43 259</p>



<p>Zapraszam do czynnego udziału!</p>

<div class="entry-summary">
Z okazji ferii zimowych, w imieniu pani Justyny z filii nr 2 (ul. Sikorskiego 10), zapraszamy na kolejne spotkanie , które odbędzie się 16 lutego (czwartek) o godz. 17:00. W tym miesiącu będziemy mogli poznać historię: &#8222;Niedoskonałego pingwina&#8221;&hellip;
</div>
