{"id":9384,"date":"2023-01-30T07:33:44","date_gmt":"2023-01-30T07:33:44","guid":{"rendered":"https:\/\/mbp.szczecin.pl\/?post_type=wydarzenia_01&#038;p=9384"},"modified":"2023-01-30T07:33:44","modified_gmt":"2023-01-30T07:33:44","slug":"podaruj-bliskim-cos-od-serca-senioriada","status":"publish","type":"wydarzenia_01","link":"https:\/\/mbp.szczecin.pl\/wydarzenia_01\/podaruj-bliskim-cos-od-serca-senioriada\/","title":{"rendered":"Podaruj bliskim co\u015b od serca [Senioriada]"},"content":{"rendered":"\n<blockquote class=\"wp-block-quote\"><p><strong>14 lutego (wtorek)<\/strong> o godz. 13:00 zapraszamy serdecznie do filii nr 7 (pl. Matki Teresy z Kalkuty 8) na walentynkowe spotkanie w cyklu [Senioriada].<\/p><\/blockquote>\n\n\n\n<p>Podczas warsztat\u00f3w decoupage wsp\u00f3lnie wykonamy ma\u0142e upominki, kt\u00f3re b\u0119dzie mo\u017cna podarowa\u0107 najbli\u017cszym.<\/p>\n\n\n\n<p>Atrakcyjne plastycznie zaj\u0119cia poprowadzi pani Izabela Ferta\u0142a.<\/p>\n\n\n\n<p>Aby wzi\u0105\u0107 udzia\u0142 w wydarzeniu nale\u017cy zg\u0142osi\u0107 tak\u0105 ch\u0119\u0107 bezpo\u015brednio w filii lub telefonicznie <strong>91 506 50 58<\/strong>.<\/p>\n\n\n\n<p><\/p>\n","protected":false},"excerpt":{"rendered":"<div class=\"entry-summary\">\n14 lutego (wtorek) o godz. 13:00 zapraszamy serdecznie do filii nr 7 (pl. Matki Teresy z Kalkuty 8) na walentynkowe spotkanie w cyklu . Podczas warsztat\u00f3w decoupage wsp\u00f3lnie wykonamy ma\u0142e upominki, kt\u00f3re b\u0119dzie mo\u017cna podarowa\u0107 najbli\u017cszym. Atrakcyjne plastycznie zaj\u0119cia poprowadzi&hellip;\n<\/div>\n","protected":false},"featured_media":9385,"template":"","kategoria":[],"nr-filii-001":[176],"_links":{"self":[{"href":"https:\/\/mbp.szczecin.pl\/wp-json\/wp\/v2\/wydarzenia_01\/9384"}],"collection":[{"href":"https:\/\/mbp.szczecin.pl\/wp-json\/wp\/v2\/wydarzenia_01"}],"about":[{"href":"https:\/\/mbp.szczecin.pl\/wp-json\/wp\/v2\/types\/wydarzenia_01"}],"version-history":[{"count":1,"href":"https:\/\/mbp.szczecin.pl\/wp-json\/wp\/v2\/wydarzenia_01\/9384\/revisions"}],"predecessor-version":[{"id":9386,"href":"https:\/\/mbp.szczecin.pl\/wp-json\/wp\/v2\/wydarzenia_01\/9384\/revisions\/9386"}],"wp:featuredmedia":[{"embeddable":true,"href":"https:\/\/mbp.szczecin.pl\/wp-json\/wp\/v2\/media\/9385"}],"wp:attachment":[{"href":"https:\/\/mbp.szczecin.pl\/wp-json\/wp\/v2\/media?parent=9384"}],"wp:term":[{"taxonomy":"kategoria","embeddable":true,"href":"https:\/\/mbp.szczecin.pl\/wp-json\/wp\/v2\/kategoria?post=9384"},{"taxonomy":"nr-filii-001","embeddable":true,"href":"https:\/\/mbp.szczecin.pl\/wp-json\/wp\/v2\/nr-filii-001?post=9384"}],"curies":[{"name":"wp","href":"https:\/\/api.w.org\/{rel}","templated":true}]}}

Podaruj bliskim coś od serca [Senioriada]

<blockquote class="wp-block-quote"><p><strong>14 lutego (wtorek)</strong> o godz. 13:00 zapraszamy serdecznie do filii nr 7 (pl. Matki Teresy z Kalkuty 8) na walentynkowe spotkanie w cyklu [Senioriada].</p></blockquote>



<p>Podczas warsztatów decoupage wspólnie wykonamy małe upominki, które będzie można podarować najbliższym.</p>



<p>Atrakcyjne plastycznie zajęcia poprowadzi pani Izabela Fertała.</p>



<p>Aby wziąć udział w wydarzeniu należy zgłosić taką chęć bezpośrednio w filii lub telefonicznie <strong>91 506 50 58</strong>.</p>



<p></p>

<div class="entry-summary">
14 lutego (wtorek) o godz. 13:00 zapraszamy serdecznie do filii nr 7 (pl. Matki Teresy z Kalkuty 8) na walentynkowe spotkanie w cyklu . Podczas warsztatów decoupage wspólnie wykonamy małe upominki, które będzie można podarować najbliższym. Atrakcyjne plastycznie zajęcia poprowadzi&hellip;
</div>
