{"id":9353,"date":"2023-01-25T12:26:46","date_gmt":"2023-01-25T12:26:46","guid":{"rendered":"https:\/\/mbp.szczecin.pl\/?post_type=wydarzenia_01&#038;p=9353"},"modified":"2023-01-27T06:19:31","modified_gmt":"2023-01-27T06:19:31","slug":"milosc-trudna-dla-otaku-isekai-klub-milosnikow-mangi","status":"publish","type":"wydarzenia_01","link":"https:\/\/mbp.szczecin.pl\/wydarzenia_01\/milosc-trudna-dla-otaku-isekai-klub-milosnikow-mangi\/","title":{"rendered":"Mi\u0142o\u015b\u0107 trudna dla otaku? [ Isekai Klub Mi\u0142o\u015bnik\u00f3w Mangi ]"},"content":{"rendered":"\n<blockquote class=\"wp-block-quote\"><p>Witajcie mangomaniacy!<br>Zbli\u017ca si\u0119 luty, a wi\u0119c mi\u0142osnych Walentynek czar\ud83e\udd70<\/p><\/blockquote>\n\n\n\n<p>Zatem ju\u017c <strong>13 lutego (poniedzia\u0142ek)<\/strong> o godz. <strong>17:30 <\/strong>kolejne spotkanie Isekai\u2019a Klubu Mi\u0142o\u015bnik\u00f3w Mangi. B\u0119dziemy czeka\u0107 na Was tradycyjnie w ProMediach (al. Wojska Polskiego 2).<\/p>\n\n\n\n<p>Nie my\u015blcie, \u017ce podejdziemy do tematu zwyczajnie i czekoladkowo\ud83c\udf6b<br>Na spotkaniu porozmawiamy o relacjach mi\u0119dzy bohaterami, ale nie tylko w romantycznych seriach shoujo, czy \u201cokruchach \u017cycia\u201d.<\/p>\n\n\n\n<p>Nie zabraknie komediowych wtr\u0105ce\u0144 mi\u0142o\u015bci ukazanej w shonenach\ud83d\udc4a<br>U\u015bmiejemy \ud83e\udd23si\u0119, wspominaj\u0105c wiecznego singla z przymusu, czyli Brocka z Pokemon\u00f3w\u2026\ud83e\udd2dale nie tylko\ud83d\ude0a<\/p>\n\n\n\n<p>Fina\u0142em jak zwykle b\u0119dzie wsp\u00f3lna gra z nagrodami\u203c\ufe0f<br>Dobra zabawa gwarantowana! Przybywajcie w kolorowych cospach i wigach. <\/p>\n\n\n\n<p>A mo\u017ce i jakie\u015b s\u0142odko\u015bci pojawi\u0105 si\u0119 niespodziewanie \ud83d\ude00 \ud83c\udf6a<\/p>\n\n\n\n<p><\/p>\n","protected":false},"excerpt":{"rendered":"<div class=\"entry-summary\">\nWitajcie mangomaniacy!Zbli\u017ca si\u0119 luty, a wi\u0119c mi\u0142osnych Walentynek czar\ud83e\udd70 Zatem ju\u017c 13 lutego (poniedzia\u0142ek) o godz. 17:30 kolejne spotkanie Isekai\u2019a Klubu Mi\u0142o\u015bnik\u00f3w Mangi. B\u0119dziemy czeka\u0107 na Was tradycyjnie w ProMediach (al. Wojska Polskiego 2). Nie my\u015blcie, \u017ce podejdziemy do tematu&hellip;\n<\/div>\n","protected":false},"featured_media":9354,"template":"","kategoria":[],"nr-filii-001":[178],"_links":{"self":[{"href":"https:\/\/mbp.szczecin.pl\/wp-json\/wp\/v2\/wydarzenia_01\/9353"}],"collection":[{"href":"https:\/\/mbp.szczecin.pl\/wp-json\/wp\/v2\/wydarzenia_01"}],"about":[{"href":"https:\/\/mbp.szczecin.pl\/wp-json\/wp\/v2\/types\/wydarzenia_01"}],"version-history":[{"count":3,"href":"https:\/\/mbp.szczecin.pl\/wp-json\/wp\/v2\/wydarzenia_01\/9353\/revisions"}],"predecessor-version":[{"id":9358,"href":"https:\/\/mbp.szczecin.pl\/wp-json\/wp\/v2\/wydarzenia_01\/9353\/revisions\/9358"}],"wp:featuredmedia":[{"embeddable":true,"href":"https:\/\/mbp.szczecin.pl\/wp-json\/wp\/v2\/media\/9354"}],"wp:attachment":[{"href":"https:\/\/mbp.szczecin.pl\/wp-json\/wp\/v2\/media?parent=9353"}],"wp:term":[{"taxonomy":"kategoria","embeddable":true,"href":"https:\/\/mbp.szczecin.pl\/wp-json\/wp\/v2\/kategoria?post=9353"},{"taxonomy":"nr-filii-001","embeddable":true,"href":"https:\/\/mbp.szczecin.pl\/wp-json\/wp\/v2\/nr-filii-001?post=9353"}],"curies":[{"name":"wp","href":"https:\/\/api.w.org\/{rel}","templated":true}]}}

Miłość trudna dla otaku? [ Isekai Klub Miłośników Mangi ]

<blockquote class="wp-block-quote"><p>Witajcie mangomaniacy!<br>Zbliża się luty, a więc miłosnych Walentynek czar🥰</p></blockquote>



<p>Zatem już <strong>13 lutego (poniedziałek)</strong> o godz. <strong>17:30 </strong>kolejne spotkanie Isekai’a Klubu Miłośników Mangi. Będziemy czekać na Was tradycyjnie w ProMediach (al. Wojska Polskiego 2).</p>



<p>Nie myślcie, że podejdziemy do tematu zwyczajnie i czekoladkowo🍫<br>Na spotkaniu porozmawiamy o relacjach między bohaterami, ale nie tylko w romantycznych seriach shoujo, czy “okruchach życia”.</p>



<p>Nie zabraknie komediowych wtrąceń miłości ukazanej w shonenach👊<br>Uśmiejemy 🤣się, wspominając wiecznego singla z przymusu, czyli Brocka z Pokemonów…🤭ale nie tylko😊</p>



<p>Finałem jak zwykle będzie wspólna gra z nagrodami‼️<br>Dobra zabawa gwarantowana! Przybywajcie w kolorowych cospach i wigach. </p>



<p>A może i jakieś słodkości pojawią się niespodziewanie 😀 🍪</p>



<p></p>

<div class="entry-summary">
Witajcie mangomaniacy!Zbliża się luty, a więc miłosnych Walentynek czar🥰 Zatem już 13 lutego (poniedziałek) o godz. 17:30 kolejne spotkanie Isekai’a Klubu Miłośników Mangi. Będziemy czekać na Was tradycyjnie w ProMediach (al. Wojska Polskiego 2). Nie myślcie, że podejdziemy do tematu&hellip;
</div>
