{"id":9350,"date":"2023-01-25T12:10:30","date_gmt":"2023-01-25T12:10:30","guid":{"rendered":"https:\/\/mbp.szczecin.pl\/?post_type=wydarzenia_01&#038;p=9350"},"modified":"2023-01-27T06:19:17","modified_gmt":"2023-01-27T06:19:17","slug":"sladami-azjatyckich-tajemnic-spotkanie-z-piotrem-kowalczykiem-kolory-kultury","status":"publish","type":"wydarzenia_01","link":"https:\/\/mbp.szczecin.pl\/wydarzenia_01\/sladami-azjatyckich-tajemnic-spotkanie-z-piotrem-kowalczykiem-kolory-kultury\/","title":{"rendered":"\u015aladami azjatyckich tajemnic. Spotkanie z Piotrem Kowalczykiem [Kolory kultury]"},"content":{"rendered":"\n<blockquote class=\"wp-block-quote\"><p><strong>9 lutego (czwartek)<\/strong> o godz. 18:00 do ProMedi\u00f3w (al. Wojska Polskiego 2) powraca cykl spotka\u0144 podr\u00f3\u017cniczych [Kolory kultury]. Naszym pierwszym go\u015bciem w 2023 r. b\u0119dzie Piotr Kowalczyk, kt\u00f3ry zwiedzi\u0142 wiele orientalnych miejsc na kilku kontynentach.<\/p><\/blockquote>\n\n\n\n<p>Udzia\u0142 w wydarzeniu jest bezp\u0142atny. Spotkanie b\u0119dzie t\u0142umaczone na j\u0119zyk migowy.<\/p>\n\n\n\n<p>&#8222;\u015aladami azjatyckich tajemnic&#8221; to ciekawostki z terenu po\u0142udniowej Azji. Opowie\u015b\u0107 o nieoczywistym obliczu, cz\u0119sto popularnych kierunk\u00f3w turystycznych. B\u0119dziemy w Indiach nad \u015bwi\u0119t\u0105 rzek\u0105 Ganges, a tak\u017ce w Tajlandii gdzie poznamy tajemnice turystycznego raju. W Kambod\u017cy spotkamy rodzin\u0119 kt\u00f3ra zajmuje si\u0119 \u0142apaniem i sprzeda\u017c\u0105 paj\u0105k\u00f3w z pobliskiej d\u017cungli. Odwiedzimy tak\u017ce pustynne miasto Yazd w Iranie, gdzie spotkamy wyznawc\u00f3w zaratustryzmu. Dowiemy si\u0119 tak\u017ce gdzie mo\u017cna po\u015blubi\u0107 psa.<\/p>\n\n\n\n<p><strong>Piotr Kowalczyk<\/strong> &#8211; podr\u00f3\u017cnik, fotograf, publicysta. Z wykszta\u0142cenia geograf i geolog. Od lat zwi\u0105zany z turystyk\u0105 jako pilot wycieczek i przewodnik. Mi\u0142o\u015bnik kultury Azji i podr\u00f3\u017cy poza utartymi szlakami. Za\u0142o\u017cyciel portalu &#8222;Globtroterzy.net&#8221; oraz pomys\u0142odawca festiwalu Tydzie\u0144 Ziemi na Uniwersytecie Szczeci\u0144skim. Organizuje prelekcje w ca\u0142ej Polsce i prowadzi autorskie wyprawy.<\/p>\n\n\n\n<p>Wydarzenie organizujemy w ramach przedsi\u0119wzi\u0119cia grantowego \u201eZobacz i us\u0142ysz kultur\u0119!\u201d, finansowanego w ramach projektu \u201eKultura bez barier\u201d.<\/p>\n","protected":false},"excerpt":{"rendered":"<div class=\"entry-summary\">\n9 lutego (czwartek) o godz. 18:00 do ProMedi\u00f3w (al. Wojska Polskiego 2) powraca cykl spotka\u0144 podr\u00f3\u017cniczych . Naszym pierwszym go\u015bciem w 2023 r. b\u0119dzie Piotr Kowalczyk, kt\u00f3ry zwiedzi\u0142 wiele orientalnych miejsc na kilku kontynentach. Udzia\u0142 w wydarzeniu jest bezp\u0142atny.&hellip;\n<\/div>\n","protected":false},"featured_media":9351,"template":"","kategoria":[],"nr-filii-001":[178],"_links":{"self":[{"href":"https:\/\/mbp.szczecin.pl\/wp-json\/wp\/v2\/wydarzenia_01\/9350"}],"collection":[{"href":"https:\/\/mbp.szczecin.pl\/wp-json\/wp\/v2\/wydarzenia_01"}],"about":[{"href":"https:\/\/mbp.szczecin.pl\/wp-json\/wp\/v2\/types\/wydarzenia_01"}],"version-history":[{"count":1,"href":"https:\/\/mbp.szczecin.pl\/wp-json\/wp\/v2\/wydarzenia_01\/9350\/revisions"}],"predecessor-version":[{"id":9352,"href":"https:\/\/mbp.szczecin.pl\/wp-json\/wp\/v2\/wydarzenia_01\/9350\/revisions\/9352"}],"wp:featuredmedia":[{"embeddable":true,"href":"https:\/\/mbp.szczecin.pl\/wp-json\/wp\/v2\/media\/9351"}],"wp:attachment":[{"href":"https:\/\/mbp.szczecin.pl\/wp-json\/wp\/v2\/media?parent=9350"}],"wp:term":[{"taxonomy":"kategoria","embeddable":true,"href":"https:\/\/mbp.szczecin.pl\/wp-json\/wp\/v2\/kategoria?post=9350"},{"taxonomy":"nr-filii-001","embeddable":true,"href":"https:\/\/mbp.szczecin.pl\/wp-json\/wp\/v2\/nr-filii-001?post=9350"}],"curies":[{"name":"wp","href":"https:\/\/api.w.org\/{rel}","templated":true}]}}

Śladami azjatyckich tajemnic. Spotkanie z Piotrem Kowalczykiem [Kolory kultury]

<blockquote class="wp-block-quote"><p><strong>9 lutego (czwartek)</strong> o godz. 18:00 do ProMediów (al. Wojska Polskiego 2) powraca cykl spotkań podróżniczych [Kolory kultury]. Naszym pierwszym gościem w 2023 r. będzie Piotr Kowalczyk, który zwiedził wiele orientalnych miejsc na kilku kontynentach.</p></blockquote>



<p>Udział w wydarzeniu jest bezpłatny. Spotkanie będzie tłumaczone na język migowy.</p>



<p>&#8222;Śladami azjatyckich tajemnic&#8221; to ciekawostki z terenu południowej Azji. Opowieść o nieoczywistym obliczu, często popularnych kierunków turystycznych. Będziemy w Indiach nad świętą rzeką Ganges, a także w Tajlandii gdzie poznamy tajemnice turystycznego raju. W Kambodży spotkamy rodzinę która zajmuje się łapaniem i sprzedażą pająków z pobliskiej dżungli. Odwiedzimy także pustynne miasto Yazd w Iranie, gdzie spotkamy wyznawców zaratustryzmu. Dowiemy się także gdzie można poślubić psa.</p>



<p><strong>Piotr Kowalczyk</strong> &#8211; podróżnik, fotograf, publicysta. Z wykształcenia geograf i geolog. Od lat związany z turystyką jako pilot wycieczek i przewodnik. Miłośnik kultury Azji i podróży poza utartymi szlakami. Założyciel portalu &#8222;Globtroterzy.net&#8221; oraz pomysłodawca festiwalu Tydzień Ziemi na Uniwersytecie Szczecińskim. Organizuje prelekcje w całej Polsce i prowadzi autorskie wyprawy.</p>



<p>Wydarzenie organizujemy w ramach przedsięwzięcia grantowego „Zobacz i usłysz kulturę!”, finansowanego w ramach projektu „Kultura bez barier”.</p>

<div class="entry-summary">
9 lutego (czwartek) o godz. 18:00 do ProMediów (al. Wojska Polskiego 2) powraca cykl spotkań podróżniczych . Naszym pierwszym gościem w 2023 r. będzie Piotr Kowalczyk, który zwiedził wiele orientalnych miejsc na kilku kontynentach. Udział w wydarzeniu jest bezpłatny.&hellip;
</div>
