{"id":9347,"date":"2023-01-25T12:05:58","date_gmt":"2023-01-25T12:05:58","guid":{"rendered":"https:\/\/mbp.szczecin.pl\/?post_type=wydarzenia_01&#038;p=9347"},"modified":"2023-01-27T06:19:00","modified_gmt":"2023-01-27T06:19:00","slug":"wernisaz-ewy-slesinskiej","status":"publish","type":"wydarzenia_01","link":"https:\/\/mbp.szczecin.pl\/wydarzenia_01\/wernisaz-ewy-slesinskiej\/","title":{"rendered":"Wernisa\u017c Ewy \u015alesi\u0144skiej"},"content":{"rendered":"\n<blockquote class=\"wp-block-quote\"><p><strong>8 lutego (\u015broda)<\/strong> o godz. 18:00 w ProMediach (al. Wojska Polskiego 2) zapraszamy na wernisa\u017c prac plastycznych Ewy \u015alesi\u0144skiej. Udzia\u0142 w wydarzeniu jest bezp\u0142atny.<\/p><\/blockquote>\n\n\n\n<p>Artystka o sobie:<\/p>\n\n\n\n<p>Z urodzenia \u0142odzianka, z \u017cycia i mi\u0142o\u015bci do miasta\u2026 szczecinianka. W 2011 roku co\u015b obudzi\u0142o si\u0119 we mnie i zacz\u0119\u0142am sw\u00f3j romans z malarstwem, kt\u00f3ry trwa do dzi\u015b i ju\u017c nie jest to romans, a wielka mi\u0142o\u015b\u0107. Maluj\u0119 swoj\u0105 dusz\u0105 i sercem.<\/p>\n\n\n\n<p>Przetwarzam \u015bwiat realny swoimi oczami. Zostawiam na ka\u017cdym obrazie swoje emocje i uczucia. Uwielbiam kolory, struktur\u0119 i poznawanie nowych mo\u017cliwo\u015bci odkrywania coraz to nowych sposob\u00f3w przekazu.<\/p>\n\n\n\n<p>Moje wystawy prezentowane by\u0142y w Ksi\u0105\u017cnicy Pomorskiej, Cafe 22, INKU Inkubator Kultury, Spi\u017carnia Szczeci\u0144ska, Technopark Pomerania, &#8221;Mi\u0119dzy wierszami\u2026\u201d<\/p>\n","protected":false},"excerpt":{"rendered":"<div class=\"entry-summary\">\n8 lutego (\u015broda) o godz. 18:00 w ProMediach (al. Wojska Polskiego 2) zapraszamy na wernisa\u017c prac plastycznych Ewy \u015alesi\u0144skiej. Udzia\u0142 w wydarzeniu jest bezp\u0142atny. Artystka o sobie: Z urodzenia \u0142odzianka, z \u017cycia i mi\u0142o\u015bci do miasta\u2026 szczecinianka. W 2011 roku&hellip;\n<\/div>\n","protected":false},"featured_media":9348,"template":"","kategoria":[],"nr-filii-001":[178],"_links":{"self":[{"href":"https:\/\/mbp.szczecin.pl\/wp-json\/wp\/v2\/wydarzenia_01\/9347"}],"collection":[{"href":"https:\/\/mbp.szczecin.pl\/wp-json\/wp\/v2\/wydarzenia_01"}],"about":[{"href":"https:\/\/mbp.szczecin.pl\/wp-json\/wp\/v2\/types\/wydarzenia_01"}],"version-history":[{"count":1,"href":"https:\/\/mbp.szczecin.pl\/wp-json\/wp\/v2\/wydarzenia_01\/9347\/revisions"}],"predecessor-version":[{"id":9349,"href":"https:\/\/mbp.szczecin.pl\/wp-json\/wp\/v2\/wydarzenia_01\/9347\/revisions\/9349"}],"wp:featuredmedia":[{"embeddable":true,"href":"https:\/\/mbp.szczecin.pl\/wp-json\/wp\/v2\/media\/9348"}],"wp:attachment":[{"href":"https:\/\/mbp.szczecin.pl\/wp-json\/wp\/v2\/media?parent=9347"}],"wp:term":[{"taxonomy":"kategoria","embeddable":true,"href":"https:\/\/mbp.szczecin.pl\/wp-json\/wp\/v2\/kategoria?post=9347"},{"taxonomy":"nr-filii-001","embeddable":true,"href":"https:\/\/mbp.szczecin.pl\/wp-json\/wp\/v2\/nr-filii-001?post=9347"}],"curies":[{"name":"wp","href":"https:\/\/api.w.org\/{rel}","templated":true}]}}

Wernisaż Ewy Ślesińskiej

<blockquote class="wp-block-quote"><p><strong>8 lutego (środa)</strong> o godz. 18:00 w ProMediach (al. Wojska Polskiego 2) zapraszamy na wernisaż prac plastycznych Ewy Ślesińskiej. Udział w wydarzeniu jest bezpłatny.</p></blockquote>



<p>Artystka o sobie:</p>



<p>Z urodzenia łodzianka, z życia i miłości do miasta… szczecinianka. W 2011 roku coś obudziło się we mnie i zaczęłam swój romans z malarstwem, który trwa do dziś i już nie jest to romans, a wielka miłość. Maluję swoją duszą i sercem.</p>



<p>Przetwarzam świat realny swoimi oczami. Zostawiam na każdym obrazie swoje emocje i uczucia. Uwielbiam kolory, strukturę i poznawanie nowych możliwości odkrywania coraz to nowych sposobów przekazu.</p>



<p>Moje wystawy prezentowane były w Książnicy Pomorskiej, Cafe 22, INKU Inkubator Kultury, Spiżarnia Szczecińska, Technopark Pomerania, &#8221;Między wierszami…”</p>

<div class="entry-summary">
8 lutego (środa) o godz. 18:00 w ProMediach (al. Wojska Polskiego 2) zapraszamy na wernisaż prac plastycznych Ewy Ślesińskiej. Udział w wydarzeniu jest bezpłatny. Artystka o sobie: Z urodzenia łodzianka, z życia i miłości do miasta… szczecinianka. W 2011 roku&hellip;
</div>
