{"id":9337,"date":"2023-01-25T08:46:43","date_gmt":"2023-01-25T08:46:43","guid":{"rendered":"https:\/\/mbp.szczecin.pl\/?post_type=wydarzenia_01&#038;p=9337"},"modified":"2023-01-25T09:05:45","modified_gmt":"2023-01-25T09:05:45","slug":"generator-mysli-humanistycznej-dla-mlodziezy","status":"publish","type":"wydarzenia_01","link":"https:\/\/mbp.szczecin.pl\/wydarzenia_01\/generator-mysli-humanistycznej-dla-mlodziezy\/","title":{"rendered":"[Generator My\u015bli Filozoficznej dla m\u0142odzie\u017cy]"},"content":{"rendered":"\n<blockquote class=\"wp-block-quote\"><p><strong>1 lutego (\u015broda)<\/strong> o godz. 17:00 zapraszamy wszystkich ch\u0119tnych do inteligentnych konwersacji do ProMedi\u00f3w (al. Wojska Polskiego 2).<\/p><\/blockquote>\n\n\n\n<p>My\u015bli jednego z najwi\u0119kszych filozof\u00f3w wci\u0105\u017c pozostaj\u0105 wiele do my\u015blenia, ale czy jeste\u015bmy w stanie wyci\u0105gn\u0105\u0107 z nich jak\u0105\u015b lekcj\u0119?<\/p>\n\n\n\n<p>Czytaj\u0105c fragmenty &#8222;Zach\u0119ty do filozofii&#8221; Arystotelesa, uczestnicy postaraj\u0105 si\u0119 znale\u017a\u0107 odpowiedzi na powy\u017csze pytania.<\/p>\n\n\n\n<p>Organizatorem cyklu jest stowarzyszenie Generator My\u015bli Humanistycznej. Moderatorami spotka\u0144 s\u0105 Hubert Mo\u017cd\u017ce\u0144 oraz Pawe\u0142 Ko\u0142odzi\u0144ski.<\/p>\n","protected":false},"excerpt":{"rendered":"<div class=\"entry-summary\">\n1 lutego (\u015broda) o godz. 17:00 zapraszamy wszystkich ch\u0119tnych do inteligentnych konwersacji do ProMedi\u00f3w (al. Wojska Polskiego 2). My\u015bli jednego z najwi\u0119kszych filozof\u00f3w wci\u0105\u017c pozostaj\u0105 wiele do my\u015blenia, ale czy jeste\u015bmy w stanie wyci\u0105gn\u0105\u0107 z nich jak\u0105\u015b lekcj\u0119? Czytaj\u0105c fragmenty&hellip;\n<\/div>\n","protected":false},"featured_media":9338,"template":"","kategoria":[],"nr-filii-001":[178],"_links":{"self":[{"href":"https:\/\/mbp.szczecin.pl\/wp-json\/wp\/v2\/wydarzenia_01\/9337"}],"collection":[{"href":"https:\/\/mbp.szczecin.pl\/wp-json\/wp\/v2\/wydarzenia_01"}],"about":[{"href":"https:\/\/mbp.szczecin.pl\/wp-json\/wp\/v2\/types\/wydarzenia_01"}],"version-history":[{"count":2,"href":"https:\/\/mbp.szczecin.pl\/wp-json\/wp\/v2\/wydarzenia_01\/9337\/revisions"}],"predecessor-version":[{"id":9342,"href":"https:\/\/mbp.szczecin.pl\/wp-json\/wp\/v2\/wydarzenia_01\/9337\/revisions\/9342"}],"wp:featuredmedia":[{"embeddable":true,"href":"https:\/\/mbp.szczecin.pl\/wp-json\/wp\/v2\/media\/9338"}],"wp:attachment":[{"href":"https:\/\/mbp.szczecin.pl\/wp-json\/wp\/v2\/media?parent=9337"}],"wp:term":[{"taxonomy":"kategoria","embeddable":true,"href":"https:\/\/mbp.szczecin.pl\/wp-json\/wp\/v2\/kategoria?post=9337"},{"taxonomy":"nr-filii-001","embeddable":true,"href":"https:\/\/mbp.szczecin.pl\/wp-json\/wp\/v2\/nr-filii-001?post=9337"}],"curies":[{"name":"wp","href":"https:\/\/api.w.org\/{rel}","templated":true}]}}

[Generator Myśli Filozoficznej dla młodzieży]

<blockquote class="wp-block-quote"><p><strong>1 lutego (środa)</strong> o godz. 17:00 zapraszamy wszystkich chętnych do inteligentnych konwersacji do ProMediów (al. Wojska Polskiego 2).</p></blockquote>



<p>Myśli jednego z największych filozofów wciąż pozostają wiele do myślenia, ale czy jesteśmy w stanie wyciągnąć z nich jakąś lekcję?</p>



<p>Czytając fragmenty &#8222;Zachęty do filozofii&#8221; Arystotelesa, uczestnicy postarają się znaleźć odpowiedzi na powyższe pytania.</p>



<p>Organizatorem cyklu jest stowarzyszenie Generator Myśli Humanistycznej. Moderatorami spotkań są Hubert Możdżeń oraz Paweł Kołodziński.</p>

<div class="entry-summary">
1 lutego (środa) o godz. 17:00 zapraszamy wszystkich chętnych do inteligentnych konwersacji do ProMediów (al. Wojska Polskiego 2). Myśli jednego z największych filozofów wciąż pozostają wiele do myślenia, ale czy jesteśmy w stanie wyciągnąć z nich jakąś lekcję? Czytając fragmenty&hellip;
</div>
