{"id":9334,"date":"2023-01-25T08:28:40","date_gmt":"2023-01-25T08:28:40","guid":{"rendered":"https:\/\/mbp.szczecin.pl\/?post_type=wydarzenia_01&#038;p=9334"},"modified":"2023-01-25T08:28:41","modified_gmt":"2023-01-25T08:28:41","slug":"kiszonki-samo-zdrowie-kolo-gospodyn-miejskich","status":"publish","type":"wydarzenia_01","link":"https:\/\/mbp.szczecin.pl\/wydarzenia_01\/kiszonki-samo-zdrowie-kolo-gospodyn-miejskich\/","title":{"rendered":"Kiszonki &#8211; samo zdrowie [Ko\u0142o Gospody\u0144 Miejskich]"},"content":{"rendered":"\n<blockquote class=\"wp-block-quote\"><p><strong>2 lutego (czwartek)<\/strong> o godz. 17:00 w filii nr 2 (ul. Sikorskiego 10) serdecznie zapraszamy na kolejne spotkanie Ko\u0142a Gospody\u0144 Miejskich.<\/p><\/blockquote>\n\n\n\n<p>W tym miesi\u0105cu b\u0119dziemy omawia\u0107 ksi\u0105\u017ck\u0119 pt. &#8222;Kiszonki: samo zdrowie&#8221;.<\/p>\n\n\n\n<p>Zima wi\u0105\u017ce si\u0119 z du\u017c\u0105 zachorowalno\u015bci\u0105, dlatego nale\u017cy zadba\u0107 o swoj\u0105 odporno\u015b\u0107. A polska tradycja wi\u0105\u017c\u0119 si\u0119 nie rozerwalnie z kiszeniem warzyw jak i owoc\u00f3w. Na spotkaniu dowiemy si\u0119 wi\u0119cej o sposobach kiszenia, b\u0119dziemy mogli spr\u00f3bowa\u0107 w\u0142asnych wyrob\u00f3w i przedstawi\u0107 najlepsze sposoby na w\u0142a\u015bciwe kiszenie.<\/p>\n\n\n\n<p>Zach\u0119camy do przyniesienia w\u0142asnor\u0119cznie wykonanych przetwor\u00f3w.<\/p>\n\n\n\n<p>Udzia\u0142 w spotkaniu jest bezp\u0142atny.<\/p>\n","protected":false},"excerpt":{"rendered":"<div class=\"entry-summary\">\n2 lutego (czwartek) o godz. 17:00 w filii nr 2 (ul. Sikorskiego 10) serdecznie zapraszamy na kolejne spotkanie Ko\u0142a Gospody\u0144 Miejskich. W tym miesi\u0105cu b\u0119dziemy omawia\u0107 ksi\u0105\u017ck\u0119 pt. &#8222;Kiszonki: samo zdrowie&#8221;. Zima wi\u0105\u017ce si\u0119 z du\u017c\u0105 zachorowalno\u015bci\u0105, dlatego nale\u017cy zadba\u0107&hellip;\n<\/div>\n","protected":false},"featured_media":9335,"template":"","kategoria":[],"nr-filii-001":[255],"_links":{"self":[{"href":"https:\/\/mbp.szczecin.pl\/wp-json\/wp\/v2\/wydarzenia_01\/9334"}],"collection":[{"href":"https:\/\/mbp.szczecin.pl\/wp-json\/wp\/v2\/wydarzenia_01"}],"about":[{"href":"https:\/\/mbp.szczecin.pl\/wp-json\/wp\/v2\/types\/wydarzenia_01"}],"version-history":[{"count":1,"href":"https:\/\/mbp.szczecin.pl\/wp-json\/wp\/v2\/wydarzenia_01\/9334\/revisions"}],"predecessor-version":[{"id":9336,"href":"https:\/\/mbp.szczecin.pl\/wp-json\/wp\/v2\/wydarzenia_01\/9334\/revisions\/9336"}],"wp:featuredmedia":[{"embeddable":true,"href":"https:\/\/mbp.szczecin.pl\/wp-json\/wp\/v2\/media\/9335"}],"wp:attachment":[{"href":"https:\/\/mbp.szczecin.pl\/wp-json\/wp\/v2\/media?parent=9334"}],"wp:term":[{"taxonomy":"kategoria","embeddable":true,"href":"https:\/\/mbp.szczecin.pl\/wp-json\/wp\/v2\/kategoria?post=9334"},{"taxonomy":"nr-filii-001","embeddable":true,"href":"https:\/\/mbp.szczecin.pl\/wp-json\/wp\/v2\/nr-filii-001?post=9334"}],"curies":[{"name":"wp","href":"https:\/\/api.w.org\/{rel}","templated":true}]}}

Kiszonki &#8211; samo zdrowie [Koło Gospodyń Miejskich]

<blockquote class="wp-block-quote"><p><strong>2 lutego (czwartek)</strong> o godz. 17:00 w filii nr 2 (ul. Sikorskiego 10) serdecznie zapraszamy na kolejne spotkanie Koła Gospodyń Miejskich.</p></blockquote>



<p>W tym miesiącu będziemy omawiać książkę pt. &#8222;Kiszonki: samo zdrowie&#8221;.</p>



<p>Zima wiąże się z dużą zachorowalnością, dlatego należy zadbać o swoją odporność. A polska tradycja wiążę się nie rozerwalnie z kiszeniem warzyw jak i owoców. Na spotkaniu dowiemy się więcej o sposobach kiszenia, będziemy mogli spróbować własnych wyrobów i przedstawić najlepsze sposoby na właściwe kiszenie.</p>



<p>Zachęcamy do przyniesienia własnoręcznie wykonanych przetworów.</p>



<p>Udział w spotkaniu jest bezpłatny.</p>

<div class="entry-summary">
2 lutego (czwartek) o godz. 17:00 w filii nr 2 (ul. Sikorskiego 10) serdecznie zapraszamy na kolejne spotkanie Koła Gospodyń Miejskich. W tym miesiącu będziemy omawiać książkę pt. &#8222;Kiszonki: samo zdrowie&#8221;. Zima wiąże się z dużą zachorowalnością, dlatego należy zadbać&hellip;
</div>
