{"id":9331,"date":"2023-01-25T08:16:09","date_gmt":"2023-01-25T08:16:09","guid":{"rendered":"https:\/\/mbp.szczecin.pl\/?post_type=wydarzenia_01&#038;p=9331"},"modified":"2023-01-31T09:34:23","modified_gmt":"2023-01-31T09:34:23","slug":"zimowy-wieczor-z-poezja","status":"publish","type":"wydarzenia_01","link":"https:\/\/mbp.szczecin.pl\/wydarzenia_01\/zimowy-wieczor-z-poezja\/","title":{"rendered":"Zimowy wiecz\u00f3r z poezj\u0105"},"content":{"rendered":"\n<blockquote class=\"wp-block-quote\"><p><strong>2 lutego (czwartek)<\/strong> w ProMediach (al. Wojska Polskiego 2) rusza nowy cykl propaguj\u0105cy czytanie poezji. Na spotkaniu o godz. 18:00 uczestnicy zapoznaj\u0105 si\u0119 z tw\u00f3rczo\u015bci\u0105 Wis\u0142awy Szymborskiej, noblistki oraz patronki roku 2023.<\/p><\/blockquote>\n\n\n\n<p>Udzia\u0142 w wydarzeniu jest bezp\u0142atny.<\/p>\n\n\n\n<p>Wiersze noblistki zaprezentuj\u0105 uczniowie ze Szko\u0142y Podstawowej nr 48 w Szczecinie. W dalszej cz\u0119\u015bci spotkania b\u0119dzie mo\u017cliwo\u015b\u0107 zaprezentowania w\u0142asnej tw\u00f3rczo\u015bci poetyckiej.<\/p>\n\n\n\n<p>Ch\u0119\u0107 przeczytania swojego wiersza\/y na spotkaniu prosimy wcze\u015bniej zg\u0142osi\u0107 bibliotekarzom w Filii 54 &#8211; osobi\u015bcie, mailowo filia54@mbp.szczecin.pl lub telefonicznie 91 506 50 56.<\/p>\n","protected":false},"excerpt":{"rendered":"<div class=\"entry-summary\">\n2 lutego (czwartek) w ProMediach (al. Wojska Polskiego 2) rusza nowy cykl propaguj\u0105cy czytanie poezji. Na spotkaniu o godz. 18:00 uczestnicy zapoznaj\u0105 si\u0119 z tw\u00f3rczo\u015bci\u0105 Wis\u0142awy Szymborskiej, noblistki oraz patronki roku 2023. Udzia\u0142 w wydarzeniu jest bezp\u0142atny. Wiersze noblistki zaprezentuj\u0105&hellip;\n<\/div>\n","protected":false},"featured_media":9332,"template":"","kategoria":[],"nr-filii-001":[178],"_links":{"self":[{"href":"https:\/\/mbp.szczecin.pl\/wp-json\/wp\/v2\/wydarzenia_01\/9331"}],"collection":[{"href":"https:\/\/mbp.szczecin.pl\/wp-json\/wp\/v2\/wydarzenia_01"}],"about":[{"href":"https:\/\/mbp.szczecin.pl\/wp-json\/wp\/v2\/types\/wydarzenia_01"}],"version-history":[{"count":2,"href":"https:\/\/mbp.szczecin.pl\/wp-json\/wp\/v2\/wydarzenia_01\/9331\/revisions"}],"predecessor-version":[{"id":9421,"href":"https:\/\/mbp.szczecin.pl\/wp-json\/wp\/v2\/wydarzenia_01\/9331\/revisions\/9421"}],"wp:featuredmedia":[{"embeddable":true,"href":"https:\/\/mbp.szczecin.pl\/wp-json\/wp\/v2\/media\/9332"}],"wp:attachment":[{"href":"https:\/\/mbp.szczecin.pl\/wp-json\/wp\/v2\/media?parent=9331"}],"wp:term":[{"taxonomy":"kategoria","embeddable":true,"href":"https:\/\/mbp.szczecin.pl\/wp-json\/wp\/v2\/kategoria?post=9331"},{"taxonomy":"nr-filii-001","embeddable":true,"href":"https:\/\/mbp.szczecin.pl\/wp-json\/wp\/v2\/nr-filii-001?post=9331"}],"curies":[{"name":"wp","href":"https:\/\/api.w.org\/{rel}","templated":true}]}}

Zimowy wieczór z poezją

<blockquote class="wp-block-quote"><p><strong>2 lutego (czwartek)</strong> w ProMediach (al. Wojska Polskiego 2) rusza nowy cykl propagujący czytanie poezji. Na spotkaniu o godz. 18:00 uczestnicy zapoznają się z twórczością Wisławy Szymborskiej, noblistki oraz patronki roku 2023.</p></blockquote>



<p>Udział w wydarzeniu jest bezpłatny.</p>



<p>Wiersze noblistki zaprezentują uczniowie ze Szkoły Podstawowej nr 48 w Szczecinie. W dalszej części spotkania będzie możliwość zaprezentowania własnej twórczości poetyckiej.</p>



<p>Chęć przeczytania swojego wiersza/y na spotkaniu prosimy wcześniej zgłosić bibliotekarzom w Filii 54 &#8211; osobiście, mailowo filia54@mbp.szczecin.pl lub telefonicznie 91 506 50 56.</p>

<div class="entry-summary">
2 lutego (czwartek) w ProMediach (al. Wojska Polskiego 2) rusza nowy cykl propagujący czytanie poezji. Na spotkaniu o godz. 18:00 uczestnicy zapoznają się z twórczością Wisławy Szymborskiej, noblistki oraz patronki roku 2023. Udział w wydarzeniu jest bezpłatny. Wiersze noblistki zaprezentują&hellip;
</div>
