{"id":9328,"date":"2023-01-25T08:07:00","date_gmt":"2023-01-25T08:07:00","guid":{"rendered":"https:\/\/mbp.szczecin.pl\/?post_type=wydarzenia_01&#038;p=9328"},"modified":"2023-01-25T08:07:01","modified_gmt":"2023-01-25T08:07:01","slug":"podziemny-szczecin","status":"publish","type":"wydarzenia_01","link":"https:\/\/mbp.szczecin.pl\/wydarzenia_01\/podziemny-szczecin\/","title":{"rendered":"Podziemny Szczecin"},"content":{"rendered":"\n<blockquote class=\"wp-block-quote\"><p><strong>1 lutego (\u015broda)<\/strong> o godz. 18:00 go\u015b\u0107mi ProMedi\u00f3w (al. Wojska Polskiego 2) b\u0119d\u0105 autorzy ksi\u0105\u017cek z serii \u201cPodziemny Szczecin\u201d, czyli Micha\u0142 Rembas, Andrzej Kra\u015bnicki Jr. oraz Izabela Rosa-Grygorowicz.<\/p><\/blockquote>\n\n\n\n<p>Znani eksploratorzy tajemnic naszego miasta, ukrytych pod poziomem chodnik\u00f3w opowiedz\u0105 o najnowszej publikacji &#8211; ju\u017c czwartej z kolei cz\u0119\u015bci.<\/p>\n\n\n\n<p>Udzia\u0142 w wydarzeniu jest bezp\u0142atny. Ksi\u0105\u017cki o eksploracji podziemi szczeci\u0144skich b\u0119d\u0105 w sprzeda\u017cy podczas spotkania.<\/p>\n\n\n\n<p><\/p>\n","protected":false},"excerpt":{"rendered":"<div class=\"entry-summary\">\n1 lutego (\u015broda) o godz. 18:00 go\u015b\u0107mi ProMedi\u00f3w (al. Wojska Polskiego 2) b\u0119d\u0105 autorzy ksi\u0105\u017cek z serii \u201cPodziemny Szczecin\u201d, czyli Micha\u0142 Rembas, Andrzej Kra\u015bnicki Jr. oraz Izabela Rosa-Grygorowicz. Znani eksploratorzy tajemnic naszego miasta, ukrytych pod poziomem chodnik\u00f3w opowiedz\u0105 o najnowszej&hellip;\n<\/div>\n","protected":false},"featured_media":9329,"template":"","kategoria":[],"nr-filii-001":[178],"_links":{"self":[{"href":"https:\/\/mbp.szczecin.pl\/wp-json\/wp\/v2\/wydarzenia_01\/9328"}],"collection":[{"href":"https:\/\/mbp.szczecin.pl\/wp-json\/wp\/v2\/wydarzenia_01"}],"about":[{"href":"https:\/\/mbp.szczecin.pl\/wp-json\/wp\/v2\/types\/wydarzenia_01"}],"version-history":[{"count":1,"href":"https:\/\/mbp.szczecin.pl\/wp-json\/wp\/v2\/wydarzenia_01\/9328\/revisions"}],"predecessor-version":[{"id":9330,"href":"https:\/\/mbp.szczecin.pl\/wp-json\/wp\/v2\/wydarzenia_01\/9328\/revisions\/9330"}],"wp:featuredmedia":[{"embeddable":true,"href":"https:\/\/mbp.szczecin.pl\/wp-json\/wp\/v2\/media\/9329"}],"wp:attachment":[{"href":"https:\/\/mbp.szczecin.pl\/wp-json\/wp\/v2\/media?parent=9328"}],"wp:term":[{"taxonomy":"kategoria","embeddable":true,"href":"https:\/\/mbp.szczecin.pl\/wp-json\/wp\/v2\/kategoria?post=9328"},{"taxonomy":"nr-filii-001","embeddable":true,"href":"https:\/\/mbp.szczecin.pl\/wp-json\/wp\/v2\/nr-filii-001?post=9328"}],"curies":[{"name":"wp","href":"https:\/\/api.w.org\/{rel}","templated":true}]}}

<blockquote class="wp-block-quote"><p><strong>1 lutego (środa)</strong> o godz. 18:00 gośćmi ProMediów (al. Wojska Polskiego 2) będą autorzy książek z serii “Podziemny Szczecin”, czyli Michał Rembas, Andrzej Kraśnicki Jr. oraz Izabela Rosa-Grygorowicz.</p></blockquote>



<p>Znani eksploratorzy tajemnic naszego miasta, ukrytych pod poziomem chodników opowiedzą o najnowszej publikacji &#8211; już czwartej z kolei części.</p>



<p>Udział w wydarzeniu jest bezpłatny. Książki o eksploracji podziemi szczecińskich będą w sprzedaży podczas spotkania.</p>



<p></p>

<div class="entry-summary">
1 lutego (środa) o godz. 18:00 gośćmi ProMediów (al. Wojska Polskiego 2) będą autorzy książek z serii “Podziemny Szczecin”, czyli Michał Rembas, Andrzej Kraśnicki Jr. oraz Izabela Rosa-Grygorowicz. Znani eksploratorzy tajemnic naszego miasta, ukrytych pod poziomem chodników opowiedzą o najnowszej&hellip;
</div>
