{"id":9180,"date":"2023-01-03T08:50:25","date_gmt":"2023-01-03T08:50:25","guid":{"rendered":"https:\/\/mbp.szczecin.pl\/?post_type=wydarzenia_01&#038;p=9180"},"modified":"2023-01-04T09:18:55","modified_gmt":"2023-01-04T09:18:55","slug":"sztuka-publiczna-brikolaz-socjologiczny","status":"publish","type":"wydarzenia_01","link":"https:\/\/mbp.szczecin.pl\/wydarzenia_01\/sztuka-publiczna-brikolaz-socjologiczny\/","title":{"rendered":"Sztuka publiczna &#8211; brikola\u017c socjologiczny"},"content":{"rendered":"\n<blockquote class=\"wp-block-quote\"><p><strong>10 stycznia (wtorek)<\/strong>\u00a0o godz. 18:00 zapraszamy na spotkanie z dr Karolin\u0105 Izdebsk\u0105 z Instytutu Socjologii US wok\u00f3\u0142 jej ksi\u0105\u017cki &#8222;Sztuka publiczna&#8221;. Rozmow\u0119 poprowadzi Joanna Szczepanik.<\/p><\/blockquote>\n\n\n\n<p>Wst\u0119p na wydarzenie jest bezp\u0142atny.<\/p>\n\n\n\n<p>Sztuka publiczna funkcjonuje w zr\u00f3\u017cnicowanych formach i na styku r\u00f3\u017cnorodnych dyscyplin. W zasadzie mo\u017ce przyjmowa\u0107 ka\u017cd\u0105 posta\u0107 wypowiedzi tw\u00f3rczej (mo\u017ce by\u0107 pomnikiem lub antypomnikiem, rze\u017ab\u0105 spo\u0142eczn\u0105, instalacj\u0105, akcj\u0105, interwencj\u0105 itd.). Zwraca uwag\u0119 na podsk\u00f3rne i pomijane aspekty rzeczywisto\u015bci spo\u0142ecznej. Kreuje miejsca. Generuje interakcje spo\u0142eczne, a nawet wi\u0119zi. Funkcjonuje jako medium, kt\u00f3re przekazuje publiczny g\u0142os zmarginalizowanych i wykluczonych.<\/p>\n\n\n\n<p>Autorka z du\u017cym znawstwem nie tylko pr\u00f3buje dokona\u0107 charakterystyki sztuki publicznej jako zjawiska artystycznego, ale te\u017c wskazuje na ogromne trudno\u015bci definicyjne z tym zwi\u0105zane. Umiej\u0119tnie ukazuje przy tym bogactwo i r\u00f3\u017cnorodno\u015b\u0107 sztuki publicznej oraz rozwija w spos\u00f3b bardzo interesuj\u0105cy w\u0105tki poboczne &#8211; dzi\u0119ki temu sztuka publiczna nie zosta\u0142a zredukowana i wt\u0142oczona w sztywne ramy klasyfikacyjne.<\/p>\n\n\n\n<p>dr hab. Przemys\u0142aw Kisiel, prof. Uniwersytetu Ekonomicznego w Krakowie<\/p>\n","protected":false},"excerpt":{"rendered":"<div class=\"entry-summary\">\n10 stycznia (wtorek)\u00a0o godz. 18:00 zapraszamy na spotkanie z dr Karolin\u0105 Izdebsk\u0105 z Instytutu Socjologii US wok\u00f3\u0142 jej ksi\u0105\u017cki &#8222;Sztuka publiczna&#8221;. Rozmow\u0119 poprowadzi Joanna Szczepanik. Wst\u0119p na wydarzenie jest bezp\u0142atny. Sztuka publiczna funkcjonuje w zr\u00f3\u017cnicowanych formach i na styku r\u00f3\u017cnorodnych&hellip;\n<\/div>\n","protected":false},"featured_media":9181,"template":"","kategoria":[],"nr-filii-001":[176],"_links":{"self":[{"href":"https:\/\/mbp.szczecin.pl\/wp-json\/wp\/v2\/wydarzenia_01\/9180"}],"collection":[{"href":"https:\/\/mbp.szczecin.pl\/wp-json\/wp\/v2\/wydarzenia_01"}],"about":[{"href":"https:\/\/mbp.szczecin.pl\/wp-json\/wp\/v2\/types\/wydarzenia_01"}],"version-history":[{"count":3,"href":"https:\/\/mbp.szczecin.pl\/wp-json\/wp\/v2\/wydarzenia_01\/9180\/revisions"}],"predecessor-version":[{"id":9203,"href":"https:\/\/mbp.szczecin.pl\/wp-json\/wp\/v2\/wydarzenia_01\/9180\/revisions\/9203"}],"wp:featuredmedia":[{"embeddable":true,"href":"https:\/\/mbp.szczecin.pl\/wp-json\/wp\/v2\/media\/9181"}],"wp:attachment":[{"href":"https:\/\/mbp.szczecin.pl\/wp-json\/wp\/v2\/media?parent=9180"}],"wp:term":[{"taxonomy":"kategoria","embeddable":true,"href":"https:\/\/mbp.szczecin.pl\/wp-json\/wp\/v2\/kategoria?post=9180"},{"taxonomy":"nr-filii-001","embeddable":true,"href":"https:\/\/mbp.szczecin.pl\/wp-json\/wp\/v2\/nr-filii-001?post=9180"}],"curies":[{"name":"wp","href":"https:\/\/api.w.org\/{rel}","templated":true}]}}

Sztuka publiczna &#8211; brikolaż socjologiczny

<blockquote class="wp-block-quote"><p><strong>10 stycznia (wtorek)</strong> o godz. 18:00 zapraszamy na spotkanie z dr Karoliną Izdebską z Instytutu Socjologii US wokół jej książki &#8222;Sztuka publiczna&#8221;. Rozmowę poprowadzi Joanna Szczepanik.</p></blockquote>



<p>Wstęp na wydarzenie jest bezpłatny.</p>



<p>Sztuka publiczna funkcjonuje w zróżnicowanych formach i na styku różnorodnych dyscyplin. W zasadzie może przyjmować każdą postać wypowiedzi twórczej (może być pomnikiem lub antypomnikiem, rzeźbą społeczną, instalacją, akcją, interwencją itd.). Zwraca uwagę na podskórne i pomijane aspekty rzeczywistości społecznej. Kreuje miejsca. Generuje interakcje społeczne, a nawet więzi. Funkcjonuje jako medium, które przekazuje publiczny głos zmarginalizowanych i wykluczonych.</p>



<p>Autorka z dużym znawstwem nie tylko próbuje dokonać charakterystyki sztuki publicznej jako zjawiska artystycznego, ale też wskazuje na ogromne trudności definicyjne z tym związane. Umiejętnie ukazuje przy tym bogactwo i różnorodność sztuki publicznej oraz rozwija w sposób bardzo interesujący wątki poboczne &#8211; dzięki temu sztuka publiczna nie została zredukowana i wtłoczona w sztywne ramy klasyfikacyjne.</p>



<p>dr hab. Przemysław Kisiel, prof. Uniwersytetu Ekonomicznego w Krakowie</p>

<div class="entry-summary">
10 stycznia (wtorek) o godz. 18:00 zapraszamy na spotkanie z dr Karoliną Izdebską z Instytutu Socjologii US wokół jej książki &#8222;Sztuka publiczna&#8221;. Rozmowę poprowadzi Joanna Szczepanik. Wstęp na wydarzenie jest bezpłatny. Sztuka publiczna funkcjonuje w zróżnicowanych formach i na styku różnorodnych&hellip;
</div>
