{"id":9176,"date":"2023-01-03T08:41:30","date_gmt":"2023-01-03T08:41:30","guid":{"rendered":"https:\/\/mbp.szczecin.pl\/?post_type=wydarzenia_01&#038;p=9176"},"modified":"2023-01-09T11:43:12","modified_gmt":"2023-01-09T11:43:12","slug":"taktownie-o-popkulturze-i-komiksie","status":"publish","type":"wydarzenia_01","link":"https:\/\/mbp.szczecin.pl\/wydarzenia_01\/taktownie-o-popkulturze-i-komiksie\/","title":{"rendered":"[Taktownie o Popkulturze i Komiksie]"},"content":{"rendered":"\n<blockquote class=\"wp-block-quote\"><p><strong>30 stycznia (poniedzia\u0142ek)<\/strong> o godz. 18:00 Stowarzyszenie POP-ART zaprasza na ciekaw\u0105 dyskusj\u0119 o popkulturze. TOK bowiem ewoluuje w TOPiK.<\/p><\/blockquote>\n\n\n\n<p>Na spotkaniach b\u0119dziemy porusza\u0107 tematy zwi\u0105zane m.in. z ksi\u0105\u017ckami, filmami, muzyk\u0105. Na pierwszym spotkaniu om\u00f3wimy aktorskie <strong>seriale sci-fi<\/strong> od lat \u201980 do 2010.<\/p>\n\n\n\n<p>Przed spotkaniem podamy \u201elist\u0119 lektur\u201d, czyli nasz\u0105 baz\u0119 do dyskusji. Zach\u0119camy do podawania swoich ulubionych tytu\u0142\u00f3w. Podczas dyskusji chcemy om\u00f3wi\u0107 jak\u0105 tematyk\u0119 porusza\u0142y seriale z tego gatunku, jak zosta\u0142a pokazana w nich technologia przysz\u0142o\u015bci oraz jakie s\u0105 r\u00f3\u017cnice i podobie\u0144stwa mi\u0119dzy nimi.<\/p>\n\n\n\n<p>Prosimy przesy\u0142a\u0107 swoje propozycje tytu\u0142\u00f3w mailowo: elewatorkultury@gmail.com<\/p>\n\n\n\n<p>Wst\u0119p na wydarzenie oczywi\u015bcie jest bezp\u0142atny.<\/p>\n","protected":false},"excerpt":{"rendered":"<div class=\"entry-summary\">\n30 stycznia (poniedzia\u0142ek) o godz. 18:00 Stowarzyszenie POP-ART zaprasza na ciekaw\u0105 dyskusj\u0119 o popkulturze. TOK bowiem ewoluuje w TOPiK. Na spotkaniach b\u0119dziemy porusza\u0107 tematy zwi\u0105zane m.in. z ksi\u0105\u017ckami, filmami, muzyk\u0105. Na pierwszym spotkaniu om\u00f3wimy aktorskie seriale sci-fi od lat \u201980&hellip;\n<\/div>\n","protected":false},"featured_media":9177,"template":"","kategoria":[],"nr-filii-001":[178],"_links":{"self":[{"href":"https:\/\/mbp.szczecin.pl\/wp-json\/wp\/v2\/wydarzenia_01\/9176"}],"collection":[{"href":"https:\/\/mbp.szczecin.pl\/wp-json\/wp\/v2\/wydarzenia_01"}],"about":[{"href":"https:\/\/mbp.szczecin.pl\/wp-json\/wp\/v2\/types\/wydarzenia_01"}],"version-history":[{"count":3,"href":"https:\/\/mbp.szczecin.pl\/wp-json\/wp\/v2\/wydarzenia_01\/9176\/revisions"}],"predecessor-version":[{"id":9217,"href":"https:\/\/mbp.szczecin.pl\/wp-json\/wp\/v2\/wydarzenia_01\/9176\/revisions\/9217"}],"wp:featuredmedia":[{"embeddable":true,"href":"https:\/\/mbp.szczecin.pl\/wp-json\/wp\/v2\/media\/9177"}],"wp:attachment":[{"href":"https:\/\/mbp.szczecin.pl\/wp-json\/wp\/v2\/media?parent=9176"}],"wp:term":[{"taxonomy":"kategoria","embeddable":true,"href":"https:\/\/mbp.szczecin.pl\/wp-json\/wp\/v2\/kategoria?post=9176"},{"taxonomy":"nr-filii-001","embeddable":true,"href":"https:\/\/mbp.szczecin.pl\/wp-json\/wp\/v2\/nr-filii-001?post=9176"}],"curies":[{"name":"wp","href":"https:\/\/api.w.org\/{rel}","templated":true}]}}

<blockquote class="wp-block-quote"><p><strong>30 stycznia (poniedziałek)</strong> o godz. 18:00 Stowarzyszenie POP-ART zaprasza na ciekawą dyskusję o popkulturze. TOK bowiem ewoluuje w TOPiK.</p></blockquote>



<p>Na spotkaniach będziemy poruszać tematy związane m.in. z książkami, filmami, muzyką. Na pierwszym spotkaniu omówimy aktorskie <strong>seriale sci-fi</strong> od lat ’80 do 2010.</p>



<p>Przed spotkaniem podamy „listę lektur”, czyli naszą bazę do dyskusji. Zachęcamy do podawania swoich ulubionych tytułów. Podczas dyskusji chcemy omówić jaką tematykę poruszały seriale z tego gatunku, jak została pokazana w nich technologia przyszłości oraz jakie są różnice i podobieństwa między nimi.</p>



<p>Prosimy przesyłać swoje propozycje tytułów mailowo: elewatorkultury@gmail.com</p>



<p>Wstęp na wydarzenie oczywiście jest bezpłatny.</p>

<div class="entry-summary">
30 stycznia (poniedziałek) o godz. 18:00 Stowarzyszenie POP-ART zaprasza na ciekawą dyskusję o popkulturze. TOK bowiem ewoluuje w TOPiK. Na spotkaniach będziemy poruszać tematy związane m.in. z książkami, filmami, muzyką. Na pierwszym spotkaniu omówimy aktorskie seriale sci-fi od lat ’80&hellip;
</div>
