{"id":9172,"date":"2023-01-03T08:29:49","date_gmt":"2023-01-03T08:29:49","guid":{"rendered":"https:\/\/mbp.szczecin.pl\/?post_type=wydarzenia_01&#038;p=9172"},"modified":"2023-01-04T11:24:39","modified_gmt":"2023-01-04T11:24:39","slug":"generator-mysli-filozoficznej-dla-mlodziezy-5","status":"publish","type":"wydarzenia_01","link":"https:\/\/mbp.szczecin.pl\/wydarzenia_01\/generator-mysli-filozoficznej-dla-mlodziezy-5\/","title":{"rendered":"[Generator My\u015bli Filozoficznej dla m\u0142odzie\u017cy]"},"content":{"rendered":"\n<blockquote class=\"wp-block-quote\"><p><strong>25 stycznia (\u015broda]<\/strong>\u00a0o godz. 17:00\u00a0m\u0142odzi rozm\u00f3wcy zajm\u0105 si\u0119 tematem konflikt\u00f3w rodzinnych w literaturze w ramach cyklu [Generator my\u015bli filozoficznej dla m\u0142odzie\u017cy].<\/p><\/blockquote>\n\n\n\n<p>Organizatorzy cyklu &#8211; stowarzyszenie <strong>Generator My\u015bli Humanistycznej<\/strong> &#8211; zapraszaj\u0105 uczni\u00f3w i student\u00f3w oraz wszystkich ch\u0119tnych do inteligentnych dyskusji o wa\u017cnych tematach do ProMedi\u00f3w (al. Wojska Polskiego 2).<\/p>\n\n\n\n<p>Moderatorami spotka\u0144 s\u0105 Hubert Mo\u017cd\u017ce\u0144 oraz Pawe\u0142 Ko\u0142odzi\u0144ski.<\/p>\n","protected":false},"excerpt":{"rendered":"<div class=\"entry-summary\">\n25 stycznia (\u015broda]\u00a0o godz. 17:00\u00a0m\u0142odzi rozm\u00f3wcy zajm\u0105 si\u0119 tematem konflikt\u00f3w rodzinnych w literaturze w ramach cyklu . Organizatorzy cyklu &#8211; stowarzyszenie Generator My\u015bli Humanistycznej &#8211; zapraszaj\u0105 uczni\u00f3w i student\u00f3w oraz wszystkich ch\u0119tnych do inteligentnych dyskusji o&hellip;\n<\/div>\n","protected":false},"featured_media":9173,"template":"","kategoria":[],"nr-filii-001":[178],"_links":{"self":[{"href":"https:\/\/mbp.szczecin.pl\/wp-json\/wp\/v2\/wydarzenia_01\/9172"}],"collection":[{"href":"https:\/\/mbp.szczecin.pl\/wp-json\/wp\/v2\/wydarzenia_01"}],"about":[{"href":"https:\/\/mbp.szczecin.pl\/wp-json\/wp\/v2\/types\/wydarzenia_01"}],"version-history":[{"count":3,"href":"https:\/\/mbp.szczecin.pl\/wp-json\/wp\/v2\/wydarzenia_01\/9172\/revisions"}],"predecessor-version":[{"id":9204,"href":"https:\/\/mbp.szczecin.pl\/wp-json\/wp\/v2\/wydarzenia_01\/9172\/revisions\/9204"}],"wp:featuredmedia":[{"embeddable":true,"href":"https:\/\/mbp.szczecin.pl\/wp-json\/wp\/v2\/media\/9173"}],"wp:attachment":[{"href":"https:\/\/mbp.szczecin.pl\/wp-json\/wp\/v2\/media?parent=9172"}],"wp:term":[{"taxonomy":"kategoria","embeddable":true,"href":"https:\/\/mbp.szczecin.pl\/wp-json\/wp\/v2\/kategoria?post=9172"},{"taxonomy":"nr-filii-001","embeddable":true,"href":"https:\/\/mbp.szczecin.pl\/wp-json\/wp\/v2\/nr-filii-001?post=9172"}],"curies":[{"name":"wp","href":"https:\/\/api.w.org\/{rel}","templated":true}]}}

[Generator Myśli Filozoficznej dla młodzieży]

<blockquote class="wp-block-quote"><p><strong>25 stycznia (środa]</strong> o godz. 17:00 młodzi rozmówcy zajmą się tematem konfliktów rodzinnych w literaturze w ramach cyklu [Generator myśli filozoficznej dla młodzieży].</p></blockquote>



<p>Organizatorzy cyklu &#8211; stowarzyszenie <strong>Generator Myśli Humanistycznej</strong> &#8211; zapraszają uczniów i studentów oraz wszystkich chętnych do inteligentnych dyskusji o ważnych tematach do ProMediów (al. Wojska Polskiego 2).</p>



<p>Moderatorami spotkań są Hubert Możdżeń oraz Paweł Kołodziński.</p>

<div class="entry-summary">
25 stycznia (środa] o godz. 17:00 młodzi rozmówcy zajmą się tematem konfliktów rodzinnych w literaturze w ramach cyklu . Organizatorzy cyklu &#8211; stowarzyszenie Generator Myśli Humanistycznej &#8211; zapraszają uczniów i studentów oraz wszystkich chętnych do inteligentnych dyskusji o&hellip;
</div>
