{"id":9169,"date":"2023-01-03T08:20:57","date_gmt":"2023-01-03T08:20:57","guid":{"rendered":"https:\/\/mbp.szczecin.pl\/?post_type=wydarzenia_01&#038;p=9169"},"modified":"2023-02-10T13:11:48","modified_gmt":"2023-02-10T13:11:48","slug":"nie-pokoje-tworcze-spotkanie-z-autorami-zbioru-opowiadan","status":"publish","type":"wydarzenia_01","link":"https:\/\/mbp.szczecin.pl\/wydarzenia_01\/nie-pokoje-tworcze-spotkanie-z-autorami-zbioru-opowiadan\/","title":{"rendered":"Nie-pokoje tw\u00f3rcze. Spotkanie z autorami zbioru opowiada\u0144"},"content":{"rendered":"\n<blockquote class=\"wp-block-quote\"><p><strong>26 stycznia (czwartek)<\/strong>&nbsp;zapraszamy na godz. 18:00 na spotkanie z autorkami i autorami ksi\u0105\u017cki &#8222;Nie-pokoje tw\u00f3rcze. Antologia tekst\u00f3w studentek i student\u00f3w studi\u00f3w pisarskich US&#8221;.<\/p><\/blockquote>\n\n\n\n<p>O swoich tekstach i inspiracjach tw\u00f3rczych opowiedz\u0105 Joanna Cybruch, Agnieszka Pa\u0142czak, Danuta Mierzwi\u0144ska, Mariusz Strze\u017cek, Anna Aderek, Tomasz Mi\u0142owicki, Krystyna Rodzewicz, Tomasz Szotkowski oraz Sebastian Fit.<\/p>\n\n\n\n<p>Wst\u0119p na wydarzenie jest bezp\u0142atny. Rozmow\u0119 z go\u015b\u0107mi poprowadzi Krzysztof Lichtblau &#8211; Pan od Ksi\u0105\u017cek. Partnerem wydarzenia jest Wydawnictwo Naukowe US.<\/p>\n\n\n\n<p>&#8222;Tytu\u0142 zbioru oddaje techniczne, metodyczne, emocjonalne nie\/pokoje, towarzysz\u0105ce nam ucz\u0105cym (si\u0119) pisania i wsp\u00f3\u0142pracy, ale i ods\u0142ania przej\u015bcia mi\u0119dzy przestrzeniami, symbolicznymi oraz realnymi. Metafora &#8222;w\u0142asnego pokoju&#8221;, zaczerpni\u0119ta z eseju Virginii Woolf, oznacza wszak posiadanie materialnej podstawy do bycia artystk\u0105\/artyst\u0105, czyli miejsca, biurka, mieszkania, pieni\u0119dzy. Odnosi si\u0119 te\u017c do obszar\u00f3w wewn\u0119trznych, wskazuje na konieczno\u015b\u0107 wypracowania r\u00f3wnowagi mi\u0119dzy autonomi\u0105 i byciem w spo\u0142ecznych relacjach. <\/p>\n\n\n\n<p>Moje karmi innych, ja si\u0119 karmi\u0119 z innego. W pandemii pokoje okaza\u0142y si\u0119 albo pu\u0142apkami, albo azylami. Wychodzenie z nich przez aplikacj\u0119 MS Teams otwiera\u0142o kana\u0142y ratunkowe, pozwala\u0142o zaprasza\u0107 si\u0119 nawzajem, koi\u0107 niepokoje, czyni\u0107 z nich temat rozm\u00f3w i utwor\u00f3w. W\u0142asne pokoje s\u0105 w tym tomie konwencjami i stylami, wybieranymi przez osoby pisz\u0105ce. <\/p>\n\n\n\n<p>Tematami, indywidualnymi podej\u015bciami. Wszystkie &#8211; osoby, w\u0105tki, poetyki &#8211; zagl\u0105daj\u0105 do naszej wsp\u00f3lnej klasy, jednej z sal Kampusu Piast\u00f3w lub na Teamsie, gdzie odbywamy zaj\u0119cia w ramach studi\u00f3w pisarskich.&#8221;<br>Inga Iwasi\u00f3w\\<\/p>\n\n\n\n<p>Wydarzenie realizowane w ramach cyklu &#8222;Szczecin Literacki&#8221;.<\/p>\n","protected":false},"excerpt":{"rendered":"<div class=\"entry-summary\">\n26 stycznia (czwartek)&nbsp;zapraszamy na godz. 18:00 na spotkanie z autorkami i autorami ksi\u0105\u017cki &#8222;Nie-pokoje tw\u00f3rcze. Antologia tekst\u00f3w studentek i student\u00f3w studi\u00f3w pisarskich US&#8221;. O swoich tekstach i inspiracjach tw\u00f3rczych opowiedz\u0105 Joanna Cybruch, Agnieszka Pa\u0142czak, Danuta Mierzwi\u0144ska, Mariusz Strze\u017cek, Anna Aderek,&hellip;\n<\/div>\n","protected":false},"featured_media":9170,"template":"","kategoria":[],"nr-filii-001":[176],"_links":{"self":[{"href":"https:\/\/mbp.szczecin.pl\/wp-json\/wp\/v2\/wydarzenia_01\/9169"}],"collection":[{"href":"https:\/\/mbp.szczecin.pl\/wp-json\/wp\/v2\/wydarzenia_01"}],"about":[{"href":"https:\/\/mbp.szczecin.pl\/wp-json\/wp\/v2\/types\/wydarzenia_01"}],"version-history":[{"count":4,"href":"https:\/\/mbp.szczecin.pl\/wp-json\/wp\/v2\/wydarzenia_01\/9169\/revisions"}],"predecessor-version":[{"id":9559,"href":"https:\/\/mbp.szczecin.pl\/wp-json\/wp\/v2\/wydarzenia_01\/9169\/revisions\/9559"}],"wp:featuredmedia":[{"embeddable":true,"href":"https:\/\/mbp.szczecin.pl\/wp-json\/wp\/v2\/media\/9170"}],"wp:attachment":[{"href":"https:\/\/mbp.szczecin.pl\/wp-json\/wp\/v2\/media?parent=9169"}],"wp:term":[{"taxonomy":"kategoria","embeddable":true,"href":"https:\/\/mbp.szczecin.pl\/wp-json\/wp\/v2\/kategoria?post=9169"},{"taxonomy":"nr-filii-001","embeddable":true,"href":"https:\/\/mbp.szczecin.pl\/wp-json\/wp\/v2\/nr-filii-001?post=9169"}],"curies":[{"name":"wp","href":"https:\/\/api.w.org\/{rel}","templated":true}]}}

Nie-pokoje twórcze. Spotkanie z autorami zbioru opowiadań

<blockquote class="wp-block-quote"><p><strong>26 stycznia (czwartek)</strong>&nbsp;zapraszamy na godz. 18:00 na spotkanie z autorkami i autorami książki &#8222;Nie-pokoje twórcze. Antologia tekstów studentek i studentów studiów pisarskich US&#8221;.</p></blockquote>



<p>O swoich tekstach i inspiracjach twórczych opowiedzą Joanna Cybruch, Agnieszka Pałczak, Danuta Mierzwińska, Mariusz Strzeżek, Anna Aderek, Tomasz Miłowicki, Krystyna Rodzewicz, Tomasz Szotkowski oraz Sebastian Fit.</p>



<p>Wstęp na wydarzenie jest bezpłatny. Rozmowę z gośćmi poprowadzi Krzysztof Lichtblau &#8211; Pan od Książek. Partnerem wydarzenia jest Wydawnictwo Naukowe US.</p>



<p>&#8222;Tytuł zbioru oddaje techniczne, metodyczne, emocjonalne nie/pokoje, towarzyszące nam uczącym (się) pisania i współpracy, ale i odsłania przejścia między przestrzeniami, symbolicznymi oraz realnymi. Metafora &#8222;własnego pokoju&#8221;, zaczerpnięta z eseju Virginii Woolf, oznacza wszak posiadanie materialnej podstawy do bycia artystką/artystą, czyli miejsca, biurka, mieszkania, pieniędzy. Odnosi się też do obszarów wewnętrznych, wskazuje na konieczność wypracowania równowagi między autonomią i byciem w społecznych relacjach. </p>



<p>Moje karmi innych, ja się karmię z innego. W pandemii pokoje okazały się albo pułapkami, albo azylami. Wychodzenie z nich przez aplikację MS Teams otwierało kanały ratunkowe, pozwalało zapraszać się nawzajem, koić niepokoje, czynić z nich temat rozmów i utworów. Własne pokoje są w tym tomie konwencjami i stylami, wybieranymi przez osoby piszące. </p>



<p>Tematami, indywidualnymi podejściami. Wszystkie &#8211; osoby, wątki, poetyki &#8211; zaglądają do naszej wspólnej klasy, jednej z sal Kampusu Piastów lub na Teamsie, gdzie odbywamy zajęcia w ramach studiów pisarskich.&#8221;<br>Inga Iwasiów\</p>



<p>Wydarzenie realizowane w ramach cyklu &#8222;Szczecin Literacki&#8221;.</p>

<div class="entry-summary">
26 stycznia (czwartek)&nbsp;zapraszamy na godz. 18:00 na spotkanie z autorkami i autorami książki &#8222;Nie-pokoje twórcze. Antologia tekstów studentek i studentów studiów pisarskich US&#8221;. O swoich tekstach i inspiracjach twórczych opowiedzą Joanna Cybruch, Agnieszka Pałczak, Danuta Mierzwińska, Mariusz Strzeżek, Anna Aderek,&hellip;
</div>
