{"id":9161,"date":"2023-01-03T08:06:58","date_gmt":"2023-01-03T08:06:58","guid":{"rendered":"https:\/\/mbp.szczecin.pl\/?post_type=wydarzenia_01&#038;p=9161"},"modified":"2023-01-20T07:07:51","modified_gmt":"2023-01-20T07:07:51","slug":"o-dobrym-zdrowiu-i-samopoczuciu-senioriada","status":"publish","type":"wydarzenia_01","link":"https:\/\/mbp.szczecin.pl\/wydarzenia_01\/o-dobrym-zdrowiu-i-samopoczuciu-senioriada\/","title":{"rendered":"O dobrym zdrowiu i samopoczuciu [Senioriada]"},"content":{"rendered":"\n<blockquote class=\"wp-block-quote\"><p><strong>24 stycznia (wtorek)<\/strong> o godz. 13:00 zapraszamy do filii nr 7 (pl. Matki Teresy z Kalkuty 8) na kolejne spotkanie w ramach naszego cyklu [Senioriada].<\/p><\/blockquote>\n\n\n\n<p>Tym razem b\u0119dzie to otwarty wyk\u0142ad z pani\u0105 psycholog Agnieszk\u0105 Paduch, kt\u00f3ra to odpowie na kluczowe pytanie, a mianowicie &#8222;Jak zachowa\u0107 dobre samopoczucie?&#8221;.<\/p>\n\n\n\n<p>Wst\u0119p na wydarzenie jest bezp\u0142atny, nie obowi\u0105zuj\u0119 zapisy.<br>Serdecznie zach\u0119camy do wzi\u0119cia udzia\u0142u w naszym spotkaniu wszystkich senior\u00f3w i nie tylko!<\/p>\n","protected":false},"excerpt":{"rendered":"<div class=\"entry-summary\">\n24 stycznia (wtorek) o godz. 13:00 zapraszamy do filii nr 7 (pl. Matki Teresy z Kalkuty 8) na kolejne spotkanie w ramach naszego cyklu . Tym razem b\u0119dzie to otwarty wyk\u0142ad z pani\u0105 psycholog Agnieszk\u0105 Paduch, kt\u00f3ra to odpowie na&hellip;\n<\/div>\n","protected":false},"featured_media":9162,"template":"","kategoria":[],"nr-filii-001":[176],"_links":{"self":[{"href":"https:\/\/mbp.szczecin.pl\/wp-json\/wp\/v2\/wydarzenia_01\/9161"}],"collection":[{"href":"https:\/\/mbp.szczecin.pl\/wp-json\/wp\/v2\/wydarzenia_01"}],"about":[{"href":"https:\/\/mbp.szczecin.pl\/wp-json\/wp\/v2\/types\/wydarzenia_01"}],"version-history":[{"count":2,"href":"https:\/\/mbp.szczecin.pl\/wp-json\/wp\/v2\/wydarzenia_01\/9161\/revisions"}],"predecessor-version":[{"id":9164,"href":"https:\/\/mbp.szczecin.pl\/wp-json\/wp\/v2\/wydarzenia_01\/9161\/revisions\/9164"}],"wp:featuredmedia":[{"embeddable":true,"href":"https:\/\/mbp.szczecin.pl\/wp-json\/wp\/v2\/media\/9162"}],"wp:attachment":[{"href":"https:\/\/mbp.szczecin.pl\/wp-json\/wp\/v2\/media?parent=9161"}],"wp:term":[{"taxonomy":"kategoria","embeddable":true,"href":"https:\/\/mbp.szczecin.pl\/wp-json\/wp\/v2\/kategoria?post=9161"},{"taxonomy":"nr-filii-001","embeddable":true,"href":"https:\/\/mbp.szczecin.pl\/wp-json\/wp\/v2\/nr-filii-001?post=9161"}],"curies":[{"name":"wp","href":"https:\/\/api.w.org\/{rel}","templated":true}]}}

<blockquote class="wp-block-quote"><p><strong>24 stycznia (wtorek)</strong> o godz. 13:00 zapraszamy do filii nr 7 (pl. Matki Teresy z Kalkuty 8) na kolejne spotkanie w ramach naszego cyklu [Senioriada].</p></blockquote>



<p>Tym razem będzie to otwarty wykład z panią psycholog Agnieszką Paduch, która to odpowie na kluczowe pytanie, a mianowicie &#8222;Jak zachować dobre samopoczucie?&#8221;.</p>



<p>Wstęp na wydarzenie jest bezpłatny, nie obowiązuję zapisy.<br>Serdecznie zachęcamy do wzięcia udziału w naszym spotkaniu wszystkich seniorów i nie tylko!</p>

<div class="entry-summary">
24 stycznia (wtorek) o godz. 13:00 zapraszamy do filii nr 7 (pl. Matki Teresy z Kalkuty 8) na kolejne spotkanie w ramach naszego cyklu . Tym razem będzie to otwarty wykład z panią psycholog Agnieszką Paduch, która to odpowie na&hellip;
</div>
