{"id":9158,"date":"2023-01-03T07:55:55","date_gmt":"2023-01-03T07:55:55","guid":{"rendered":"https:\/\/mbp.szczecin.pl\/?post_type=wydarzenia_01&#038;p=9158"},"modified":"2023-01-03T07:55:56","modified_gmt":"2023-01-03T07:55:56","slug":"koreanska-podroz-piotra-zaremby-pomerania-incognita","status":"publish","type":"wydarzenia_01","link":"https:\/\/mbp.szczecin.pl\/wydarzenia_01\/koreanska-podroz-piotra-zaremby-pomerania-incognita\/","title":{"rendered":"Korea\u0144ska podr\u00f3\u017c Piotra Zaremby [Pomerania incognita]"},"content":{"rendered":"\n<blockquote class=\"wp-block-quote\"><p><strong>24 stycznia (wtorek)<\/strong> o godz. 18:00 w filii nr 7 (pl. Matki Teresy z Kalkuty 8) po miesi\u0119cznej przerwie zapraszamy na kolejny wyk\u0142ad w cyklu [Pomerania incognita. Spotkania z pomorsk\u0105 przesz\u0142o\u015bci\u0105]. <\/p><\/blockquote>\n\n\n\n<p>Naszym go\u015bciem b\u0119dzie tym razem dr hab. <strong>Eryk Krasucki<\/strong>, prof. US, kt\u00f3ry przedstawi temat korea\u0144skiej podr\u00f3\u017cy Piotra Zaremby w latach 1954-56.<\/p>\n\n\n\n<p>Wst\u0119p na wydarzenie jest bezp\u0142atny.<\/p>\n\n\n\n<p>W pa\u017adzierniku 1954 roku Piotr Zaremba \u2013 pierwszy prezydent Szczecina \u2013 wyjecha\u0142 na blisko p\u00f3\u0142tora roku do Korei P\u00f3\u0142nocnej. By\u0142 tam kierownikiem polskiej grupy urbanistycznej i g\u0142\u00f3wnym projektantem odbudowy miasta Czon-D\u017cin oraz innych miast korea\u0144skich. Ten ma\u0142o znany epizod zapocz\u0105tkowa\u0142 trwaj\u0105c\u0105 blisko cztery dekady karier\u0119 Piotra Zaremby jako mi\u0119dzynarodowego planisty i konsultanta w r\u00f3\u017cnych krajach Azji, Afryki i Europy. Jak i dlaczego trafi\u0142 on do zniszczonego przez niedawn\u0105 wojn\u0119 kraju? Co z tej podr\u00f3\u017cy pozosta\u0142o? Jak j\u0105 zapami\u0119ta\u0142?<\/p>\n\n\n\n<p>Partnerami wydarzenia oraz cyklu s\u0105:<br>Fundacja \u015acie\u017ckami Pomorza<br>Instytut Historyczny Uniwersytetu Szczeci\u0144skiego<br>Instytut Archeologii i Etnologii PAN<br>IAE PAN O\u015brodek Archeologii \u015aredniowiecza Kraj\u00f3w Nadba\u0142tyckich w Szczecinie<\/p>\n","protected":false},"excerpt":{"rendered":"<div class=\"entry-summary\">\n24 stycznia (wtorek) o godz. 18:00 w filii nr 7 (pl. Matki Teresy z Kalkuty 8) po miesi\u0119cznej przerwie zapraszamy na kolejny wyk\u0142ad w cyklu . Naszym go\u015bciem b\u0119dzie tym razem dr hab. Eryk Krasucki,&hellip;\n<\/div>\n","protected":false},"featured_media":9159,"template":"","kategoria":[],"nr-filii-001":[176],"_links":{"self":[{"href":"https:\/\/mbp.szczecin.pl\/wp-json\/wp\/v2\/wydarzenia_01\/9158"}],"collection":[{"href":"https:\/\/mbp.szczecin.pl\/wp-json\/wp\/v2\/wydarzenia_01"}],"about":[{"href":"https:\/\/mbp.szczecin.pl\/wp-json\/wp\/v2\/types\/wydarzenia_01"}],"version-history":[{"count":1,"href":"https:\/\/mbp.szczecin.pl\/wp-json\/wp\/v2\/wydarzenia_01\/9158\/revisions"}],"predecessor-version":[{"id":9160,"href":"https:\/\/mbp.szczecin.pl\/wp-json\/wp\/v2\/wydarzenia_01\/9158\/revisions\/9160"}],"wp:featuredmedia":[{"embeddable":true,"href":"https:\/\/mbp.szczecin.pl\/wp-json\/wp\/v2\/media\/9159"}],"wp:attachment":[{"href":"https:\/\/mbp.szczecin.pl\/wp-json\/wp\/v2\/media?parent=9158"}],"wp:term":[{"taxonomy":"kategoria","embeddable":true,"href":"https:\/\/mbp.szczecin.pl\/wp-json\/wp\/v2\/kategoria?post=9158"},{"taxonomy":"nr-filii-001","embeddable":true,"href":"https:\/\/mbp.szczecin.pl\/wp-json\/wp\/v2\/nr-filii-001?post=9158"}],"curies":[{"name":"wp","href":"https:\/\/api.w.org\/{rel}","templated":true}]}}

Koreańska podróż Piotra Zaremby [Pomerania incognita]

<blockquote class="wp-block-quote"><p><strong>24 stycznia (wtorek)</strong> o godz. 18:00 w filii nr 7 (pl. Matki Teresy z Kalkuty 8) po miesięcznej przerwie zapraszamy na kolejny wykład w cyklu [Pomerania incognita. Spotkania z pomorską przeszłością]. </p></blockquote>



<p>Naszym gościem będzie tym razem dr hab. <strong>Eryk Krasucki</strong>, prof. US, który przedstawi temat koreańskiej podróży Piotra Zaremby w latach 1954-56.</p>



<p>Wstęp na wydarzenie jest bezpłatny.</p>



<p>W październiku 1954 roku Piotr Zaremba – pierwszy prezydent Szczecina – wyjechał na blisko półtora roku do Korei Północnej. Był tam kierownikiem polskiej grupy urbanistycznej i głównym projektantem odbudowy miasta Czon-Dżin oraz innych miast koreańskich. Ten mało znany epizod zapoczątkował trwającą blisko cztery dekady karierę Piotra Zaremby jako międzynarodowego planisty i konsultanta w różnych krajach Azji, Afryki i Europy. Jak i dlaczego trafił on do zniszczonego przez niedawną wojnę kraju? Co z tej podróży pozostało? Jak ją zapamiętał?</p>



<p>Partnerami wydarzenia oraz cyklu są:<br>Fundacja Ścieżkami Pomorza<br>Instytut Historyczny Uniwersytetu Szczecińskiego<br>Instytut Archeologii i Etnologii PAN<br>IAE PAN Ośrodek Archeologii Średniowiecza Krajów Nadbałtyckich w Szczecinie</p>

<div class="entry-summary">
24 stycznia (wtorek) o godz. 18:00 w filii nr 7 (pl. Matki Teresy z Kalkuty 8) po miesięcznej przerwie zapraszamy na kolejny wykład w cyklu . Naszym gościem będzie tym razem dr hab. Eryk Krasucki,&hellip;
</div>
