{"id":9155,"date":"2023-01-03T07:48:43","date_gmt":"2023-01-03T07:48:43","guid":{"rendered":"https:\/\/mbp.szczecin.pl\/?post_type=wydarzenia_01&#038;p=9155"},"modified":"2023-01-20T07:09:22","modified_gmt":"2023-01-20T07:09:22","slug":"slowa-maja-moc-logopedia","status":"publish","type":"wydarzenia_01","link":"https:\/\/mbp.szczecin.pl\/wydarzenia_01\/slowa-maja-moc-logopedia\/","title":{"rendered":"S\u0142owa maj\u0105 Moc! [Logopedia]"},"content":{"rendered":"\n<blockquote class=\"wp-block-quote\"><p>Spotkania z logoped\u0105, Ann\u0105 Smoro\u0144 b\u0119d\u0105 odbywa\u0107 si\u0119 tak\u017ce w kolejnych miesi\u0105cach 2023 r., w soboty o godz. <strong>11:00<\/strong>. Na pierwsze z nich zapraszamy ju\u017c <strong>28 stycznia<\/strong> do filii nr 7 (pl. Matki Teresy z Kalkuty 8). <\/p><\/blockquote>\n\n\n\n<p>Podczas wydarzenia prowadz\u0105ca opowie jak post\u0119powa\u0107 w przypadku stwierdzenia wad wymowy u dzieci. Podczas kilku zabaw przeprowadzi na \u017cyczenie logopedyczn\u0105 diagnoz\u0119 wst\u0119pn\u0105.<\/p>\n\n\n\n<p>Zapisy na spotkanie mo\u017cliwe s\u0105 telefonicznie 91 506 50 58 lub osobi\u015bcie w filii.<\/p>\n","protected":false},"excerpt":{"rendered":"<div class=\"entry-summary\">\nSpotkania z logoped\u0105, Ann\u0105 Smoro\u0144 b\u0119d\u0105 odbywa\u0107 si\u0119 tak\u017ce w kolejnych miesi\u0105cach 2023 r., w soboty o godz. 11:00. Na pierwsze z nich zapraszamy ju\u017c 28 stycznia do filii nr 7 (pl. Matki Teresy z Kalkuty 8). Podczas wydarzenia prowadz\u0105ca&hellip;\n<\/div>\n","protected":false},"featured_media":9156,"template":"","kategoria":[],"nr-filii-001":[176],"_links":{"self":[{"href":"https:\/\/mbp.szczecin.pl\/wp-json\/wp\/v2\/wydarzenia_01\/9155"}],"collection":[{"href":"https:\/\/mbp.szczecin.pl\/wp-json\/wp\/v2\/wydarzenia_01"}],"about":[{"href":"https:\/\/mbp.szczecin.pl\/wp-json\/wp\/v2\/types\/wydarzenia_01"}],"version-history":[{"count":2,"href":"https:\/\/mbp.szczecin.pl\/wp-json\/wp\/v2\/wydarzenia_01\/9155\/revisions"}],"predecessor-version":[{"id":9268,"href":"https:\/\/mbp.szczecin.pl\/wp-json\/wp\/v2\/wydarzenia_01\/9155\/revisions\/9268"}],"wp:featuredmedia":[{"embeddable":true,"href":"https:\/\/mbp.szczecin.pl\/wp-json\/wp\/v2\/media\/9156"}],"wp:attachment":[{"href":"https:\/\/mbp.szczecin.pl\/wp-json\/wp\/v2\/media?parent=9155"}],"wp:term":[{"taxonomy":"kategoria","embeddable":true,"href":"https:\/\/mbp.szczecin.pl\/wp-json\/wp\/v2\/kategoria?post=9155"},{"taxonomy":"nr-filii-001","embeddable":true,"href":"https:\/\/mbp.szczecin.pl\/wp-json\/wp\/v2\/nr-filii-001?post=9155"}],"curies":[{"name":"wp","href":"https:\/\/api.w.org\/{rel}","templated":true}]}}

Słowa mają Moc! [Logopedia]

<blockquote class="wp-block-quote"><p>Spotkania z logopedą, Anną Smoroń będą odbywać się także w kolejnych miesiącach 2023 r., w soboty o godz. <strong>11:00</strong>. Na pierwsze z nich zapraszamy już <strong>28 stycznia</strong> do filii nr 7 (pl. Matki Teresy z Kalkuty 8). </p></blockquote>



<p>Podczas wydarzenia prowadząca opowie jak postępować w przypadku stwierdzenia wad wymowy u dzieci. Podczas kilku zabaw przeprowadzi na życzenie logopedyczną diagnozę wstępną.</p>



<p>Zapisy na spotkanie możliwe są telefonicznie 91 506 50 58 lub osobiście w filii.</p>

<div class="entry-summary">
Spotkania z logopedą, Anną Smoroń będą odbywać się także w kolejnych miesiącach 2023 r., w soboty o godz. 11:00. Na pierwsze z nich zapraszamy już 28 stycznia do filii nr 7 (pl. Matki Teresy z Kalkuty 8). Podczas wydarzenia prowadząca&hellip;
</div>
