{"id":9141,"date":"2022-12-30T10:09:41","date_gmt":"2022-12-30T10:09:41","guid":{"rendered":"https:\/\/mbp.szczecin.pl\/?post_type=wydarzenia_01&#038;p=9141"},"modified":"2023-01-05T07:18:06","modified_gmt":"2023-01-05T07:18:06","slug":"mrok-umyslu-seryjnego-zabojcy-spotkanie-z-adrianem-bednarkiem","status":"publish","type":"wydarzenia_01","link":"https:\/\/mbp.szczecin.pl\/wydarzenia_01\/mrok-umyslu-seryjnego-zabojcy-spotkanie-z-adrianem-bednarkiem\/","title":{"rendered":"Mrok umys\u0142u seryjnego zab\u00f3jcy. Spotkanie z Adrianem Bednarkiem"},"content":{"rendered":"\n<blockquote class=\"wp-block-quote\"><p><strong>17 stycznia (wtorek)<\/strong> o godz. 18:00 w ProMediach (al. Wojska Polskiego 2) zag\u0142\u0119bimy si\u0119 w czelu\u015bci umys\u0142u ksi\u0105\u017ckowego mordercy, zapraszaj\u0105c Adriana Bednarka, autora krymina\u0142\u00f3w, g\u0142\u00f3wnie cyklu o Kubie Soba\u0144skim. Rozmow\u0119 z go\u015bciem poprowadzi Artur Niewczas.<\/p><\/blockquote>\n\n\n\n<p>Wst\u0119p na wydarzenie jest bezp\u0142atny. Spotkanie b\u0119dzie t\u0142umaczone na j\u0119zyk migowy.<\/p>\n\n\n\n<p>Podczas spotkania b\u0119dzie mo\u017cliwo\u015b\u0107 kupna najnowszej ksi\u0105\u017cki Adriana Bednarka w przedsprzeda\u017cy!\u00a0<\/p>\n\n\n\n<p>\u201cTylko wielcy potrafi\u0105 realizowa\u0107 swoje \u017c\u0105dze. Ja jestem najwi\u0119kszy\u2026<br>Witaj w moim idealnym \u015bwiecie. Jestem Kuba, mam dwadzie\u015bcia dwa lata i wszystko, czego mo\u017cna zazdro\u015bci\u0107 m\u0142odemu facetowi \u2013 pi\u0119kn\u0105 dziewczyn\u0119, penthouse w Krakowie, sportowe auto i studia, kt\u00f3re w przysz\u0142o\u015bci maj\u0105 zaprowadzi\u0107 mnie na prawnicze szczyty. Mam co\u015b jeszcze\u2026 Mroczny sekret, o kt\u00f3rym dowiaduj\u0105 si\u0119 nieliczni, a cen\u0105 za jego poznanie jest \u015bmier\u0107.\u201d<br>(Pami\u0119tnik diab\u0142a, wyd. Novae Res, 2014)<\/p>\n\n\n\n<p>Adrian Bednarek \u2013 urodzony w 1984 r. w Cz\u0119stochowie. Od lat zafascynowany tematyk\u0105 kryminaln\u0105, w szczeg\u00f3lno\u015bci postaciami seryjnych morderc\u00f3w. Wielki fan sportu \u017cu\u017clowego, na\u0142ogowy biegacz. Pisanie uwa\u017ca za swoj\u0105 najwi\u0119ksz\u0105 pasj\u0119. Uwielbia tworzy\u0107 historie, w kt\u00f3rych g\u0142\u00f3wnymi bohaterami s\u0105 skomplikowane, czarne charaktery.<\/p>\n\n\n\n<p><\/p>\n\n\n\n<figure class=\"wp-block-image size-large is-resized\"><img loading=\"lazy\" src=\"https:\/\/mbp.szczecin.pl\/wp-content\/uploads\/2022\/12\/DSC_8183_www-633x1024.jpg\" alt=\"\" class=\"wp-image-9144\" width=\"453\" height=\"732\" srcset=\"https:\/\/mbp.szczecin.pl\/wp-content\/uploads\/2022\/12\/DSC_8183_www-633x1024.jpg 633w, https:\/\/mbp.szczecin.pl\/wp-content\/uploads\/2022\/12\/DSC_8183_www-186x300.jpg 186w, https:\/\/mbp.szczecin.pl\/wp-content\/uploads\/2022\/12\/DSC_8183_www-768x1242.jpg 768w, https:\/\/mbp.szczecin.pl\/wp-content\/uploads\/2022\/12\/DSC_8183_www.jpg 888w\" sizes=\"(max-width: 453px) 100vw, 453px\" \/><\/figure>\n\n\n\n<p><\/p>\n\n\n\n<p>Wydarzenie odb\u0119dzie si\u0119 w ramach przedsi\u0119wzi\u0119cia grantowego \u201eZobacz i us\u0142ysz kultur\u0119!\u201d, finansowanego w projekcie \u201eKultura bez barier\u201d.<\/p>\n\n\n\n<figure class=\"wp-block-image\"><img src=\"https:\/\/mbp.szczecin.pl\/wp-content\/uploads\/2022\/09\/ZiUK_wydarzenie-FB_popr-1024x536.png\" alt=\"\"\/><\/figure>\n","protected":false},"excerpt":{"rendered":"<div class=\"entry-summary\">\n17 stycznia (wtorek) o godz. 18:00 w ProMediach (al. Wojska Polskiego 2) zag\u0142\u0119bimy si\u0119 w czelu\u015bci umys\u0142u ksi\u0105\u017ckowego mordercy, zapraszaj\u0105c Adriana Bednarka, autora krymina\u0142\u00f3w, g\u0142\u00f3wnie cyklu o Kubie Soba\u0144skim. Rozmow\u0119 z go\u015bciem poprowadzi Artur Niewczas. Wst\u0119p na wydarzenie jest bezp\u0142atny.&hellip;\n<\/div>\n","protected":false},"featured_media":9142,"template":"","kategoria":[],"nr-filii-001":[178],"_links":{"self":[{"href":"https:\/\/mbp.szczecin.pl\/wp-json\/wp\/v2\/wydarzenia_01\/9141"}],"collection":[{"href":"https:\/\/mbp.szczecin.pl\/wp-json\/wp\/v2\/wydarzenia_01"}],"about":[{"href":"https:\/\/mbp.szczecin.pl\/wp-json\/wp\/v2\/types\/wydarzenia_01"}],"version-history":[{"count":6,"href":"https:\/\/mbp.szczecin.pl\/wp-json\/wp\/v2\/wydarzenia_01\/9141\/revisions"}],"predecessor-version":[{"id":9207,"href":"https:\/\/mbp.szczecin.pl\/wp-json\/wp\/v2\/wydarzenia_01\/9141\/revisions\/9207"}],"wp:featuredmedia":[{"embeddable":true,"href":"https:\/\/mbp.szczecin.pl\/wp-json\/wp\/v2\/media\/9142"}],"wp:attachment":[{"href":"https:\/\/mbp.szczecin.pl\/wp-json\/wp\/v2\/media?parent=9141"}],"wp:term":[{"taxonomy":"kategoria","embeddable":true,"href":"https:\/\/mbp.szczecin.pl\/wp-json\/wp\/v2\/kategoria?post=9141"},{"taxonomy":"nr-filii-001","embeddable":true,"href":"https:\/\/mbp.szczecin.pl\/wp-json\/wp\/v2\/nr-filii-001?post=9141"}],"curies":[{"name":"wp","href":"https:\/\/api.w.org\/{rel}","templated":true}]}}

Mrok umysłu seryjnego zabójcy. Spotkanie z Adrianem Bednarkiem

<blockquote class="wp-block-quote"><p><strong>17 stycznia (wtorek)</strong> o godz. 18:00 w ProMediach (al. Wojska Polskiego 2) zagłębimy się w czeluści umysłu książkowego mordercy, zapraszając Adriana Bednarka, autora kryminałów, głównie cyklu o Kubie Sobańskim. Rozmowę z gościem poprowadzi Artur Niewczas.</p></blockquote>



<p>Wstęp na wydarzenie jest bezpłatny. Spotkanie będzie tłumaczone na język migowy.</p>



<p>Podczas spotkania będzie możliwość kupna najnowszej książki Adriana Bednarka w przedsprzedaży! </p>



<p>“Tylko wielcy potrafią realizować swoje żądze. Ja jestem największy…<br>Witaj w moim idealnym świecie. Jestem Kuba, mam dwadzieścia dwa lata i wszystko, czego można zazdrościć młodemu facetowi – piękną dziewczynę, penthouse w Krakowie, sportowe auto i studia, które w przyszłości mają zaprowadzić mnie na prawnicze szczyty. Mam coś jeszcze… Mroczny sekret, o którym dowiadują się nieliczni, a ceną za jego poznanie jest śmierć.”<br>(Pamiętnik diabła, wyd. Novae Res, 2014)</p>



<p>Adrian Bednarek – urodzony w 1984 r. w Częstochowie. Od lat zafascynowany tematyką kryminalną, w szczególności postaciami seryjnych morderców. Wielki fan sportu żużlowego, nałogowy biegacz. Pisanie uważa za swoją największą pasję. Uwielbia tworzyć historie, w których głównymi bohaterami są skomplikowane, czarne charaktery.</p>



<p></p>



<figure class="wp-block-image size-large is-resized"><img loading="lazy" src="https://mbp.szczecin.pl/wp-content/uploads/2022/12/DSC_8183_www-633x1024.jpg" alt="" class="wp-image-9144" width="453" height="732" srcset="https://mbp.szczecin.pl/wp-content/uploads/2022/12/DSC_8183_www-633x1024.jpg 633w, https://mbp.szczecin.pl/wp-content/uploads/2022/12/DSC_8183_www-186x300.jpg 186w, https://mbp.szczecin.pl/wp-content/uploads/2022/12/DSC_8183_www-768x1242.jpg 768w, https://mbp.szczecin.pl/wp-content/uploads/2022/12/DSC_8183_www.jpg 888w" sizes="(max-width: 453px) 100vw, 453px" /></figure>



<p></p>



<p>Wydarzenie odbędzie się w ramach przedsięwzięcia grantowego „Zobacz i usłysz kulturę!”, finansowanego w projekcie „Kultura bez barier”.</p>



<figure class="wp-block-image"><img src="https://mbp.szczecin.pl/wp-content/uploads/2022/09/ZiUK_wydarzenie-FB_popr-1024x536.png" alt=""/></figure>

<div class="entry-summary">
17 stycznia (wtorek) o godz. 18:00 w ProMediach (al. Wojska Polskiego 2) zagłębimy się w czeluści umysłu książkowego mordercy, zapraszając Adriana Bednarka, autora kryminałów, głównie cyklu o Kubie Sobańskim. Rozmowę z gościem poprowadzi Artur Niewczas. Wstęp na wydarzenie jest bezpłatny.&hellip;
</div>
