{"id":9123,"date":"2022-12-29T09:00:17","date_gmt":"2022-12-29T09:00:17","guid":{"rendered":"https:\/\/mbp.szczecin.pl\/?post_type=wydarzenia_01&#038;p=9123"},"modified":"2022-12-29T09:00:18","modified_gmt":"2022-12-29T09:00:18","slug":"seniorzy-w-promediach-2","status":"publish","type":"wydarzenia_01","link":"https:\/\/mbp.szczecin.pl\/wydarzenia_01\/seniorzy-w-promediach-2\/","title":{"rendered":"[Seniorzy w ProMediach]"},"content":{"rendered":"\n<blockquote class=\"wp-block-quote\"><p><strong>4 stycznia (\u015broda)<\/strong> zapraszamy o godz. 13:00 na kolejn\u0105 wizyt\u0119 [Senior\u00f3w w ProMediach].<\/p><\/blockquote>\n\n\n\n<p>Celem spotkania jest zapoznanie uczestnik\u00f3w z aplikacjami mobilnymi i stronami, na kt\u00f3rych mo\u017cna znale\u017a\u0107 odpowiedniki lek\u00f3w, sprawdzi\u0107 ich ceny, sposoby refundacji i dost\u0119pno\u015b\u0107 w lokalnych aptekach. Ponadto seniorzy dowiedz\u0105 si\u0119, jak zam\u00f3wi\u0107 leki przez Internet z odbiorem w aptece, aby uzyska\u0107 zni\u017ckow\u0105 cen\u0119.<\/p>\n\n\n\n<p>Zaj\u0119cia b\u0119d\u0105 mia\u0142y charakter warsztatowy z wykorzystaniem tablet\u00f3w.<\/p>\n\n\n\n<p>Wst\u0119p na wydarzenie jest bezp\u0142atny, ale <strong>obowi\u0105zuj\u0105 wcze\u015bniejsze zapisy<\/strong>. <br>Kontakt:(91) 506 50 56, filia54@mbp.szczecin.pl <br>Osoba do kontaktu: Aneta Krejczy<\/p>\n","protected":false},"excerpt":{"rendered":"<div class=\"entry-summary\">\n4 stycznia (\u015broda) zapraszamy o godz. 13:00 na kolejn\u0105 wizyt\u0119 . Celem spotkania jest zapoznanie uczestnik\u00f3w z aplikacjami mobilnymi i stronami, na kt\u00f3rych mo\u017cna znale\u017a\u0107 odpowiedniki lek\u00f3w, sprawdzi\u0107 ich ceny, sposoby refundacji i dost\u0119pno\u015b\u0107 w lokalnych aptekach. Ponadto&hellip;\n<\/div>\n","protected":false},"featured_media":9124,"template":"","kategoria":[],"nr-filii-001":[178],"_links":{"self":[{"href":"https:\/\/mbp.szczecin.pl\/wp-json\/wp\/v2\/wydarzenia_01\/9123"}],"collection":[{"href":"https:\/\/mbp.szczecin.pl\/wp-json\/wp\/v2\/wydarzenia_01"}],"about":[{"href":"https:\/\/mbp.szczecin.pl\/wp-json\/wp\/v2\/types\/wydarzenia_01"}],"version-history":[{"count":1,"href":"https:\/\/mbp.szczecin.pl\/wp-json\/wp\/v2\/wydarzenia_01\/9123\/revisions"}],"predecessor-version":[{"id":9125,"href":"https:\/\/mbp.szczecin.pl\/wp-json\/wp\/v2\/wydarzenia_01\/9123\/revisions\/9125"}],"wp:featuredmedia":[{"embeddable":true,"href":"https:\/\/mbp.szczecin.pl\/wp-json\/wp\/v2\/media\/9124"}],"wp:attachment":[{"href":"https:\/\/mbp.szczecin.pl\/wp-json\/wp\/v2\/media?parent=9123"}],"wp:term":[{"taxonomy":"kategoria","embeddable":true,"href":"https:\/\/mbp.szczecin.pl\/wp-json\/wp\/v2\/kategoria?post=9123"},{"taxonomy":"nr-filii-001","embeddable":true,"href":"https:\/\/mbp.szczecin.pl\/wp-json\/wp\/v2\/nr-filii-001?post=9123"}],"curies":[{"name":"wp","href":"https:\/\/api.w.org\/{rel}","templated":true}]}}

<blockquote class="wp-block-quote"><p><strong>4 stycznia (środa)</strong> zapraszamy o godz. 13:00 na kolejną wizytę [Seniorów w ProMediach].</p></blockquote>



<p>Celem spotkania jest zapoznanie uczestników z aplikacjami mobilnymi i stronami, na których można znaleźć odpowiedniki leków, sprawdzić ich ceny, sposoby refundacji i dostępność w lokalnych aptekach. Ponadto seniorzy dowiedzą się, jak zamówić leki przez Internet z odbiorem w aptece, aby uzyskać zniżkową cenę.</p>



<p>Zajęcia będą miały charakter warsztatowy z wykorzystaniem tabletów.</p>



<p>Wstęp na wydarzenie jest bezpłatny, ale <strong>obowiązują wcześniejsze zapisy</strong>. <br>Kontakt:(91) 506 50 56, filia54@mbp.szczecin.pl <br>Osoba do kontaktu: Aneta Krejczy</p>

<div class="entry-summary">
4 stycznia (środa) zapraszamy o godz. 13:00 na kolejną wizytę . Celem spotkania jest zapoznanie uczestników z aplikacjami mobilnymi i stronami, na których można znaleźć odpowiedniki leków, sprawdzić ich ceny, sposoby refundacji i dostępność w lokalnych aptekach. Ponadto&hellip;
</div>
