{"id":8806,"date":"2022-11-30T07:24:51","date_gmt":"2022-11-30T07:24:51","guid":{"rendered":"https:\/\/mbp.szczecin.pl\/?post_type=wydarzenia_01&#038;p=8806"},"modified":"2022-11-30T07:24:52","modified_gmt":"2022-11-30T07:24:52","slug":"swiateczny-kiermasz-ksiazkowy","status":"publish","type":"wydarzenia_01","link":"https:\/\/mbp.szczecin.pl\/wydarzenia_01\/swiateczny-kiermasz-ksiazkowy\/","title":{"rendered":"\u015awi\u0105teczny kiermasz ksi\u0105\u017ckowy"},"content":{"rendered":"\n<blockquote class=\"wp-block-quote\"><p>Od <strong>5 do 9 grudnia<\/strong> w\u0142\u0105cznie w filii nr 8 (ul. M. Konopnickiej 9) zakupi\u0107 b\u0119dzie mo\u017cna ciekawe ksi\u0105\u017cki w bardzo niskich cenach.<\/p><\/blockquote>\n\n\n\n<p>Podczas \u015bwi\u0105tecznego kiermaszu taniej ksi\u0105\u017cki mo\u017ce uda si\u0119 znale\u017a\u0107 jaki\u015b tytu\u0142 na prezent dla bliskiej osoby lub siebie samego. \u015arednie ceny ksi\u0105\u017cek wynios\u0105 od 1 do 4 z\u0142.<\/p>\n\n\n\n<p>Kiermasz czynny b\u0119dzie w ww. dniach mi\u0119dzy 12:00 a 16:00.<\/p>\n","protected":false},"excerpt":{"rendered":"<div class=\"entry-summary\">\nOd 5 do 9 grudnia w\u0142\u0105cznie w filii nr 8 (ul. M. Konopnickiej 9) zakupi\u0107 b\u0119dzie mo\u017cna ciekawe ksi\u0105\u017cki w bardzo niskich cenach. Podczas \u015bwi\u0105tecznego kiermaszu taniej ksi\u0105\u017cki mo\u017ce uda si\u0119 znale\u017a\u0107 jaki\u015b tytu\u0142 na prezent dla bliskiej osoby lub&hellip;\n<\/div>\n","protected":false},"featured_media":8807,"template":"","kategoria":[],"nr-filii-001":[253],"_links":{"self":[{"href":"https:\/\/mbp.szczecin.pl\/wp-json\/wp\/v2\/wydarzenia_01\/8806"}],"collection":[{"href":"https:\/\/mbp.szczecin.pl\/wp-json\/wp\/v2\/wydarzenia_01"}],"about":[{"href":"https:\/\/mbp.szczecin.pl\/wp-json\/wp\/v2\/types\/wydarzenia_01"}],"version-history":[{"count":1,"href":"https:\/\/mbp.szczecin.pl\/wp-json\/wp\/v2\/wydarzenia_01\/8806\/revisions"}],"predecessor-version":[{"id":8808,"href":"https:\/\/mbp.szczecin.pl\/wp-json\/wp\/v2\/wydarzenia_01\/8806\/revisions\/8808"}],"wp:featuredmedia":[{"embeddable":true,"href":"https:\/\/mbp.szczecin.pl\/wp-json\/wp\/v2\/media\/8807"}],"wp:attachment":[{"href":"https:\/\/mbp.szczecin.pl\/wp-json\/wp\/v2\/media?parent=8806"}],"wp:term":[{"taxonomy":"kategoria","embeddable":true,"href":"https:\/\/mbp.szczecin.pl\/wp-json\/wp\/v2\/kategoria?post=8806"},{"taxonomy":"nr-filii-001","embeddable":true,"href":"https:\/\/mbp.szczecin.pl\/wp-json\/wp\/v2\/nr-filii-001?post=8806"}],"curies":[{"name":"wp","href":"https:\/\/api.w.org\/{rel}","templated":true}]}}

Świąteczny kiermasz książkowy

<blockquote class="wp-block-quote"><p>Od <strong>5 do 9 grudnia</strong> włącznie w filii nr 8 (ul. M. Konopnickiej 9) zakupić będzie można ciekawe książki w bardzo niskich cenach.</p></blockquote>



<p>Podczas świątecznego kiermaszu taniej książki może uda się znaleźć jakiś tytuł na prezent dla bliskiej osoby lub siebie samego. Średnie ceny książek wyniosą od 1 do 4 zł.</p>



<p>Kiermasz czynny będzie w ww. dniach między 12:00 a 16:00.</p>

<div class="entry-summary">
Od 5 do 9 grudnia włącznie w filii nr 8 (ul. M. Konopnickiej 9) zakupić będzie można ciekawe książki w bardzo niskich cenach. Podczas świątecznego kiermaszu taniej książki może uda się znaleźć jakiś tytuł na prezent dla bliskiej osoby lub&hellip;
</div>
