{"id":8803,"date":"2022-11-30T07:12:59","date_gmt":"2022-11-30T07:12:59","guid":{"rendered":"https:\/\/mbp.szczecin.pl\/?post_type=wydarzenia_01&#038;p=8803"},"modified":"2022-11-30T07:13:00","modified_gmt":"2022-11-30T07:13:00","slug":"kolejne-efemery-wernisaz-wystawy-filipa-kopieckiego","status":"publish","type":"wydarzenia_01","link":"https:\/\/mbp.szczecin.pl\/wydarzenia_01\/kolejne-efemery-wernisaz-wystawy-filipa-kopieckiego\/","title":{"rendered":"Kolejne efemery. Wernisa\u017c wystawy Filipa Kopieckiego"},"content":{"rendered":"\n<blockquote class=\"wp-block-quote\"><p><strong>16 grudnia (pi\u0105tek)<\/strong> o godz. 18:00 w ProMediach (al. Wojska Polskiego 2) podczas wernisa\u017cu zaprezentowane zostan\u0105 prace Filipa Kopieckiego z Pa\u0144stwowego Liceum Sztuk Plastycznych im. Constantina Brancusi w Szczecinie.<\/p><\/blockquote>\n\n\n\n<p>Wst\u0119p na wydarzenie jest bezp\u0142atny.<\/p>\n\n\n\n<p><strong>Filip Kopiecki<\/strong><br>17-letni ucze\u0144 Liceum Plastycznego obecnie na 4 roku, na profilu snycerstwo.<br>Temat pejza\u017cy towarzyszy mu od pocz\u0105tku nauki. W obrazach kieruje si\u0119 g\u0142\u00f3wnie my\u015bl\u0105 impresjonist\u00f3w, d\u0105\u017cy do oddania jak najlepiej emocji jakie wywo\u0142uje w nim dany obiekt i uchwyci\u0107 ulotno\u015b\u0107 tego uczucia, chwili.<\/p>\n\n\n\n<p>W niedalekiej przysz\u0142o\u015bci chc\u0119 spe\u0142ni\u0107 jedno ze swoich marze\u0144, by tworzy\u0107 sztuk\u0119 kt\u00f3ra poruszy, zmusi do refleksji i wniesie warto\u015b\u0107 dla spo\u0142ecze\u0144stwa.<\/p>\n","protected":false},"excerpt":{"rendered":"<div class=\"entry-summary\">\n16 grudnia (pi\u0105tek) o godz. 18:00 w ProMediach (al. Wojska Polskiego 2) podczas wernisa\u017cu zaprezentowane zostan\u0105 prace Filipa Kopieckiego z Pa\u0144stwowego Liceum Sztuk Plastycznych im. Constantina Brancusi w Szczecinie. Wst\u0119p na wydarzenie jest bezp\u0142atny. Filip Kopiecki17-letni ucze\u0144 Liceum Plastycznego obecnie&hellip;\n<\/div>\n","protected":false},"featured_media":8804,"template":"","kategoria":[],"nr-filii-001":[178],"_links":{"self":[{"href":"https:\/\/mbp.szczecin.pl\/wp-json\/wp\/v2\/wydarzenia_01\/8803"}],"collection":[{"href":"https:\/\/mbp.szczecin.pl\/wp-json\/wp\/v2\/wydarzenia_01"}],"about":[{"href":"https:\/\/mbp.szczecin.pl\/wp-json\/wp\/v2\/types\/wydarzenia_01"}],"version-history":[{"count":1,"href":"https:\/\/mbp.szczecin.pl\/wp-json\/wp\/v2\/wydarzenia_01\/8803\/revisions"}],"predecessor-version":[{"id":8805,"href":"https:\/\/mbp.szczecin.pl\/wp-json\/wp\/v2\/wydarzenia_01\/8803\/revisions\/8805"}],"wp:featuredmedia":[{"embeddable":true,"href":"https:\/\/mbp.szczecin.pl\/wp-json\/wp\/v2\/media\/8804"}],"wp:attachment":[{"href":"https:\/\/mbp.szczecin.pl\/wp-json\/wp\/v2\/media?parent=8803"}],"wp:term":[{"taxonomy":"kategoria","embeddable":true,"href":"https:\/\/mbp.szczecin.pl\/wp-json\/wp\/v2\/kategoria?post=8803"},{"taxonomy":"nr-filii-001","embeddable":true,"href":"https:\/\/mbp.szczecin.pl\/wp-json\/wp\/v2\/nr-filii-001?post=8803"}],"curies":[{"name":"wp","href":"https:\/\/api.w.org\/{rel}","templated":true}]}}

Kolejne efemery. Wernisaż wystawy Filipa Kopieckiego

<blockquote class="wp-block-quote"><p><strong>16 grudnia (piątek)</strong> o godz. 18:00 w ProMediach (al. Wojska Polskiego 2) podczas wernisażu zaprezentowane zostaną prace Filipa Kopieckiego z Państwowego Liceum Sztuk Plastycznych im. Constantina Brancusi w Szczecinie.</p></blockquote>



<p>Wstęp na wydarzenie jest bezpłatny.</p>



<p><strong>Filip Kopiecki</strong><br>17-letni uczeń Liceum Plastycznego obecnie na 4 roku, na profilu snycerstwo.<br>Temat pejzaży towarzyszy mu od początku nauki. W obrazach kieruje się głównie myślą impresjonistów, dąży do oddania jak najlepiej emocji jakie wywołuje w nim dany obiekt i uchwycić ulotność tego uczucia, chwili.</p>



<p>W niedalekiej przyszłości chcę spełnić jedno ze swoich marzeń, by tworzyć sztukę która poruszy, zmusi do refleksji i wniesie wartość dla społeczeństwa.</p>

<div class="entry-summary">
16 grudnia (piątek) o godz. 18:00 w ProMediach (al. Wojska Polskiego 2) podczas wernisażu zaprezentowane zostaną prace Filipa Kopieckiego z Państwowego Liceum Sztuk Plastycznych im. Constantina Brancusi w Szczecinie. Wstęp na wydarzenie jest bezpłatny. Filip Kopiecki17-letni uczeń Liceum Plastycznego obecnie&hellip;
</div>
