{"id":8788,"date":"2022-11-29T12:50:59","date_gmt":"2022-11-29T12:50:59","guid":{"rendered":"https:\/\/mbp.szczecin.pl\/?post_type=wydarzenia_01&#038;p=8788"},"modified":"2022-11-29T12:51:00","modified_gmt":"2022-11-29T12:51:00","slug":"mikolajkowe-warsztaty-senioriada","status":"publish","type":"wydarzenia_01","link":"https:\/\/mbp.szczecin.pl\/wydarzenia_01\/mikolajkowe-warsztaty-senioriada\/","title":{"rendered":"Miko\u0142ajkowe warsztaty [Senioriada]"},"content":{"rendered":"\n<blockquote class=\"wp-block-quote\"><p><strong>8 grudnia (czwartek)<\/strong>\u00a0o godz. 13:00 Magda i Kinga z filii nr 7 (pl. Matki Teresy z Kalkuty 8) zapraszaj\u0105 na warsztaty tworzenia kreatywnych kartek \u015bwi\u0105tecznych w ramach cyklu [Senioriada].\u00a0<\/p><\/blockquote>\n\n\n\n<p>Obowi\u0105zuj\u0105 zapisy pod numerem tel. <strong>91 506 50 58<\/strong> lub osobi\u015bcie w filii.<\/p>\n\n\n\n<p>Podczas warsztat\u00f3w uczestnicy naucz\u0105 si\u0119 stosowania r\u00f3\u017cnych technik plastycznych, aby w przyjemnej przed\u015bwi\u0105tecznej atmosferze wykona\u0107 kolorowe kartki i ozdoby na Bo\u017ce Narodzenie.<\/p>\n\n\n\n<p>Zapraszamy!<\/p>\n","protected":false},"excerpt":{"rendered":"<div class=\"entry-summary\">\n8 grudnia (czwartek)\u00a0o godz. 13:00 Magda i Kinga z filii nr 7 (pl. Matki Teresy z Kalkuty 8) zapraszaj\u0105 na warsztaty tworzenia kreatywnych kartek \u015bwi\u0105tecznych w ramach cyklu .\u00a0 Obowi\u0105zuj\u0105 zapisy pod numerem tel. 91 506 50 58 lub osobi\u015bcie&hellip;\n<\/div>\n","protected":false},"featured_media":8789,"template":"","kategoria":[],"nr-filii-001":[176],"_links":{"self":[{"href":"https:\/\/mbp.szczecin.pl\/wp-json\/wp\/v2\/wydarzenia_01\/8788"}],"collection":[{"href":"https:\/\/mbp.szczecin.pl\/wp-json\/wp\/v2\/wydarzenia_01"}],"about":[{"href":"https:\/\/mbp.szczecin.pl\/wp-json\/wp\/v2\/types\/wydarzenia_01"}],"version-history":[{"count":1,"href":"https:\/\/mbp.szczecin.pl\/wp-json\/wp\/v2\/wydarzenia_01\/8788\/revisions"}],"predecessor-version":[{"id":8790,"href":"https:\/\/mbp.szczecin.pl\/wp-json\/wp\/v2\/wydarzenia_01\/8788\/revisions\/8790"}],"wp:featuredmedia":[{"embeddable":true,"href":"https:\/\/mbp.szczecin.pl\/wp-json\/wp\/v2\/media\/8789"}],"wp:attachment":[{"href":"https:\/\/mbp.szczecin.pl\/wp-json\/wp\/v2\/media?parent=8788"}],"wp:term":[{"taxonomy":"kategoria","embeddable":true,"href":"https:\/\/mbp.szczecin.pl\/wp-json\/wp\/v2\/kategoria?post=8788"},{"taxonomy":"nr-filii-001","embeddable":true,"href":"https:\/\/mbp.szczecin.pl\/wp-json\/wp\/v2\/nr-filii-001?post=8788"}],"curies":[{"name":"wp","href":"https:\/\/api.w.org\/{rel}","templated":true}]}}

Mikołajkowe warsztaty [Senioriada]

<blockquote class="wp-block-quote"><p><strong>8 grudnia (czwartek)</strong> o godz. 13:00 Magda i Kinga z filii nr 7 (pl. Matki Teresy z Kalkuty 8) zapraszają na warsztaty tworzenia kreatywnych kartek świątecznych w ramach cyklu [Senioriada]. </p></blockquote>



<p>Obowiązują zapisy pod numerem tel. <strong>91 506 50 58</strong> lub osobiście w filii.</p>



<p>Podczas warsztatów uczestnicy nauczą się stosowania różnych technik plastycznych, aby w przyjemnej przedświątecznej atmosferze wykonać kolorowe kartki i ozdoby na Boże Narodzenie.</p>



<p>Zapraszamy!</p>

<div class="entry-summary">
8 grudnia (czwartek) o godz. 13:00 Magda i Kinga z filii nr 7 (pl. Matki Teresy z Kalkuty 8) zapraszają na warsztaty tworzenia kreatywnych kartek świątecznych w ramach cyklu .  Obowiązują zapisy pod numerem tel. 91 506 50 58 lub osobiście&hellip;
</div>
