{"id":5290,"date":"2021-12-06T07:54:42","date_gmt":"2021-12-06T07:54:42","guid":{"rendered":"https:\/\/mbp.szczecin.pl\/?page_id=5290"},"modified":"2023-05-05T13:51:51","modified_gmt":"2023-05-05T13:51:51","slug":"empik-go","status":"publish","type":"page","link":"https:\/\/mbp.szczecin.pl\/empik-go\/","title":{"rendered":"Empik Go"},"content":{"rendered":"\t\t<div data-elementor-type=\"wp-page\" data-elementor-id=\"5290\" class=\"elementor elementor-5290\" data-elementor-settings=\"[]\">\n\t\t\t<div class=\"elementor-inner\">\n\t\t\t\t<div class=\"elementor-section-wrap\">\n\t\t\t\t\t\t\t<section class=\"elementor-element elementor-element-2486264c elementor-section-boxed elementor-section-height-default elementor-section-height-default elementor-section elementor-top-section\" data-id=\"2486264c\" data-element_type=\"section\">\n\t\t\t\t\t\t<div class=\"elementor-container elementor-column-gap-default\">\n\t\t\t\t<div class=\"elementor-row\">\n\t\t\t\t<div class=\"elementor-element elementor-element-4ad2b916 elementor-column elementor-col-100 elementor-top-column\" data-id=\"4ad2b916\" data-element_type=\"column\">\n\t\t\t<div class=\"elementor-column-wrap  elementor-element-populated\">\n\t\t\t\t\t<div class=\"elementor-widget-wrap\">\n\t\t\t\t<div class=\"elementor-element elementor-element-41e9102 elementor-widget elementor-widget-text-editor\" data-id=\"41e9102\" data-element_type=\"widget\" data-widget_type=\"text-editor.default\">\n\t\t\t\t<div class=\"elementor-widget-container\">\n\t\t\t\t\t<div class=\"elementor-text-editor elementor-clearfix\"><p><!-- wp:paragraph --><\/p>\n<p>Miejska Biblioteka Publiczna w Szczecinie umo\u017cliwia dost\u0119p do aplikacji Empik Go, dzi\u0119ki kt\u00f3rej Czytelnicy mog\u0105 uzyska\u0107 bezp\u0142atne kody do ponad 100 000 ebook\u00f3w, audiobook\u00f3w i podcast\u00f3w, w tym do unikalnych produkcji w\u0142asnych Empik Go.<\/p>\n<p><!-- \/wp:paragraph --><\/p>\n<p><!-- wp:paragraph --><\/p>\n<p>Empik Go dost\u0119pny jest na: smartfonach, tabletach i czytnikach, r\u00f3wnie\u017c KINDLE, zar\u00f3wno w trybie online, jak i offline.<\/p>\n<p><!-- \/wp:paragraph --><\/p>\n<p><!-- wp:paragraph --><\/p>\n<p>Je\u015bli nie jeste\u015b jeszcze Czytelnikiem MBP, a chcesz korzysta\u0107 z bezp\u0142atnego dost\u0119pu do ebook\u00f3w, audiobook\u00f3w i podcast\u00f3w Empik Go, zapisz si\u0119 do jednej z naszych filii.<\/p>\n<p><strong>Zasady udost\u0119pniania kod\u00f3w Empik Go:<\/strong><\/p>\n<ol>\n<li>Kody do aplikacji Empik Go wydawane s\u0105 w filiach Czytelnikom, kt\u00f3rzy osobi\u015bcie zg\u0142osz\u0105 si\u0119 w wyznaczonym dniu w otwartych plac\u00f3wkach bibliotecznych (aktualne informacje o terminie wydawania kod\u00f3w i godzinach otwarcia filii na stronie na stronie: <a href=\"https:\/\/mbp.szczecin.pl\/nasze-filie\/\">https:\/\/mbp.szczecin.pl\/nasze-filie\/<\/a>)\u00a0<\/li>\n<li>Mo\u017cna wys\u0142a\u0107 r\u00f3wnie\u017c e-mail na adres: kody@mbp.szczecin.pl (aktualne informacje o terminie wysy\u0142ania kod\u00f3w na stronie <a href=\"https:\/\/mbp.szczecin.pl\/\">https:\/\/mbp.szczecin.pl\/<\/a>). W tre\u015bci maila nale\u017cy poda\u0107 nazw\u0119 kodu, imi\u0119 i nazwisko oraz numer karty bibliotecznej. E-maile wys\u0142ane przed wyznaczonym terminem nie b\u0119d\u0105 brane pod uwag\u0119!<\/li>\n<li>Kody b\u0119d\u0105 wydawane Czytelnikom, kt\u00f3rzy nie posiadaj\u0105 zad\u0142u\u017ce\u0144 na koncie bibliotecznym.<\/li>\n<li>Czytelnikowi przys\u0142uguje tylko jeden kod miesi\u0119cznie, Legimi albo Empik Go.<\/li>\n<li>Liczba kod\u00f3w jest ograniczona. Kody b\u0119d\u0105 wydawane do wyczerpania limitu przypadaj\u0105cego na dany miesi\u0105c.<\/li>\n<li>Brak aktywacji mo\u017ce spowodowa\u0107 odmow\u0119 wydania kodu w nast\u0119pnym okresie.<\/li>\n<\/ol>\n<p><strong style=\"background-color: var(--color_content_background); color: var(--color_content_text); font-family: var(--typography_fonts_text);\">Smartfony, tablety i czytniki<\/strong><\/p>\n<p><!-- \/wp:paragraph --><\/p>\n<p><!-- wp:paragraph --><\/p>\n<p>Aby uzyska\u0107 bezp\u0142atny dost\u0119p do Empik Go, wystarczy:<\/p>\n<p><!-- \/wp:paragraph --><\/p>\n<p><!-- wp:list {\"ordered\":true,\"type\":\"1\"} --><\/p>\n<ol type=\"1\">\n<li>Odebra\u0107 w dowolnej filii bibliotecznej kod dost\u0119pu. Pobrany przez Czytelnika kod musi by\u0107 aktywowany w miesi\u0105cu, na kt\u00f3ry zosta\u0142 wydany.<\/li>\n<li>Wej\u015b\u0107 na stron\u0119 <a href=\"https:\/\/www.empik.com\/go\/biblioteki\/kod\"><strong>https:\/\/www.empik.com\/go\/biblioteki\/kod<\/strong><\/a> i wpisa\u0107 kod.<\/li>\n<li>Zalogowa\u0107 si\u0119 lub za\u0142o\u017cy\u0107 bezp\u0142atne konto na stronie <a href=\"https:\/\/www.empik.com\/\"><strong>https:\/\/www.empik.com\/<\/strong>.<\/a><\/li>\n<li>Pobra\u0107 aplikacj\u0119 Empik Go (ze sklepu Google Play, App Store lub App Gallery).<\/li>\n<li>Zalogowa\u0107 si\u0119 do aplikacji i korzysta\u0107 z oferty Empik Go.<\/li>\n<li>Kod jest aktywny na dw\u00f3ch urz\u0105dzeniach przez miesi\u0105c, licz\u0105c od daty zalogowania. Potem nale\u017cy pobra\u0107 w filii bibliotecznej kod dost\u0119pu na kolejny miesi\u0105c i ponownie aktywowa\u0107.<\/li>\n<\/ol>\n<p><!-- \/wp:list --><\/p>\n<p><!-- wp:paragraph --><\/p>\n<p><strong>Czytniki Kindle<\/strong><\/p>\n<p><!-- \/wp:paragraph --><\/p>\n<p><!-- wp:paragraph --><\/p>\n<p>Empik Go dost\u0119pny jest r\u00f3wnie\u017c na czytnikach Kindle. W takim przypadku u\u017cytkownik korzysta z Empik Go na dw\u00f3ch dowolnych urz\u0105dzeniach i czytniku Kindle. Aby uzyska\u0107 bezp\u0142atny dost\u0119p do Empik Go, wystarczy:<\/p>\n<p><!-- \/wp:paragraph --><\/p>\n<p><!-- wp:list {\"ordered\":true,\"type\":\"1\"} --><\/p>\n<ol type=\"1\">\n<li>Odebra\u0107 w dowolnej filii bibliotecznej kod dost\u0119pu. Pobrany przez Czytelnika kod musi by\u0107 aktywowany w miesi\u0105cu, w kt\u00f3rym zosta\u0142 pobrany.<\/li>\n<li>Wej\u015b\u0107 na stron\u0119 <a href=\"https:\/\/www.empik.com\/go\/biblioteki\/kod\"><strong>https:\/\/www.empik.com\/go\/biblioteki\/kod<\/strong><\/a> i wpisa\u0107 unikatowy kod.<\/li>\n<li>Pobra\u0107 aplikacj\u0119 Empik Go dla Kindle <a href=\"https:\/\/www.empik.com\/go\/kindle\"><strong>https:\/\/www.empik.com\/go\/kindle<\/strong><\/a> na komputer.<\/li>\n<li>Wysy\u0142a\u0107 wybrane ebooki ze swojej biblioteki Empik Go na czytnik Kindle. W ka\u017cdym momencie mo\u017cna doda\u0107 nowe tytu\u0142y do biblioteki w aplikacji mobilnej, a nast\u0119pnie od\u015bwie\u017cy\u0107 list\u0119 ksi\u0105\u017cek w aplikacji Empik Go dla Kindle. Ebooki nale\u017cy wys\u0142a\u0107 ze swojej biblioteki na czytnik \u2013 do dziesi\u0119ciu ebook\u00f3w w miesi\u0105cu.<\/li>\n<\/ol>\n<p><!-- \/wp:list --><\/p>\n<p><!-- wp:paragraph --><\/p>\n<p>Uwaga! Liczba kod\u00f3w jest ograniczona.<\/p>\n<p><!-- \/wp:paragraph --><\/p><\/div>\n\t\t\t\t<\/div>\n\t\t\t\t<\/div>\n\t\t\t\t\t\t<\/div>\n\t\t\t<\/div>\n\t\t<\/div>\n\t\t\t\t\t\t<\/div>\n\t\t\t<\/div>\n\t\t<\/section>\n\t\t\t\t\t\t<\/div>\n\t\t\t<\/div>\n\t\t<\/div>\n\t\t","protected":false},"excerpt":{"rendered":"<div class=\"entry-summary\">\nMiejska Biblioteka Publiczna w Szczecinie umo\u017cliwia dost\u0119p do aplikacji Empik Go, dzi\u0119ki kt\u00f3rej Czytelnicy mog\u0105 uzyska\u0107 bezp\u0142atne kody do ponad 100 000 ebook\u00f3w, audiobook\u00f3w i podcast\u00f3w, w tym do unikalnych produkcji w\u0142asnych Empik Go. Empik Go dost\u0119pny jest na: smartfonach,&hellip;\n<\/div>\n<div class=\"link-more\"><a href=\"https:\/\/mbp.szczecin.pl\/empik-go\/\" class=\"more-link\">Czytaj wi\u0119cej<\/a><\/div>\n","protected":false},"author":15,"featured_media":0,"parent":0,"menu_order":0,"comment_status":"closed","ping_status":"closed","template":"","meta":{"spay_email":""},"_links":{"self":[{"href":"https:\/\/mbp.szczecin.pl\/wp-json\/wp\/v2\/pages\/5290"}],"collection":[{"href":"https:\/\/mbp.szczecin.pl\/wp-json\/wp\/v2\/pages"}],"about":[{"href":"https:\/\/mbp.szczecin.pl\/wp-json\/wp\/v2\/types\/page"}],"author":[{"embeddable":true,"href":"https:\/\/mbp.szczecin.pl\/wp-json\/wp\/v2\/users\/15"}],"replies":[{"embeddable":true,"href":"https:\/\/mbp.szczecin.pl\/wp-json\/wp\/v2\/comments?post=5290"}],"version-history":[{"count":10,"href":"https:\/\/mbp.szczecin.pl\/wp-json\/wp\/v2\/pages\/5290\/revisions"}],"predecessor-version":[{"id":10290,"href":"https:\/\/mbp.szczecin.pl\/wp-json\/wp\/v2\/pages\/5290\/revisions\/10290"}],"wp:attachment":[{"href":"https:\/\/mbp.szczecin.pl\/wp-json\/wp\/v2\/media?parent=5290"}],"curies":[{"name":"wp","href":"https:\/\/api.w.org\/{rel}","templated":true}]}}